{"id":69915,"date":"2025-11-25T17:27:09","date_gmt":"2025-11-25T22:27:09","guid":{"rendered":"https:\/\/nouveau.maisonmallet.com\/?post_type=event&#038;p=69915"},"modified":"2026-01-31T15:59:31","modified_gmt":"2026-01-31T20:59:31","slug":"ambroise-marceline","status":"publish","type":"event","link":"https:\/\/nouveau.maisonmallet.com\/back05_01\/?event=ambroise-marceline","title":{"rendered":"AMBROISE, Marceline"},"content":{"rendered":"<p>Le Complexe Thanatologique Mallet &#038; fils a le regret de vous annoncer le d\u00e9c\u00e8s de<\/p>\n<p>Marceline Ambroise<br \/>\n1956 \u2013 2025<\/p>\n<p>\u00c0 Sept-\u00celes, le 25 novembre 2025, est d\u00e9c\u00e9d\u00e9e \u00e0 l\u2019\u00e2ge de 69 ans, madame Marceline Ambroise fille de monsieur Jean-Louis Ambroise et de feu Yolande St-Onge domicili\u00e9e \u00e0 Mani-utenam.<\/p>\n<p>Les fun\u00e9railles de madame Marceline Ambroise auront lieu le mardi 2 d\u00e9cembre 2025 \u00e0 14 h en l\u2019\u00e9glise Notre-Dame du Cap situ\u00e9e au 139, rue de l\u2019\u00c9glise \u00e0 Mani-utenam. <\/p>\n<p>Selon ses volont\u00e9s, elle a \u00e9t\u00e9 confi\u00e9e au cr\u00e9matorium de la Maison Mallet &#038; fils pour cr\u00e9mation.<\/p>\n<p>La famille re\u00e7oit parents et amis le dimanche 30 novembre 2025 de 19 h \u00e0 22. Le lundi 1er d\u00e9cembre 2025 de 13 h \u00e0 16 h et de 19 h \u00e0 22 h. Le mardi 2 d\u00e9cembre 2025 jour des fun\u00e9railles \u00e0 compter de 12 h 30 \u00e0 l\u2019\u00e9glise Notre-Dame du Cap situ\u00e9e au 139, rue de L\u2019\u00c9glise \u00e0 Mani-utenam.<\/p>\n<p>Elle laisse dans le deuil sa fille Aniesh, son fils Thomas-Louis, ses petites-filles : Julia et Mikuen, ses petits-fils : Pishimuss et Nutin, son p\u00e8re monsieur Jean-Louis Ambroise ainsi que ses fr\u00e8res, ses s\u0153urs, ses beaux-fr\u00e8res, ses belles-s\u0153urs, ses neveux, ses ni\u00e8ces, ses oncles, ses tantes, ses cousins, ses cousines et de nombreux ami(e)s.<\/p>\n<p>La famille a confi\u00e9 la direction des fun\u00e9railles aux services professionnels de la Maison Mallet &#038; fils du 585, Boul. Laure \u00e0 Sept-\u00celes, maintenant reconnue Distinction et membre de la Corporation des Thanatologues du Qu\u00e9bec.<\/p>\n<p>Vous pouvez consulter cet avis de d\u00e9c\u00e8s sur le www.maisonmallet.com<\/p>\n<p>Ceux et celles qui le d\u00e9sirent, peuvent y envoyer des messages de condol\u00e9ance<\/p>\n<p>[contact-form to=\u00a0\u00bbtoimoilui.23@outlook.com\u00a0\u00bb subject=\u00a0\u00bbCondol\u00e9ances Marceline Ambroise\u00a0\u00bb][contact-field label=\u00a0\u00bbVotre nom\u00a0\u00bb type=\u00a0\u00bbname\u00a0\u00bb required=\u00a0\u00bb1&Prime;][contact-field label=\u00a0\u00bbVotre courriel\u00a0\u00bb type=\u00a0\u00bbemail\u00a0\u00bb required=\u00a0\u00bb1&Prime;][contact-field label=\u00a0\u00bbCondol\u00e9ances\u00a0\u00bb type=\u00a0\u00bbtextarea\u00a0\u00bb][\/contact-form]<\/p>\n","protected":false},"featured_media":69997,"template":"","event_cat":[6],"class_list":["post-69915","event","type-event","status-publish","has-post-thumbnail","hentry","event_cat-maison-mallet-et-fils-inc"],"_links":{"self":[{"href":"https:\/\/nouveau.maisonmallet.com\/back05_01\/index.php?rest_route=\/wp\/v2\/event\/69915","targetHints":{"allow":["GET"]}}],"collection":[{"href":"https:\/\/nouveau.maisonmallet.com\/back05_01\/index.php?rest_route=\/wp\/v2\/event"}],"about":[{"href":"https:\/\/nouveau.maisonmallet.com\/back05_01\/index.php?rest_route=\/wp\/v2\/types\/event"}],"wp:featuredmedia":[{"embeddable":true,"href":"https:\/\/nouveau.maisonmallet.com\/back05_01\/index.php?rest_route=\/wp\/v2\/media\/69997"}],"wp:attachment":[{"href":"https:\/\/nouveau.maisonmallet.com\/back05_01\/index.php?rest_route=%2Fwp%2Fv2%2Fmedia&parent=69915"}],"wp:term":[{"taxonomy":"event_cat","embeddable":true,"href":"https:\/\/nouveau.maisonmallet.com\/back05_01\/index.php?rest_route=%2Fwp%2Fv2%2Fevent_cat&post=69915"}],"curies":[{"name":"wp","href":"https:\/\/api.w.org\/{rel}","templated":true}]}}

<p>Le Complexe Thanatologique Mallet &#038; fils a le regret de vous annoncer le décès de</p>
<p>Marceline Ambroise<br />
1956 – 2025</p>
<p>À Sept-Îles, le 25 novembre 2025, est décédée à l’âge de 69 ans, madame Marceline Ambroise fille de monsieur Jean-Louis Ambroise et de feu Yolande St-Onge domiciliée à Mani-utenam.</p>
<p>Les funérailles de madame Marceline Ambroise auront lieu le mardi 2 décembre 2025 à 14 h en l’église Notre-Dame du Cap située au 139, rue de l’Église à Mani-utenam. </p>
<p>Selon ses volontés, elle a été confiée au crématorium de la Maison Mallet &#038; fils pour crémation.</p>
<p>La famille reçoit parents et amis le dimanche 30 novembre 2025 de 19 h à 22. Le lundi 1er décembre 2025 de 13 h à 16 h et de 19 h à 22 h. Le mardi 2 décembre 2025 jour des funérailles à compter de 12 h 30 à l’église Notre-Dame du Cap située au 139, rue de L’Église à Mani-utenam.</p>
<p>Elle laisse dans le deuil sa fille Aniesh, son fils Thomas-Louis, ses petites-filles : Julia et Mikuen, ses petits-fils : Pishimuss et Nutin, son père monsieur Jean-Louis Ambroise ainsi que ses frères, ses sœurs, ses beaux-frères, ses belles-sœurs, ses neveux, ses nièces, ses oncles, ses tantes, ses cousins, ses cousines et de nombreux ami(e)s.</p>
<p>La famille a confié la direction des funérailles aux services professionnels de la Maison Mallet &#038; fils du 585, Boul. Laure à Sept-Îles, maintenant reconnue Distinction et membre de la Corporation des Thanatologues du Québec.</p>
<p>Vous pouvez consulter cet avis de décès sur le www.maisonmallet.com</p>
<p>Ceux et celles qui le désirent, peuvent y envoyer des messages de condoléance</p>
<p>[contact-form to= »toimoilui.23@outlook.com » subject= »Condoléances Marceline Ambroise »][contact-field label= »Votre nom » type= »name » required= »1&Prime;][contact-field label= »Votre courriel » type= »email » required= »1&Prime;][contact-field label= »Condoléances » type= »textarea »][/contact-form]</p>
