{"id":70080,"date":"2025-06-12T22:30:28","date_gmt":"2025-06-13T02:30:28","guid":{"rendered":"https:\/\/nouveau.maisonmallet.com\/?post_type=event&#038;p=70080"},"modified":"2026-01-31T15:57:40","modified_gmt":"2026-01-31T20:57:40","slug":"lessard-lynn-sharlene","status":"publish","type":"event","link":"https:\/\/nouveau.maisonmallet.com\/back05_01\/?event=lessard-lynn-sharlene","title":{"rendered":"LESSARD, Lynn Sharlene"},"content":{"rendered":"<p>Le Complexe Thanatologique Mallet &#038; fils a le regret de vous annoncer le d\u00e9c\u00e8s de<\/p>\n<p>Lynn Sharlene Lessard<br \/>\n1965 \u2013 2025<\/p>\n<p>\u00c0 Sept-\u00celes, le 12 juin 2025, est d\u00e9c\u00e9d\u00e9e \u00e0 l&rsquo;\u00e2ge de 59 ans, madame Lynn Sharlene Lessard fille de feu Veneda Irene Rockwell et domicili\u00e9e \u00e0 Sept-\u00celes.<\/p>\n<p>Selon ses volont\u00e9s, elle a \u00e9t\u00e9 confi\u00e9e au cr\u00e9matorium de la Maison Mallet &#038; fils pour cr\u00e9mation.<\/p>\n<p>Les rituelles fun\u00e9raire de madame Lynn Sharlene Lessard seront c\u00e9l\u00e9br\u00e9 \u00e0 une date ult\u00e9rieure. <\/p>\n<p>Elle laisse dans le deuil ses fils : Jonathan (Pascale Hamilton) et Jamie-Alain, ses petits-enfants : Bastien, Damien, Opheylia, No\u00eblle, Evans, Anabel et Am\u00e9lie ainsi que son fr\u00e8re Tommy, son neveu Kyle-Ryan, sa ni\u00e8ce Makayla et de nombreux amis.<\/p>\n<p>Elle \u00e9tait la s\u0153ur de feu Gis\u00e8le-Joy Lessard.<\/p>\n<p>La famille a confi\u00e9 les arrangements aux services professionnels de la Maison Mallet &#038; fils du 585 boul. Laure \u00e0 Sept-\u00celes, maintenant reconnue Distinction et membre de la Corporation des Thanatologues du Qu\u00e9bec.<\/p>\n<p>Vous pouvez consulter cet avis de d\u00e9c\u00e8s sur le : www.maisonmallet.com<\/p>\n<p>Ceux et celles qui le d\u00e9sirent, peuvent y envoyer des messages de sympathie.<\/p>\n<p>[contact-form to=\u00a0\u00bbpicardjonathan69@gmail.com\u00a0\u00bb subject=\u00a0\u00bbCondol\u00e9ances Lynn Sharlene Lessard\u00a0\u00bb][contact-field label=\u00a0\u00bbVotre nom\u00a0\u00bb type=\u00a0\u00bbname\u00a0\u00bb required=\u00a0\u00bb1&Prime;][contact-field label=\u00a0\u00bbVotre courriel\u00a0\u00bb type=\u00a0\u00bbemail\u00a0\u00bb required=\u00a0\u00bb1&Prime;][contact-field label=\u00a0\u00bbCondol\u00e9ances\u00a0\u00bb type=\u00a0\u00bbtextarea\u00a0\u00bb][\/contact-form]<\/p>\n","protected":false},"featured_media":70082,"template":"","event_cat":[6],"class_list":["post-70080","event","type-event","status-publish","has-post-thumbnail","hentry","event_cat-maison-mallet-et-fils-inc"],"_links":{"self":[{"href":"https:\/\/nouveau.maisonmallet.com\/back05_01\/index.php?rest_route=\/wp\/v2\/event\/70080","targetHints":{"allow":["GET"]}}],"collection":[{"href":"https:\/\/nouveau.maisonmallet.com\/back05_01\/index.php?rest_route=\/wp\/v2\/event"}],"about":[{"href":"https:\/\/nouveau.maisonmallet.com\/back05_01\/index.php?rest_route=\/wp\/v2\/types\/event"}],"wp:featuredmedia":[{"embeddable":true,"href":"https:\/\/nouveau.maisonmallet.com\/back05_01\/index.php?rest_route=\/wp\/v2\/media\/70082"}],"wp:attachment":[{"href":"https:\/\/nouveau.maisonmallet.com\/back05_01\/index.php?rest_route=%2Fwp%2Fv2%2Fmedia&parent=70080"}],"wp:term":[{"taxonomy":"event_cat","embeddable":true,"href":"https:\/\/nouveau.maisonmallet.com\/back05_01\/index.php?rest_route=%2Fwp%2Fv2%2Fevent_cat&post=70080"}],"curies":[{"name":"wp","href":"https:\/\/api.w.org\/{rel}","templated":true}]}}

<p>Le Complexe Thanatologique Mallet &#038; fils a le regret de vous annoncer le décès de</p>
<p>Lynn Sharlene Lessard<br />
1965 – 2025</p>
<p>À Sept-Îles, le 12 juin 2025, est décédée à l&rsquo;âge de 59 ans, madame Lynn Sharlene Lessard fille de feu Veneda Irene Rockwell et domiciliée à Sept-Îles.</p>
<p>Selon ses volontés, elle a été confiée au crématorium de la Maison Mallet &#038; fils pour crémation.</p>
<p>Les rituelles funéraire de madame Lynn Sharlene Lessard seront célébré à une date ultérieure. </p>
<p>Elle laisse dans le deuil ses fils : Jonathan (Pascale Hamilton) et Jamie-Alain, ses petits-enfants : Bastien, Damien, Opheylia, Noëlle, Evans, Anabel et Amélie ainsi que son frère Tommy, son neveu Kyle-Ryan, sa nièce Makayla et de nombreux amis.</p>
<p>Elle était la sœur de feu Gisèle-Joy Lessard.</p>
<p>La famille a confié les arrangements aux services professionnels de la Maison Mallet &#038; fils du 585 boul. Laure à Sept-Îles, maintenant reconnue Distinction et membre de la Corporation des Thanatologues du Québec.</p>
<p>Vous pouvez consulter cet avis de décès sur le : www.maisonmallet.com</p>
<p>Ceux et celles qui le désirent, peuvent y envoyer des messages de sympathie.</p>
<p>[contact-form to= »picardjonathan69@gmail.com » subject= »Condoléances Lynn Sharlene Lessard »][contact-field label= »Votre nom » type= »name » required= »1&Prime;][contact-field label= »Votre courriel » type= »email » required= »1&Prime;][contact-field label= »Condoléances » type= »textarea »][/contact-form]</p>
