{"id":70081,"date":"2025-11-28T16:28:41","date_gmt":"2025-11-28T21:28:41","guid":{"rendered":"https:\/\/nouveau.maisonmallet.com\/?post_type=event&#038;p=70081"},"modified":"2026-01-31T15:55:46","modified_gmt":"2026-01-31T20:55:46","slug":"boudreau-lionel","status":"publish","type":"event","link":"https:\/\/nouveau.maisonmallet.com\/back05_01\/?event=boudreau-lionel","title":{"rendered":"BOUDREAU, Lionel"},"content":{"rendered":"<p>Le Complexe Thanatologique Mallet &#038; fils a le regret de vous annoncer le d\u00e9c\u00e8s de<\/p>\n<p>Lionel Boudreau<br \/>\n1936 \u2013 2025<\/p>\n<p>\u00c0 Sept-\u00celes, le 28 novembre 2025, est d\u00e9c\u00e9d\u00e9 \u00e0 l&rsquo;\u00e2ge de 89 ans, monsieur Lionel Boudreau \u00e9poux de madame Rachel Laflamme et domicili\u00e9 \u00e0 Sept-\u00celes.<\/p>\n<p>Selon ses volont\u00e9s, il a \u00e9t\u00e9 confi\u00e9 au cr\u00e9matorium de la Maison Mallet &#038; fils pour cr\u00e9mation.<\/p>\n<p>Les rituels fun\u00e9raires de monsieur Lionel Boudreau seront c\u00e9l\u00e9br\u00e9s en toute intimit\u00e9.  <\/p>\n<p>Il laisse dans le deuil outre son \u00e9pouse madame Rachel Laflamme, ses enfants : Anne (Michel), Christian, Carl (Christine), Bianca et Caroline (Steve), ses petits-enfants : David, M\u00e9lodie, Renaud, Alex, \u00c9manuel, Lori-Lyne, Mathieu, Christopher, D\u00e9rick, leurs conjointes et conjoints, ses arri\u00e8re-petits-enfants ainsi que sa s\u0153ur Th\u00e9r\u00e8se, sa parent\u00e9 et ses amis.<\/p>\n<p>Remerciement au personnel soignant de l\u2019unit\u00e9 proth\u00e9tique de la R\u00e9sidence Urgel Pelletier pour leur d\u00e9vouement et les soins prodigu\u00e9s. <\/p>\n<p>Vos marques de sympathie peuvent se traduire par un don \u00e0 la soci\u00e9t\u00e9 Alzheimer Cote-Nord www.societealzheimercotenord.com et ou \u00e0 La fondation r\u00e9gionale h\u00f4pital Sept-\u00celes www.fondationsept-iles.qc.ca  et ou <\/p>\n<p>La famille a confi\u00e9 les arrangements aux services professionnels de la Maison Mallet &#038; fils du 585 boul. Laure \u00e0 Sept-\u00celes, maintenant reconnue Distinction et membre de la Corporation des Thanatologues du Qu\u00e9bec.<\/p>\n<p>Vous pouvez consulter cet avis de d\u00e9c\u00e8s sur le : www.maisonmallet.com<\/p>\n<p>Ceux et celles qui le d\u00e9sirent, peuvent y envoyer des messages de sympathie.<br \/>\n[contact-form to=\u00a0\u00bbbiancaboudreau@gmail.com\u00a0\u00bb subject=\u00a0\u00bbCondol\u00e9ances Lionel Boudreau\u00a0\u00bb][contact-field label=\u00a0\u00bbVotre nom\u00a0\u00bb type=\u00a0\u00bbname\u00a0\u00bb required=\u00a0\u00bb1&Prime;][contact-field label=\u00a0\u00bbVotre courriel\u00a0\u00bb type=\u00a0\u00bbemail\u00a0\u00bb required=\u00a0\u00bb1&Prime;][contact-field label=\u00a0\u00bbCondol\u00e9ances\u00a0\u00bb type=\u00a0\u00bbtextarea\u00a0\u00bb][\/contact-form]<\/p>\n","protected":false},"featured_media":70099,"template":"","event_cat":[6],"class_list":["post-70081","event","type-event","status-publish","has-post-thumbnail","hentry","event_cat-maison-mallet-et-fils-inc"],"_links":{"self":[{"href":"https:\/\/nouveau.maisonmallet.com\/back05_01\/index.php?rest_route=\/wp\/v2\/event\/70081","targetHints":{"allow":["GET"]}}],"collection":[{"href":"https:\/\/nouveau.maisonmallet.com\/back05_01\/index.php?rest_route=\/wp\/v2\/event"}],"about":[{"href":"https:\/\/nouveau.maisonmallet.com\/back05_01\/index.php?rest_route=\/wp\/v2\/types\/event"}],"wp:featuredmedia":[{"embeddable":true,"href":"https:\/\/nouveau.maisonmallet.com\/back05_01\/index.php?rest_route=\/wp\/v2\/media\/70099"}],"wp:attachment":[{"href":"https:\/\/nouveau.maisonmallet.com\/back05_01\/index.php?rest_route=%2Fwp%2Fv2%2Fmedia&parent=70081"}],"wp:term":[{"taxonomy":"event_cat","embeddable":true,"href":"https:\/\/nouveau.maisonmallet.com\/back05_01\/index.php?rest_route=%2Fwp%2Fv2%2Fevent_cat&post=70081"}],"curies":[{"name":"wp","href":"https:\/\/api.w.org\/{rel}","templated":true}]}}

<p>Le Complexe Thanatologique Mallet &#038; fils a le regret de vous annoncer le décès de</p>
<p>Lionel Boudreau<br />
1936 – 2025</p>
<p>À Sept-Îles, le 28 novembre 2025, est décédé à l&rsquo;âge de 89 ans, monsieur Lionel Boudreau époux de madame Rachel Laflamme et domicilié à Sept-Îles.</p>
<p>Selon ses volontés, il a été confié au crématorium de la Maison Mallet &#038; fils pour crémation.</p>
<p>Les rituels funéraires de monsieur Lionel Boudreau seront célébrés en toute intimité.  </p>
<p>Il laisse dans le deuil outre son épouse madame Rachel Laflamme, ses enfants : Anne (Michel), Christian, Carl (Christine), Bianca et Caroline (Steve), ses petits-enfants : David, Mélodie, Renaud, Alex, Émanuel, Lori-Lyne, Mathieu, Christopher, Dérick, leurs conjointes et conjoints, ses arrière-petits-enfants ainsi que sa sœur Thérèse, sa parenté et ses amis.</p>
<p>Remerciement au personnel soignant de l’unité prothétique de la Résidence Urgel Pelletier pour leur dévouement et les soins prodigués. </p>
<p>Vos marques de sympathie peuvent se traduire par un don à la société Alzheimer Cote-Nord www.societealzheimercotenord.com et ou à La fondation régionale hôpital Sept-Îles www.fondationsept-iles.qc.ca  et ou </p>
<p>La famille a confié les arrangements aux services professionnels de la Maison Mallet &#038; fils du 585 boul. Laure à Sept-Îles, maintenant reconnue Distinction et membre de la Corporation des Thanatologues du Québec.</p>
<p>Vous pouvez consulter cet avis de décès sur le : www.maisonmallet.com</p>
<p>Ceux et celles qui le désirent, peuvent y envoyer des messages de sympathie.<br />
[contact-form to= »biancaboudreau@gmail.com » subject= »Condoléances Lionel Boudreau »][contact-field label= »Votre nom » type= »name » required= »1&Prime;][contact-field label= »Votre courriel » type= »email » required= »1&Prime;][contact-field label= »Condoléances » type= »textarea »][/contact-form]</p>
