{"id":70097,"date":"2025-11-28T16:54:09","date_gmt":"2025-11-28T21:54:09","guid":{"rendered":"https:\/\/nouveau.maisonmallet.com\/?post_type=event&#038;p=70097"},"modified":"2026-01-31T15:53:48","modified_gmt":"2026-01-31T20:53:48","slug":"boudreau-roland","status":"publish","type":"event","link":"https:\/\/nouveau.maisonmallet.com\/back05_01\/?event=boudreau-roland","title":{"rendered":"BOUDREAU, Roland"},"content":{"rendered":"<p>La Maison L.J.G. Mallet a le regret de vous annoncer le d\u00e9c\u00e8s de<\/p>\n<p>Roland Boudreau<br \/>\n1933 &#8211; 2025<\/p>\n<p>\u00c0 Havre Saint-Pierre, le 28 novembre 2025, est d\u00e9c\u00e9d\u00e9 \u00e0 l\u2019\u00e2ge de 92 ans monsieur Roland Boudreau \u00e9poux de feu G\u00e9raldine Dallaire et domicili\u00e9 \u00e0 Havre Saint-Pierre autre foi de Baie-Trinit\u00e9.<\/p>\n<p>Les fun\u00e9railles de monsieur Roland Boudreau auront lieu \u00e0 une date ult\u00e9rieure \u00e0 la salle multifonctionnelle de Baie-Trinit\u00e9.<\/p>\n<p>Selon ses volont\u00e9s, il a \u00e9t\u00e9 confi\u00e9 au cr\u00e9matorium de la Maison L.J.G. Mallet pour cr\u00e9mation.<\/p>\n<p>Il laisse dans le deuil ses fils : R\u00e9al (Suzanne Gaudreault), Axel (Sylvie Vollant), R\u00e9naldo (Jacinthe Perron) et St\u00e9vens (Ren\u00e9e Poulin), ses petits-enfants, ses arri\u00e8re-petits-enfants ainsi que ses fr\u00e8res, ses s\u0153urs, ses beaux-fr\u00e8res ses belles-s\u0153urs, ses neveux, ses ni\u00e8ces et ses amis.<\/p>\n<p>Il \u00e9tait le p\u00e8re de feu Dany (feu Guylaine Carriers). <\/p>\n<p>La famille a confi\u00e9 la direction des fun\u00e9railles aux services professionnels de la Maison L.J.G. Mallet du 1429, rue du Canot \u00e0 Havre Saint-Pierre, maintenant reconnue Distinction et membre de la Corporation des Thanatologues du Qu\u00e9bec.<\/p>\n<p>Vous pouvez consulter cet avis de d\u00e9c\u00e8s, sur le www.maisonmallet.com<\/p>\n<p>Ceux et celles qui le d\u00e9sirent, peuvent y envoyer des messages de sympathie.<\/p>\n<p>[contact-form to=\u00a0\u00bbrpoul14@gmail.com\u00a0\u00bb subject=\u00a0\u00bbCondol\u00e9ances Roland Boudreau\u00a0\u00bb][contact-field label=\u00a0\u00bbVotre nom\u00a0\u00bb type=\u00a0\u00bbname\u00a0\u00bb required=\u00a0\u00bb1&Prime;][contact-field label=\u00a0\u00bbVotre courriel\u00a0\u00bb type=\u00a0\u00bbemail\u00a0\u00bb required=\u00a0\u00bb1&Prime;][contact-field label=\u00a0\u00bbCondol\u00e9ances\u00a0\u00bb type=\u00a0\u00bbtextarea\u00a0\u00bb][\/contact-form]<\/p>\n","protected":false},"featured_media":70107,"template":"","event_cat":[7],"class_list":["post-70097","event","type-event","status-publish","has-post-thumbnail","hentry","event_cat-maison-l-j-g-mallet-inc"],"_links":{"self":[{"href":"https:\/\/nouveau.maisonmallet.com\/back05_01\/index.php?rest_route=\/wp\/v2\/event\/70097","targetHints":{"allow":["GET"]}}],"collection":[{"href":"https:\/\/nouveau.maisonmallet.com\/back05_01\/index.php?rest_route=\/wp\/v2\/event"}],"about":[{"href":"https:\/\/nouveau.maisonmallet.com\/back05_01\/index.php?rest_route=\/wp\/v2\/types\/event"}],"wp:featuredmedia":[{"embeddable":true,"href":"https:\/\/nouveau.maisonmallet.com\/back05_01\/index.php?rest_route=\/wp\/v2\/media\/70107"}],"wp:attachment":[{"href":"https:\/\/nouveau.maisonmallet.com\/back05_01\/index.php?rest_route=%2Fwp%2Fv2%2Fmedia&parent=70097"}],"wp:term":[{"taxonomy":"event_cat","embeddable":true,"href":"https:\/\/nouveau.maisonmallet.com\/back05_01\/index.php?rest_route=%2Fwp%2Fv2%2Fevent_cat&post=70097"}],"curies":[{"name":"wp","href":"https:\/\/api.w.org\/{rel}","templated":true}]}}

<p>La Maison L.J.G. Mallet a le regret de vous annoncer le décès de</p>
<p>Roland Boudreau<br />
1933 &#8211; 2025</p>
<p>À Havre Saint-Pierre, le 28 novembre 2025, est décédé à l’âge de 92 ans monsieur Roland Boudreau époux de feu Géraldine Dallaire et domicilié à Havre Saint-Pierre autre foi de Baie-Trinité.</p>
<p>Les funérailles de monsieur Roland Boudreau auront lieu à une date ultérieure à la salle multifonctionnelle de Baie-Trinité.</p>
<p>Selon ses volontés, il a été confié au crématorium de la Maison L.J.G. Mallet pour crémation.</p>
<p>Il laisse dans le deuil ses fils : Réal (Suzanne Gaudreault), Axel (Sylvie Vollant), Rénaldo (Jacinthe Perron) et Stévens (Renée Poulin), ses petits-enfants, ses arrière-petits-enfants ainsi que ses frères, ses sœurs, ses beaux-frères ses belles-sœurs, ses neveux, ses nièces et ses amis.</p>
<p>Il était le père de feu Dany (feu Guylaine Carriers). </p>
<p>La famille a confié la direction des funérailles aux services professionnels de la Maison L.J.G. Mallet du 1429, rue du Canot à Havre Saint-Pierre, maintenant reconnue Distinction et membre de la Corporation des Thanatologues du Québec.</p>
<p>Vous pouvez consulter cet avis de décès, sur le www.maisonmallet.com</p>
<p>Ceux et celles qui le désirent, peuvent y envoyer des messages de sympathie.</p>
<p>[contact-form to= »rpoul14@gmail.com » subject= »Condoléances Roland Boudreau »][contact-field label= »Votre nom » type= »name » required= »1&Prime;][contact-field label= »Votre courriel » type= »email » required= »1&Prime;][contact-field label= »Condoléances » type= »textarea »][/contact-form]</p>
