{"id":70179,"date":"2025-10-27T09:39:16","date_gmt":"2025-10-27T13:39:16","guid":{"rendered":"https:\/\/nouveau.maisonmallet.com\/?post_type=event&#038;p=70179"},"modified":"2026-01-31T15:51:49","modified_gmt":"2026-01-31T20:51:49","slug":"gobeil-bernard","status":"publish","type":"event","link":"https:\/\/nouveau.maisonmallet.com\/back05_01\/?event=gobeil-bernard","title":{"rendered":"GOBEIL, Bernard"},"content":{"rendered":"<p>Le Complexe Thanatologique Mallet &#038; fils a le regret de vous annoncer le d\u00e9c\u00e8s de<\/p>\n<p>Bernard Gobeil<br \/>\n1946 &#8211; 2025<\/p>\n<p>\u00c0 Schefferville, le 27 octobre 2025, est d\u00e9c\u00e9d\u00e9 \u00e0 l\u2019\u00e2ge de 78 ans, monsieur Bernard Gobeil fils de feu Lorenzo Gobeil et de feu Juliette Bradette domicili\u00e9 \u00e0 Schefferville.<\/p>\n<p>Les rituels fun\u00e9raires de monsieur Bernard Gobeil auront lieu \u00e0 une date ult\u00e9rieure.    <\/p>\n<p>Selon ses volont\u00e9s, il a \u00e9t\u00e9 confi\u00e9 au cr\u00e9matorium de la Maison Mallet &#038; fils pour cr\u00e9mation.<\/p>\n<p>Il laisse dans le deuil ses fr\u00e8res : Florent (Nella), Pierre-Paul (Clarisse), Lucien et Michel (Nicole), ses s\u0153urs : Odette, Ghislaine, Louise et Solange ainsi que ses neveux, ses ni\u00e8ces, ses cousins, ses cousines, sa famille de Schefferville et de nombreux ami(e)s.  <\/p>\n<p>Il \u00e9tait le fr\u00e8re de feu Pierrette, de feu Jean-Rock et l\u2019ami de c\u0153ur de feu Linda Gabriel. <\/p>\n<p>La famille a confi\u00e9 les arrangements aux services professionnels de la Maison Mallet &#038; fils du 585 Boul. Laure \u00e0 Sept-\u00celes, maintenant reconnue Distinction et membre de la Corporation des Thanatologues du Qu\u00e9bec.<\/p>\n<p>Vous pouvez consulter cet avis de d\u00e9c\u00e8s sur le www.maisonmallet.com<\/p>\n<p>Ceux et celles qui le d\u00e9sirent, peuvent y envoyer des messages de sympathies.<\/p>\n<p>[contact-form to=\u00a0\u00bblynda.plante@lpasf.ca\u00a0\u00bb subject=\u00a0\u00bbCondol\u00e9ances Bernard Gobeil\u00a0\u00bb][contact-field label=\u00a0\u00bbVotre nom\u00a0\u00bb type=\u00a0\u00bbname\u00a0\u00bb required=\u00a0\u00bb1&Prime;][contact-field label=\u00a0\u00bbVotre courriel\u00a0\u00bb type=\u00a0\u00bbemail\u00a0\u00bb required=\u00a0\u00bb1&Prime;][contact-field label=\u00a0\u00bbCondol\u00e9ances\u00a0\u00bb type=\u00a0\u00bbtextarea\u00a0\u00bb][\/contact-form]<\/p>\n","protected":false},"featured_media":70189,"template":"","event_cat":[6],"class_list":["post-70179","event","type-event","status-publish","has-post-thumbnail","hentry","event_cat-maison-mallet-et-fils-inc"],"_links":{"self":[{"href":"https:\/\/nouveau.maisonmallet.com\/back05_01\/index.php?rest_route=\/wp\/v2\/event\/70179","targetHints":{"allow":["GET"]}}],"collection":[{"href":"https:\/\/nouveau.maisonmallet.com\/back05_01\/index.php?rest_route=\/wp\/v2\/event"}],"about":[{"href":"https:\/\/nouveau.maisonmallet.com\/back05_01\/index.php?rest_route=\/wp\/v2\/types\/event"}],"wp:featuredmedia":[{"embeddable":true,"href":"https:\/\/nouveau.maisonmallet.com\/back05_01\/index.php?rest_route=\/wp\/v2\/media\/70189"}],"wp:attachment":[{"href":"https:\/\/nouveau.maisonmallet.com\/back05_01\/index.php?rest_route=%2Fwp%2Fv2%2Fmedia&parent=70179"}],"wp:term":[{"taxonomy":"event_cat","embeddable":true,"href":"https:\/\/nouveau.maisonmallet.com\/back05_01\/index.php?rest_route=%2Fwp%2Fv2%2Fevent_cat&post=70179"}],"curies":[{"name":"wp","href":"https:\/\/api.w.org\/{rel}","templated":true}]}}

<p>Le Complexe Thanatologique Mallet &#038; fils a le regret de vous annoncer le décès de</p>
<p>Bernard Gobeil<br />
1946 &#8211; 2025</p>
<p>À Schefferville, le 27 octobre 2025, est décédé à l’âge de 78 ans, monsieur Bernard Gobeil fils de feu Lorenzo Gobeil et de feu Juliette Bradette domicilié à Schefferville.</p>
<p>Les rituels funéraires de monsieur Bernard Gobeil auront lieu à une date ultérieure.    </p>
<p>Selon ses volontés, il a été confié au crématorium de la Maison Mallet &#038; fils pour crémation.</p>
<p>Il laisse dans le deuil ses frères : Florent (Nella), Pierre-Paul (Clarisse), Lucien et Michel (Nicole), ses sœurs : Odette, Ghislaine, Louise et Solange ainsi que ses neveux, ses nièces, ses cousins, ses cousines, sa famille de Schefferville et de nombreux ami(e)s.  </p>
<p>Il était le frère de feu Pierrette, de feu Jean-Rock et l’ami de cœur de feu Linda Gabriel. </p>
<p>La famille a confié les arrangements aux services professionnels de la Maison Mallet &#038; fils du 585 Boul. Laure à Sept-Îles, maintenant reconnue Distinction et membre de la Corporation des Thanatologues du Québec.</p>
<p>Vous pouvez consulter cet avis de décès sur le www.maisonmallet.com</p>
<p>Ceux et celles qui le désirent, peuvent y envoyer des messages de sympathies.</p>
<p>[contact-form to= »lynda.plante@lpasf.ca » subject= »Condoléances Bernard Gobeil »][contact-field label= »Votre nom » type= »name » required= »1&Prime;][contact-field label= »Votre courriel » type= »email » required= »1&Prime;][contact-field label= »Condoléances » type= »textarea »][/contact-form]</p>
