{"id":70188,"date":"2025-11-02T16:30:11","date_gmt":"2025-11-02T21:30:11","guid":{"rendered":"https:\/\/nouveau.maisonmallet.com\/?post_type=event&#038;p=70188"},"modified":"2026-01-31T15:50:48","modified_gmt":"2026-01-31T20:50:48","slug":"maloney-yves","status":"publish","type":"event","link":"https:\/\/nouveau.maisonmallet.com\/back05_01\/?event=maloney-yves","title":{"rendered":"MALONEY, Yves"},"content":{"rendered":"<p>La Maison L.J.G. Mallet a le regret de vous annoncer le d\u00e9c\u00e8s de<\/p>\n<p>Yves Maloney<br \/>\n1944 \u2013 2025<\/p>\n<p>\u00c0 Sept-\u00celes, le 2 novembre 2025, est d\u00e9c\u00e9d\u00e9 \u00e0 l\u2019\u00e2ge de 81 ans, monsieur Yves Maloney fils de feu Raoul Maloney et de feu Yvonne Dupuis domicili\u00e9 \u00e0 Rivi\u00e8re Saint-Jean. <\/p>\n<p>Les fun\u00e9railles de monsieur Yves Maloney auront lieu le mercredi 10 d\u00e9cembre 2025 \u00e0 10 h en l\u2019\u00e9glise St-Jean Ap\u00f4tre de Rivi\u00e8re Saint-Jean.<\/p>\n<p>Selon ses volont\u00e9s, il a \u00e9t\u00e9 confi\u00e9 au cr\u00e9matorium de la maison L.J.G. Mallet pour cr\u00e9mation.<\/p>\n<p>Il laisse dans le deuil son fr\u00e8re Gilles, sa ni\u00e8ce Vivianne, son neveu Mario ainsi que son arri\u00e8re-neveu et de nombreux ami(e)s.<\/p>\n<p>Il \u00e9tait le fr\u00e8re de feu Claudette (feu Antonio Sergi), feu Nicole et feu Edna Marcelle.<\/p>\n<p>La famille a confi\u00e9 la direction des fun\u00e9railles aux services professionnels de la Maison L.J.G. Mallet du 1429, rue du Canot \u00e0 Havre-Saint-Pierre, maintenant reconnue Distinction et membre de la Corporation des Thanatologues du Qu\u00e9bec.<\/p>\n<p>Vous pouvez consulter cet avis de d\u00e9c\u00e8s, sur le www.maisonmallet.com <\/p>\n<p>Ceux et celles qui le d\u00e9sirent, peuvent y envoyer des messages de sympathie.<\/p>\n<p>[contact-form to=\u00a0\u00bbgillesmaloney@hotmail.com\u00a0\u00bb subject=\u00a0\u00bbCondol\u00e9ances Yves Maloney\u00a0\u00bb][contact-field label=\u00a0\u00bbVotre nom\u00a0\u00bb type=\u00a0\u00bbname\u00a0\u00bb required=\u00a0\u00bb1&Prime;][contact-field label=\u00a0\u00bbVotre courriel\u00a0\u00bb type=\u00a0\u00bbemail\u00a0\u00bb required=\u00a0\u00bb1&Prime;][contact-field label=\u00a0\u00bbCondol\u00e9ances\u00a0\u00bb type=\u00a0\u00bbtextarea\u00a0\u00bb][\/contact-form]<\/p>\n","protected":false},"featured_media":70200,"template":"","event_cat":[6],"class_list":["post-70188","event","type-event","status-publish","has-post-thumbnail","hentry","event_cat-maison-mallet-et-fils-inc"],"_links":{"self":[{"href":"https:\/\/nouveau.maisonmallet.com\/back05_01\/index.php?rest_route=\/wp\/v2\/event\/70188","targetHints":{"allow":["GET"]}}],"collection":[{"href":"https:\/\/nouveau.maisonmallet.com\/back05_01\/index.php?rest_route=\/wp\/v2\/event"}],"about":[{"href":"https:\/\/nouveau.maisonmallet.com\/back05_01\/index.php?rest_route=\/wp\/v2\/types\/event"}],"wp:featuredmedia":[{"embeddable":true,"href":"https:\/\/nouveau.maisonmallet.com\/back05_01\/index.php?rest_route=\/wp\/v2\/media\/70200"}],"wp:attachment":[{"href":"https:\/\/nouveau.maisonmallet.com\/back05_01\/index.php?rest_route=%2Fwp%2Fv2%2Fmedia&parent=70188"}],"wp:term":[{"taxonomy":"event_cat","embeddable":true,"href":"https:\/\/nouveau.maisonmallet.com\/back05_01\/index.php?rest_route=%2Fwp%2Fv2%2Fevent_cat&post=70188"}],"curies":[{"name":"wp","href":"https:\/\/api.w.org\/{rel}","templated":true}]}}

<p>La Maison L.J.G. Mallet a le regret de vous annoncer le décès de</p>
<p>Yves Maloney<br />
1944 – 2025</p>
<p>À Sept-Îles, le 2 novembre 2025, est décédé à l’âge de 81 ans, monsieur Yves Maloney fils de feu Raoul Maloney et de feu Yvonne Dupuis domicilié à Rivière Saint-Jean. </p>
<p>Les funérailles de monsieur Yves Maloney auront lieu le mercredi 10 décembre 2025 à 10 h en l’église St-Jean Apôtre de Rivière Saint-Jean.</p>
<p>Selon ses volontés, il a été confié au crématorium de la maison L.J.G. Mallet pour crémation.</p>
<p>Il laisse dans le deuil son frère Gilles, sa nièce Vivianne, son neveu Mario ainsi que son arrière-neveu et de nombreux ami(e)s.</p>
<p>Il était le frère de feu Claudette (feu Antonio Sergi), feu Nicole et feu Edna Marcelle.</p>
<p>La famille a confié la direction des funérailles aux services professionnels de la Maison L.J.G. Mallet du 1429, rue du Canot à Havre-Saint-Pierre, maintenant reconnue Distinction et membre de la Corporation des Thanatologues du Québec.</p>
<p>Vous pouvez consulter cet avis de décès, sur le www.maisonmallet.com </p>
<p>Ceux et celles qui le désirent, peuvent y envoyer des messages de sympathie.</p>
<p>[contact-form to= »gillesmaloney@hotmail.com » subject= »Condoléances Yves Maloney »][contact-field label= »Votre nom » type= »name » required= »1&Prime;][contact-field label= »Votre courriel » type= »email » required= »1&Prime;][contact-field label= »Condoléances » type= »textarea »][/contact-form]</p>
