{"id":70326,"date":"2025-12-17T17:10:15","date_gmt":"2025-12-17T22:10:15","guid":{"rendered":"https:\/\/nouveau.maisonmallet.com\/?post_type=event&#038;p=70326"},"modified":"2026-01-31T15:47:41","modified_gmt":"2026-01-31T20:47:41","slug":"michel-gauthier-ronny","status":"publish","type":"event","link":"https:\/\/nouveau.maisonmallet.com\/back05_01\/?event=michel-gauthier-ronny","title":{"rendered":"MICHEL-GAUTHIER, Ronny"},"content":{"rendered":"<p>Le Complexe Thanatologique Mallet &#038; fils a le regret de vous annoncer le d\u00e9c\u00e8s de<\/p>\n<p>Ronny Michel-Gauthier<br \/>\n1988 \u2013 2025<\/p>\n<p>\u00c0 Mani-utenam, le 17 d\u00e9cembre 2025, est d\u00e9c\u00e9d\u00e9 \u00e0 l\u2019\u00e2ge de 37 ans, Ronny Michel-Gauthier conjoint de Louise Andr\u00e9 et domicili\u00e9 \u00e0 Mani-utenam.<\/p>\n<p>Les fun\u00e9railles de Ronny Michel-Gauthier auront lieu le mardi 23 d\u00e9cembre 2025 \u00e0 10 h en l\u2019\u00e9glise Notre-Dame du Cap situ\u00e9e au 139, rue de l\u2019\u00c9glise \u00e0 Mani-utenam et de l\u00e0 au cimeti\u00e8re de Mani-utenam.<\/p>\n<p>La famille re\u00e7oit parents et amis le dimanche 21 d\u00e9cembre 2025 de 19 h \u00e0 22 h. Le lundi 22 d\u00e9cembre 2025 de 13 h \u00e0 16 h et de 19 h \u00e0 22 h. Le mardi 23 d\u00e9cembre 2025 jour des fun\u00e9railles \u00e0 compter de 8 h \u00e0 l\u2019\u00e9glise Notre-Dame du Cap situ\u00e9e au 139, rue de l\u2019\u00c9glise \u00e0 Mani-utenam. <\/p>\n<p>Il laisse dans le deuil outre sa conjointe Louise Andr\u00e9, ses enfants : Ana\u00eblle et Sheldon, ses fr\u00e8res et ses s\u0153urs : Joe (Sheila), Elisabeth (Shasha\u00ef), Sylvestre Jr. (Dalida), Regina (Moise), Peshu (Lizzie), Glenn (Cheyenne), Sandy (Liane), Tiffany (Camille), Jean-Guy (Francisca), D\u00e9lisca (J\u00e9r\u00e9mie), Mani, Val\u00e9rie (Uapi) et Kakuss (Tiffany) ainsi que ses neveux, ses ni\u00e8ces, ses oncles, ses tantes, ses cousins, ses cousines et de nombreux ami(e)s.<\/p>\n<p>La famille a confi\u00e9 la direction des fun\u00e9railles aux services professionnels de la Maison Mallet &#038; fils du 585, Boul. Laure \u00e0 Sept-\u00celes, maintenant reconnue Distinction et membre de la Corporation des Thanatologues du Qu\u00e9bec.<\/p>\n<p>Vous pouvez consulter cet avis de d\u00e9c\u00e8s sur le www.maisonmallet.com<\/p>\n<p>Ceux et celles qui le d\u00e9sirent, peuvent y envoyer des messages de condol\u00e9ances.<\/p>\n<p>[contact-form to=\u00a0\u00bbtshiuet@hotmail.com\u00a0\u00bb subject=\u00a0\u00bbCondol\u00e9ances Ronny Michel-Gauthier\u00a0\u00bb][contact-field label=\u00a0\u00bbVotre nom\u00a0\u00bb type=\u00a0\u00bbname\u00a0\u00bb required=\u00a0\u00bb1&Prime;][contact-field label=\u00a0\u00bbVotre courriel\u00a0\u00bb type=\u00a0\u00bbemail\u00a0\u00bb required=\u00a0\u00bb1&Prime;][contact-field label=\u00a0\u00bbCondol\u00e9ances\u00a0\u00bb type=\u00a0\u00bbtextarea\u00a0\u00bb][\/contact-form]<\/p>\n","protected":false},"featured_media":70336,"template":"","event_cat":[6],"class_list":["post-70326","event","type-event","status-publish","has-post-thumbnail","hentry","event_cat-maison-mallet-et-fils-inc"],"_links":{"self":[{"href":"https:\/\/nouveau.maisonmallet.com\/back05_01\/index.php?rest_route=\/wp\/v2\/event\/70326","targetHints":{"allow":["GET"]}}],"collection":[{"href":"https:\/\/nouveau.maisonmallet.com\/back05_01\/index.php?rest_route=\/wp\/v2\/event"}],"about":[{"href":"https:\/\/nouveau.maisonmallet.com\/back05_01\/index.php?rest_route=\/wp\/v2\/types\/event"}],"wp:featuredmedia":[{"embeddable":true,"href":"https:\/\/nouveau.maisonmallet.com\/back05_01\/index.php?rest_route=\/wp\/v2\/media\/70336"}],"wp:attachment":[{"href":"https:\/\/nouveau.maisonmallet.com\/back05_01\/index.php?rest_route=%2Fwp%2Fv2%2Fmedia&parent=70326"}],"wp:term":[{"taxonomy":"event_cat","embeddable":true,"href":"https:\/\/nouveau.maisonmallet.com\/back05_01\/index.php?rest_route=%2Fwp%2Fv2%2Fevent_cat&post=70326"}],"curies":[{"name":"wp","href":"https:\/\/api.w.org\/{rel}","templated":true}]}}

<p>Le Complexe Thanatologique Mallet &#038; fils a le regret de vous annoncer le décès de</p>
<p>Ronny Michel-Gauthier<br />
1988 – 2025</p>
<p>À Mani-utenam, le 17 décembre 2025, est décédé à l’âge de 37 ans, Ronny Michel-Gauthier conjoint de Louise André et domicilié à Mani-utenam.</p>
<p>Les funérailles de Ronny Michel-Gauthier auront lieu le mardi 23 décembre 2025 à 10 h en l’église Notre-Dame du Cap située au 139, rue de l’Église à Mani-utenam et de là au cimetière de Mani-utenam.</p>
<p>La famille reçoit parents et amis le dimanche 21 décembre 2025 de 19 h à 22 h. Le lundi 22 décembre 2025 de 13 h à 16 h et de 19 h à 22 h. Le mardi 23 décembre 2025 jour des funérailles à compter de 8 h à l’église Notre-Dame du Cap située au 139, rue de l’Église à Mani-utenam. </p>
<p>Il laisse dans le deuil outre sa conjointe Louise André, ses enfants : Anaëlle et Sheldon, ses frères et ses sœurs : Joe (Sheila), Elisabeth (Shashaï), Sylvestre Jr. (Dalida), Regina (Moise), Peshu (Lizzie), Glenn (Cheyenne), Sandy (Liane), Tiffany (Camille), Jean-Guy (Francisca), Délisca (Jérémie), Mani, Valérie (Uapi) et Kakuss (Tiffany) ainsi que ses neveux, ses nièces, ses oncles, ses tantes, ses cousins, ses cousines et de nombreux ami(e)s.</p>
<p>La famille a confié la direction des funérailles aux services professionnels de la Maison Mallet &#038; fils du 585, Boul. Laure à Sept-Îles, maintenant reconnue Distinction et membre de la Corporation des Thanatologues du Québec.</p>
<p>Vous pouvez consulter cet avis de décès sur le www.maisonmallet.com</p>
<p>Ceux et celles qui le désirent, peuvent y envoyer des messages de condoléances.</p>
<p>[contact-form to= »tshiuet@hotmail.com » subject= »Condoléances Ronny Michel-Gauthier »][contact-field label= »Votre nom » type= »name » required= »1&Prime;][contact-field label= »Votre courriel » type= »email » required= »1&Prime;][contact-field label= »Condoléances » type= »textarea »][/contact-form]</p>
