{"id":70384,"date":"2025-12-21T09:47:06","date_gmt":"2025-12-21T14:47:06","guid":{"rendered":"https:\/\/nouveau.maisonmallet.com\/?post_type=event&#038;p=70384"},"modified":"2026-01-31T15:46:04","modified_gmt":"2026-01-31T20:46:04","slug":"perron-marc","status":"publish","type":"event","link":"https:\/\/nouveau.maisonmallet.com\/back05_01\/?event=perron-marc","title":{"rendered":"PERRON, Marc"},"content":{"rendered":"<p>Le Complexe Thanatologique Mallet &#038; fils a le regret de vous annoncer le d\u00e9c\u00e8s de<\/p>\n<p>Marc Perron<br \/>\n1945 \u2013 2025<\/p>\n<p>\u00c0 Sept-\u00celes, le 21 d\u00e9cembre 2025, est d\u00e9c\u00e9d\u00e9 \u00e0 l&rsquo;\u00e2ge de 80 ans, monsieur Marc Perron conjoint de madame Bibiane Lavoie et domicili\u00e9 \u00e0 Sept-\u00celes.<\/p>\n<p>Selon ses volont\u00e9s, il a \u00e9t\u00e9 confi\u00e9 au cr\u00e9matorium de la Maison Mallet &#038; fils pour cr\u00e9mation.<\/p>\n<p>La famille re\u00e7oit parents et amis le lundi 29 d\u00e9cembre 2025 de 19 h \u00e0 22 h au Complexe Thanatologique Mallet &#038; fils du 585 Boul. Laure \u00e0 Sept-\u00celes.<\/p>\n<p>Il laisse dans le deuil outre sa conjointe madame Bibiane Lavoie, ses enfants : Yves (Martine), Annie (Sylvain), les enfants de sa conjointe : Annie (Guylain) et Patrick (Meggie), ses petits-enfants : Josianne, Jonathan, Philippe, Vincent, Laurence, Yoan et Maude, ses arri\u00e8re-petites-filles : Livia et Emma, ses s\u0153urs : Ghislaine, Ginette et R\u00e9jeanne, ses beaux-fr\u00e8res, ses belles-s\u0153urs, son oncle Cl\u00e9ment Kirouac ainsi que ses neveux, ses ni\u00e8ces et de nombreux amis(e)s.<\/p>\n<p>Vos marques de sympathie peuvent se traduire par un don \u00e0 l\u2019Association du cancer Est du Qu\u00e9bec www.aceq.org <\/p>\n<p>La famille a confi\u00e9 les arrangements aux services professionnels de la Maison Mallet &#038; fils du 585 Boul. Laure \u00e0 Sept-\u00celes, maintenant reconnue Distinction et membre de la Corporation des Thanatologues du Qu\u00e9bec.<\/p>\n<p>Vous pouvez consulter cet avis de d\u00e9c\u00e8s sur le : www.maisonmallet.com<\/p>\n<p>Ceux et celles qui le d\u00e9sirent, peuvent y envoyer des messages de sympathie.<\/p>\n<p>[contact-form to=\u00a0\u00bbannieloisirs@hotmail.com\u00a0\u00bb subject=\u00a0\u00bbCondol\u00e9ances Marc Perron\u00a0\u00bb][contact-field label=\u00a0\u00bbVotre nom\u00a0\u00bb type=\u00a0\u00bbname\u00a0\u00bb required=\u00a0\u00bb1&Prime;][contact-field label=\u00a0\u00bbVotre courriel\u00a0\u00bb type=\u00a0\u00bbemail\u00a0\u00bb required=\u00a0\u00bb1&Prime;][contact-field label=\u00a0\u00bbCondol\u00e9ances\u00a0\u00bb type=\u00a0\u00bbtextarea\u00a0\u00bb][\/contact-form]<\/p>\n","protected":false},"featured_media":70387,"template":"","event_cat":[6],"class_list":["post-70384","event","type-event","status-publish","has-post-thumbnail","hentry","event_cat-maison-mallet-et-fils-inc"],"_links":{"self":[{"href":"https:\/\/nouveau.maisonmallet.com\/back05_01\/index.php?rest_route=\/wp\/v2\/event\/70384","targetHints":{"allow":["GET"]}}],"collection":[{"href":"https:\/\/nouveau.maisonmallet.com\/back05_01\/index.php?rest_route=\/wp\/v2\/event"}],"about":[{"href":"https:\/\/nouveau.maisonmallet.com\/back05_01\/index.php?rest_route=\/wp\/v2\/types\/event"}],"wp:featuredmedia":[{"embeddable":true,"href":"https:\/\/nouveau.maisonmallet.com\/back05_01\/index.php?rest_route=\/wp\/v2\/media\/70387"}],"wp:attachment":[{"href":"https:\/\/nouveau.maisonmallet.com\/back05_01\/index.php?rest_route=%2Fwp%2Fv2%2Fmedia&parent=70384"}],"wp:term":[{"taxonomy":"event_cat","embeddable":true,"href":"https:\/\/nouveau.maisonmallet.com\/back05_01\/index.php?rest_route=%2Fwp%2Fv2%2Fevent_cat&post=70384"}],"curies":[{"name":"wp","href":"https:\/\/api.w.org\/{rel}","templated":true}]}}

<p>Le Complexe Thanatologique Mallet &#038; fils a le regret de vous annoncer le décès de</p>
<p>Marc Perron<br />
1945 – 2025</p>
<p>À Sept-Îles, le 21 décembre 2025, est décédé à l&rsquo;âge de 80 ans, monsieur Marc Perron conjoint de madame Bibiane Lavoie et domicilié à Sept-Îles.</p>
<p>Selon ses volontés, il a été confié au crématorium de la Maison Mallet &#038; fils pour crémation.</p>
<p>La famille reçoit parents et amis le lundi 29 décembre 2025 de 19 h à 22 h au Complexe Thanatologique Mallet &#038; fils du 585 Boul. Laure à Sept-Îles.</p>
<p>Il laisse dans le deuil outre sa conjointe madame Bibiane Lavoie, ses enfants : Yves (Martine), Annie (Sylvain), les enfants de sa conjointe : Annie (Guylain) et Patrick (Meggie), ses petits-enfants : Josianne, Jonathan, Philippe, Vincent, Laurence, Yoan et Maude, ses arrière-petites-filles : Livia et Emma, ses sœurs : Ghislaine, Ginette et Réjeanne, ses beaux-frères, ses belles-sœurs, son oncle Clément Kirouac ainsi que ses neveux, ses nièces et de nombreux amis(e)s.</p>
<p>Vos marques de sympathie peuvent se traduire par un don à l’Association du cancer Est du Québec www.aceq.org </p>
<p>La famille a confié les arrangements aux services professionnels de la Maison Mallet &#038; fils du 585 Boul. Laure à Sept-Îles, maintenant reconnue Distinction et membre de la Corporation des Thanatologues du Québec.</p>
<p>Vous pouvez consulter cet avis de décès sur le : www.maisonmallet.com</p>
<p>Ceux et celles qui le désirent, peuvent y envoyer des messages de sympathie.</p>
<p>[contact-form to= »annieloisirs@hotmail.com » subject= »Condoléances Marc Perron »][contact-field label= »Votre nom » type= »name » required= »1&Prime;][contact-field label= »Votre courriel » type= »email » required= »1&Prime;][contact-field label= »Condoléances » type= »textarea »][/contact-form]</p>
