{"id":70423,"date":"2025-12-20T18:30:17","date_gmt":"2025-12-20T23:30:17","guid":{"rendered":"https:\/\/nouveau.maisonmallet.com\/?post_type=event&#038;p=70423"},"modified":"2026-01-31T15:44:41","modified_gmt":"2026-01-31T20:44:41","slug":"lemay-raynald","status":"publish","type":"event","link":"https:\/\/nouveau.maisonmallet.com\/back05_01\/?event=lemay-raynald","title":{"rendered":"LEMAY, Raynald"},"content":{"rendered":"<p>Le Complexe Thanatologique Mallet &#038; fils a le regret de vous annoncer le d\u00e9c\u00e8s de<\/p>\n<p>Raynald Lemay<br \/>\n1974\u2013 2025<\/p>\n<p>\u00c0 Sept-\u00celes (maison \u00c9lyme des sables), le 20 d\u00e9cembre 2025, est d\u00e9c\u00e9d\u00e9 \u00e0 l&rsquo;\u00e2ge de 51 ans, monsieur Raynald Lemay, \u00e9poux de madame Nathalie Mailloux, fils de monsieur Maurice Lemay et de madame Louise Lafleur domicili\u00e9 \u00e0 Sept-\u00celes.<\/p>\n<p>Selon ses volont\u00e9s, il a \u00e9t\u00e9 confi\u00e9 au cr\u00e9matorium de la Maison Mallet &#038; fils pour cr\u00e9mation.<\/p>\n<p>La famille re\u00e7oit parents et amis le samedi 27 d\u00e9cembre 2025 de 14 h \u00e0 17 h \u00e0 la Maison Beaudoin, Ferland, Dupuis Lt\u00e9e du 240, rue de la Fabrique, Ste-Croix.<\/p>\n<p>Il laisse dans le deuil outre son \u00e9pouse madame Nathalie Mailloux, son p\u00e8re monsieur Maurice Lemay, sa m\u00e8re madame Louise Lafleur, son fr\u00e8re Daniel (Fr\u00e9d\u00e9rique Naud), son beau-fils Hugo (Dolores Baribeau) ainsi que sa filleule Delphine Lemay, sa ni\u00e8ce Chlo\u00e9 Lemay, ses oncles, ses tantes, ses cousins, ses cousines, ses autres parents et de nombreux amis(e)s.<\/p>\n<p>Sinc\u00e8res remerciements \u00e0 toute l\u2019\u00e9quipe de l\u2019\u00c9lyme des Sables pour les bons soins prodigu\u00e9s \u00e0 Raynald.<\/p>\n<p>Vos marques de sympathie peuvent se traduire par un don \u00e0 l\u2019\u00c9lyme des sables www.elymedessables.com<\/p>\n<p>La famille a confi\u00e9 les arrangements aux services professionnels de la Maison Beaudoin, Ferland, Dupuis Lt\u00e9e du 240, rue de la Fabrique, Ste-Croix, maintenant reconnue Distinction et membre de la Corporation des Thanatologues du Qu\u00e9bec.<\/p>\n<p>Vous pouvez consulter cet avis de d\u00e9c\u00e8s sur le : www.maisonmallet.com<\/p>\n<p>Ceux et celles qui le d\u00e9sirent, peuvent y envoyer des messages de sympathie.<\/p>\n<p>[contact-form to=\u00a0\u00bbnath_yaman@hotmail.fr\u00a0\u00bb subject=\u00a0\u00bbCondol\u00e9ances Raynald Lemay\u00a0\u00bb][contact-field label=\u00a0\u00bbVotre nom\u00a0\u00bb type=\u00a0\u00bbname\u00a0\u00bb required=\u00a0\u00bb1&Prime;][contact-field label=\u00a0\u00bbVotre courriel\u00a0\u00bb type=\u00a0\u00bbemail\u00a0\u00bb required=\u00a0\u00bb1&Prime;][contact-field label=\u00a0\u00bbCondol\u00e9ances\u00a0\u00bb type=\u00a0\u00bbtextarea\u00a0\u00bb][\/contact-form]<\/p>\n","protected":false},"featured_media":70467,"template":"","event_cat":[6],"class_list":["post-70423","event","type-event","status-publish","has-post-thumbnail","hentry","event_cat-maison-mallet-et-fils-inc"],"_links":{"self":[{"href":"https:\/\/nouveau.maisonmallet.com\/back05_01\/index.php?rest_route=\/wp\/v2\/event\/70423","targetHints":{"allow":["GET"]}}],"collection":[{"href":"https:\/\/nouveau.maisonmallet.com\/back05_01\/index.php?rest_route=\/wp\/v2\/event"}],"about":[{"href":"https:\/\/nouveau.maisonmallet.com\/back05_01\/index.php?rest_route=\/wp\/v2\/types\/event"}],"wp:featuredmedia":[{"embeddable":true,"href":"https:\/\/nouveau.maisonmallet.com\/back05_01\/index.php?rest_route=\/wp\/v2\/media\/70467"}],"wp:attachment":[{"href":"https:\/\/nouveau.maisonmallet.com\/back05_01\/index.php?rest_route=%2Fwp%2Fv2%2Fmedia&parent=70423"}],"wp:term":[{"taxonomy":"event_cat","embeddable":true,"href":"https:\/\/nouveau.maisonmallet.com\/back05_01\/index.php?rest_route=%2Fwp%2Fv2%2Fevent_cat&post=70423"}],"curies":[{"name":"wp","href":"https:\/\/api.w.org\/{rel}","templated":true}]}}

<p>Le Complexe Thanatologique Mallet &#038; fils a le regret de vous annoncer le décès de</p>
<p>Raynald Lemay<br />
1974– 2025</p>
<p>À Sept-Îles (maison Élyme des sables), le 20 décembre 2025, est décédé à l&rsquo;âge de 51 ans, monsieur Raynald Lemay, époux de madame Nathalie Mailloux, fils de monsieur Maurice Lemay et de madame Louise Lafleur domicilié à Sept-Îles.</p>
<p>Selon ses volontés, il a été confié au crématorium de la Maison Mallet &#038; fils pour crémation.</p>
<p>La famille reçoit parents et amis le samedi 27 décembre 2025 de 14 h à 17 h à la Maison Beaudoin, Ferland, Dupuis Ltée du 240, rue de la Fabrique, Ste-Croix.</p>
<p>Il laisse dans le deuil outre son épouse madame Nathalie Mailloux, son père monsieur Maurice Lemay, sa mère madame Louise Lafleur, son frère Daniel (Frédérique Naud), son beau-fils Hugo (Dolores Baribeau) ainsi que sa filleule Delphine Lemay, sa nièce Chloé Lemay, ses oncles, ses tantes, ses cousins, ses cousines, ses autres parents et de nombreux amis(e)s.</p>
<p>Sincères remerciements à toute l’équipe de l’Élyme des Sables pour les bons soins prodigués à Raynald.</p>
<p>Vos marques de sympathie peuvent se traduire par un don à l’Élyme des sables www.elymedessables.com</p>
<p>La famille a confié les arrangements aux services professionnels de la Maison Beaudoin, Ferland, Dupuis Ltée du 240, rue de la Fabrique, Ste-Croix, maintenant reconnue Distinction et membre de la Corporation des Thanatologues du Québec.</p>
<p>Vous pouvez consulter cet avis de décès sur le : www.maisonmallet.com</p>
<p>Ceux et celles qui le désirent, peuvent y envoyer des messages de sympathie.</p>
<p>[contact-form to= »nath_yaman@hotmail.fr » subject= »Condoléances Raynald Lemay »][contact-field label= »Votre nom » type= »name » required= »1&Prime;][contact-field label= »Votre courriel » type= »email » required= »1&Prime;][contact-field label= »Condoléances » type= »textarea »][/contact-form]</p>
