{"id":70465,"date":"2025-12-27T14:16:52","date_gmt":"2025-12-27T19:16:52","guid":{"rendered":"https:\/\/nouveau.maisonmallet.com\/?post_type=event&#038;p=70465"},"modified":"2026-01-31T15:43:52","modified_gmt":"2026-01-31T20:43:52","slug":"deroy-laurent","status":"publish","type":"event","link":"https:\/\/nouveau.maisonmallet.com\/back05_01\/?event=deroy-laurent","title":{"rendered":"DEROY, Laurent"},"content":{"rendered":"<p>Le Complexe Thanatologique Mallet &#038; fils a le regret de vous annoncer le d\u00e9c\u00e8s de<\/p>\n<p>Laurent Deroy<br \/>\n1936 \u2013 2025<\/p>\n<p>\u00c0 Sept-\u00celes, le 27 d\u00e9cembre 2025, est d\u00e9c\u00e9d\u00e9 \u00e0 l\u2019\u00e2ge de 89 ans et 11 mois, monsieur Laurent Deroy \u00e9poux de madame Annie Bourque et domicili\u00e9 \u00e0 Sept-\u00celes.<\/p>\n<p>Les fun\u00e9railles de monsieur Laurent Deroy auront lieu, le samedi 3 janvier 2026 \u00e0 10 h 30 en l\u2019\u00e9glise Marie-Immacul\u00e9e situ\u00e9e au 180, rue Papineau \u00e0 Sept-\u00celes.<\/p>\n<p>Selon ses volont\u00e9s, il a \u00e9t\u00e9 confi\u00e9 au cr\u00e9matorium de la Maison Mallet &#038; fils pour cr\u00e9mation.<\/p>\n<p>La famille re\u00e7oit parents et amis le vendredi 2 janvier 2026 de 19 h \u00e0 22 h. Le samedi 3 janvier 2026, jour des fun\u00e9railles \u00e0 compter de 9 h au Complexe Thanatologique Mallet &#038; fils du 585, boul. Laure \u00e0 Sept-\u00celes.<\/p>\n<p>Il laisse dans le deuil outre son \u00e9pouse madame Annie Bourque, ses enfants : Chantal, Brigitte (J\u00e9r\u00f4me H\u00e9bert) et Nelson, ses petits-enfants : Vicky (Jacky Langevin), Annie, Maxime, M\u00e9lanie (Mickael Bernier), Cindy (St\u00e9phane Dumais), Marie-H\u00e9l\u00e8ne (Olivier Ch\u00e9nard), S\u00e9bastien (Cynthia Leblanc) et Marco (M\u00e9lanie Leduc), ses arri\u00e8re-petits-enfants : Gabriel, Julianne, Lo\u00efk, Coraly, Lucas, Alexe, Alexis, Logan, Mylia, Alysia, Johnny et Xavier, ses beaux-fr\u00e8res : Roger (feu Nicole Poulin) et Hypolite (Monique Imbeault), sa belle-s\u0153ur Ir\u00e8ne Lamarre (feu Lucien Deroy), son grand ami Lucien Gauthier ainsi que ses neveux, ses ni\u00e8ces et de nombreux ami(e)s.  <\/p>\n<p>Vos marques de sympathie peuvent se traduire par un don \u00e0 l\u2019Association du cancer Est du Qu\u00e9bec www.aceq.org<\/p>\n<p>La famille a confi\u00e9 la direction des fun\u00e9railles aux services professionnels de la Maison Mallet &#038; fils du 585, boul. Laure \u00e0 Sept-\u00celes, maintenant reconnue Distinction et membre de la Corporation des Thanatologues du Qu\u00e9bec.<\/p>\n<p>Vous pouvez consulter cet avis de d\u00e9c\u00e8s sur le www.maisonmallet.com<\/p>\n<p>Ceux et celles qui le d\u00e9sirent, peuvent y envoyer des messages de sympathies.<\/p>\n<p>[contact-form to=\u00a0\u00bbbrigittederoy62@hotmail.com\u00a0\u00bb subject=\u00a0\u00bbCondol\u00e9ances Laurent Deroy\u00a0\u00bb][contact-field label=\u00a0\u00bbVotre nom\u00a0\u00bb type=\u00a0\u00bbname\u00a0\u00bb required=\u00a0\u00bb1&Prime;][contact-field label=\u00a0\u00bbVotre courriel\u00a0\u00bb type=\u00a0\u00bbemail\u00a0\u00bb required=\u00a0\u00bb1&Prime;][contact-field label=\u00a0\u00bbCondol\u00e9ances\u00a0\u00bb type=\u00a0\u00bbtextarea\u00a0\u00bb][\/contact-form]<\/p>\n","protected":false},"featured_media":70525,"template":"","event_cat":[6],"class_list":["post-70465","event","type-event","status-publish","has-post-thumbnail","hentry","event_cat-maison-mallet-et-fils-inc"],"_links":{"self":[{"href":"https:\/\/nouveau.maisonmallet.com\/back05_01\/index.php?rest_route=\/wp\/v2\/event\/70465","targetHints":{"allow":["GET"]}}],"collection":[{"href":"https:\/\/nouveau.maisonmallet.com\/back05_01\/index.php?rest_route=\/wp\/v2\/event"}],"about":[{"href":"https:\/\/nouveau.maisonmallet.com\/back05_01\/index.php?rest_route=\/wp\/v2\/types\/event"}],"wp:featuredmedia":[{"embeddable":true,"href":"https:\/\/nouveau.maisonmallet.com\/back05_01\/index.php?rest_route=\/wp\/v2\/media\/70525"}],"wp:attachment":[{"href":"https:\/\/nouveau.maisonmallet.com\/back05_01\/index.php?rest_route=%2Fwp%2Fv2%2Fmedia&parent=70465"}],"wp:term":[{"taxonomy":"event_cat","embeddable":true,"href":"https:\/\/nouveau.maisonmallet.com\/back05_01\/index.php?rest_route=%2Fwp%2Fv2%2Fevent_cat&post=70465"}],"curies":[{"name":"wp","href":"https:\/\/api.w.org\/{rel}","templated":true}]}}

<p>Le Complexe Thanatologique Mallet &#038; fils a le regret de vous annoncer le décès de</p>
<p>Laurent Deroy<br />
1936 – 2025</p>
<p>À Sept-Îles, le 27 décembre 2025, est décédé à l’âge de 89 ans et 11 mois, monsieur Laurent Deroy époux de madame Annie Bourque et domicilié à Sept-Îles.</p>
<p>Les funérailles de monsieur Laurent Deroy auront lieu, le samedi 3 janvier 2026 à 10 h 30 en l’église Marie-Immaculée située au 180, rue Papineau à Sept-Îles.</p>
<p>Selon ses volontés, il a été confié au crématorium de la Maison Mallet &#038; fils pour crémation.</p>
<p>La famille reçoit parents et amis le vendredi 2 janvier 2026 de 19 h à 22 h. Le samedi 3 janvier 2026, jour des funérailles à compter de 9 h au Complexe Thanatologique Mallet &#038; fils du 585, boul. Laure à Sept-Îles.</p>
<p>Il laisse dans le deuil outre son épouse madame Annie Bourque, ses enfants : Chantal, Brigitte (Jérôme Hébert) et Nelson, ses petits-enfants : Vicky (Jacky Langevin), Annie, Maxime, Mélanie (Mickael Bernier), Cindy (Stéphane Dumais), Marie-Hélène (Olivier Chénard), Sébastien (Cynthia Leblanc) et Marco (Mélanie Leduc), ses arrière-petits-enfants : Gabriel, Julianne, Loïk, Coraly, Lucas, Alexe, Alexis, Logan, Mylia, Alysia, Johnny et Xavier, ses beaux-frères : Roger (feu Nicole Poulin) et Hypolite (Monique Imbeault), sa belle-sœur Irène Lamarre (feu Lucien Deroy), son grand ami Lucien Gauthier ainsi que ses neveux, ses nièces et de nombreux ami(e)s.  </p>
<p>Vos marques de sympathie peuvent se traduire par un don à l’Association du cancer Est du Québec www.aceq.org</p>
<p>La famille a confié la direction des funérailles aux services professionnels de la Maison Mallet &#038; fils du 585, boul. Laure à Sept-Îles, maintenant reconnue Distinction et membre de la Corporation des Thanatologues du Québec.</p>
<p>Vous pouvez consulter cet avis de décès sur le www.maisonmallet.com</p>
<p>Ceux et celles qui le désirent, peuvent y envoyer des messages de sympathies.</p>
<p>[contact-form to= »brigittederoy62@hotmail.com » subject= »Condoléances Laurent Deroy »][contact-field label= »Votre nom » type= »name » required= »1&Prime;][contact-field label= »Votre courriel » type= »email » required= »1&Prime;][contact-field label= »Condoléances » type= »textarea »][/contact-form]</p>
