{"id":70523,"date":"2026-01-02T19:40:55","date_gmt":"2026-01-03T00:40:55","guid":{"rendered":"https:\/\/nouveau.maisonmallet.com\/?post_type=event&#038;p=70523"},"modified":"2026-01-31T15:42:24","modified_gmt":"2026-01-31T20:42:24","slug":"ouellet-therese","status":"publish","type":"event","link":"https:\/\/nouveau.maisonmallet.com\/back05_01\/?event=ouellet-therese","title":{"rendered":"OUELLET, Th\u00e9r\u00e8se"},"content":{"rendered":"<p>Le Complexe Thanatologique Mallet &#038; fils a le regret de vous annoncer le d\u00e9c\u00e8s de<\/p>\n<p>Th\u00e9r\u00e8se Ouellet<br \/>\n1932 \u2013 2026<\/p>\n<p>\u00c0 Sept-\u00celes (maison \u00c9lyme des sables), le 2 janvier 2026, est d\u00e9c\u00e9d\u00e9e \u00e0 l\u2019\u00e2ge de 93 ans, madame Th\u00e9r\u00e8se Ouellet \u00e9pouse de feu Dominique Gagnon et domicili\u00e9e \u00e0 Sept-\u00celes.<\/p>\n<p>Les fun\u00e9railles de madame Th\u00e9r\u00e8se Ouellet auront lieu le samedi 10 janvier 2026 \u00e0 10 h 30<br \/>\nen l\u2019\u00e9glise Marie-Immacul\u00e9e situ\u00e9e au 180, rue Papineau \u00e0 Sept-\u00celes et de l\u00e0 au cr\u00e9matorium de la Maison Mallet &#038; fils. <\/p>\n<p>La famille re\u00e7oit parents et amis le vendredi 9 janvier 2026 de 13 h \u00e0 16 h et de 19 h \u00e0 22 h. Le samedi 10 janvier 2026, jour des fun\u00e9railles, \u00e0 compter de 9 h au Complexe Thanatologique Mallet &#038; fils du 585, boul. Laure \u00e0 Sept-\u00celes.<\/p>\n<p>Elle laisse dans le deuil ses fils : Marcel (Jocelyne Boulanger) et Carol (Carole B\u00e9rub\u00e9), sa fille H\u00e9l\u00e8ne (Gilles Dumas), ses petits-enfants : Claude (Mireille Bouchard), Fr\u00e9d\u00e9ric (Cindy L\u00e9vesque), M\u00e9linda (Martin Gonthier), Maxime (Monica Tremblay Mercier), Dave et Sonia (Sylvio Mignacca), ses arri\u00e8re-petits-enfants ainsi que sa s\u0153ur jumelle Rolande, sa belle-s\u0153ur Rosa, ses neveux, ses ni\u00e8ces et de nombreux ami(e)s.  <\/p>\n<p>Elle \u00e9tait la m\u00e8re de feu Serge (Marie Gosselin).<\/p>\n<p>Vos marques de sympathie peuvent se traduire par un don \u00e0 l\u2019\u00c9lyme des sables www.elymedessables.com<\/p>\n<p>La famille a confi\u00e9 la direction des fun\u00e9railles aux services professionnels de la Maison Mallet &#038; fils du 585, boul. Laure \u00e0 Sept-\u00celes, maintenant reconnue Distinction et membre de la Corporation des Thanatologues du Qu\u00e9bec.<\/p>\n<p>Vous pouvez consulter cet avis de d\u00e9c\u00e8s sur le www.maisonmallet.com<\/p>\n<p>Ceux et celles qui le d\u00e9sirent, peuvent y envoyer des messages de sympathies.<\/p>\n<p>[contact-form to=\u00a0\u00bbhel.gil1983@gmail.com\u00a0\u00bb subject=\u00a0\u00bbCondol\u00e9ances Th\u00e9r\u00e8se Ouellet\u00a0\u00bb][contact-field label=\u00a0\u00bbVotre nom\u00a0\u00bb type=\u00a0\u00bbname\u00a0\u00bb required=\u00a0\u00bb1&Prime;][contact-field label=\u00a0\u00bbVotre courriel\u00a0\u00bb type=\u00a0\u00bbemail\u00a0\u00bb required=\u00a0\u00bb1&Prime;][contact-field label=\u00a0\u00bbCondol\u00e9ances\u00a0\u00bb type=\u00a0\u00bbtextarea\u00a0\u00bb][\/contact-form]<\/p>\n","protected":false},"featured_media":70567,"template":"","event_cat":[6],"class_list":["post-70523","event","type-event","status-publish","has-post-thumbnail","hentry","event_cat-maison-mallet-et-fils-inc"],"_links":{"self":[{"href":"https:\/\/nouveau.maisonmallet.com\/back05_01\/index.php?rest_route=\/wp\/v2\/event\/70523","targetHints":{"allow":["GET"]}}],"collection":[{"href":"https:\/\/nouveau.maisonmallet.com\/back05_01\/index.php?rest_route=\/wp\/v2\/event"}],"about":[{"href":"https:\/\/nouveau.maisonmallet.com\/back05_01\/index.php?rest_route=\/wp\/v2\/types\/event"}],"wp:featuredmedia":[{"embeddable":true,"href":"https:\/\/nouveau.maisonmallet.com\/back05_01\/index.php?rest_route=\/wp\/v2\/media\/70567"}],"wp:attachment":[{"href":"https:\/\/nouveau.maisonmallet.com\/back05_01\/index.php?rest_route=%2Fwp%2Fv2%2Fmedia&parent=70523"}],"wp:term":[{"taxonomy":"event_cat","embeddable":true,"href":"https:\/\/nouveau.maisonmallet.com\/back05_01\/index.php?rest_route=%2Fwp%2Fv2%2Fevent_cat&post=70523"}],"curies":[{"name":"wp","href":"https:\/\/api.w.org\/{rel}","templated":true}]}}

OUELLET, Thérèse

<p>Le Complexe Thanatologique Mallet &#038; fils a le regret de vous annoncer le décès de</p>
<p>Thérèse Ouellet<br />
1932 – 2026</p>
<p>À Sept-Îles (maison Élyme des sables), le 2 janvier 2026, est décédée à l’âge de 93 ans, madame Thérèse Ouellet épouse de feu Dominique Gagnon et domiciliée à Sept-Îles.</p>
<p>Les funérailles de madame Thérèse Ouellet auront lieu le samedi 10 janvier 2026 à 10 h 30<br />
en l’église Marie-Immaculée située au 180, rue Papineau à Sept-Îles et de là au crématorium de la Maison Mallet &#038; fils. </p>
<p>La famille reçoit parents et amis le vendredi 9 janvier 2026 de 13 h à 16 h et de 19 h à 22 h. Le samedi 10 janvier 2026, jour des funérailles, à compter de 9 h au Complexe Thanatologique Mallet &#038; fils du 585, boul. Laure à Sept-Îles.</p>
<p>Elle laisse dans le deuil ses fils : Marcel (Jocelyne Boulanger) et Carol (Carole Bérubé), sa fille Hélène (Gilles Dumas), ses petits-enfants : Claude (Mireille Bouchard), Frédéric (Cindy Lévesque), Mélinda (Martin Gonthier), Maxime (Monica Tremblay Mercier), Dave et Sonia (Sylvio Mignacca), ses arrière-petits-enfants ainsi que sa sœur jumelle Rolande, sa belle-sœur Rosa, ses neveux, ses nièces et de nombreux ami(e)s.  </p>
<p>Elle était la mère de feu Serge (Marie Gosselin).</p>
<p>Vos marques de sympathie peuvent se traduire par un don à l’Élyme des sables www.elymedessables.com</p>
<p>La famille a confié la direction des funérailles aux services professionnels de la Maison Mallet &#038; fils du 585, boul. Laure à Sept-Îles, maintenant reconnue Distinction et membre de la Corporation des Thanatologues du Québec.</p>
<p>Vous pouvez consulter cet avis de décès sur le www.maisonmallet.com</p>
<p>Ceux et celles qui le désirent, peuvent y envoyer des messages de sympathies.</p>
<p>[contact-form to= »hel.gil1983@gmail.com » subject= »Condoléances Thérèse Ouellet »][contact-field label= »Votre nom » type= »name » required= »1&Prime;][contact-field label= »Votre courriel » type= »email » required= »1&Prime;][contact-field label= »Condoléances » type= »textarea »][/contact-form]</p>
