{"id":70571,"date":"2025-12-27T21:16:57","date_gmt":"2025-12-28T02:16:57","guid":{"rendered":"https:\/\/nouveau.maisonmallet.com\/?post_type=event&#038;p=70571"},"modified":"2026-01-31T15:41:38","modified_gmt":"2026-01-31T20:41:38","slug":"peters-clement","status":"publish","type":"event","link":"https:\/\/nouveau.maisonmallet.com\/back05_01\/?event=peters-clement","title":{"rendered":"PETERS, Cl\u00e9ment"},"content":{"rendered":"<p>La Maison L.J.G. Mallet a le regret de vous annoncer le d\u00e9c\u00e8s de<\/p>\n<p>Cl\u00e9ment Peters<br \/>\n1963 \u2013 2025<\/p>\n<p>\u00c0 Havre Saint-Pierre, le 27 d\u00e9cembre 2025, est d\u00e9c\u00e9d\u00e9 \u00e0 l\u2019\u00e2ge de 62ans, monsieur Cl\u00e9ment Peters \u00e9poux de<br \/>\nmadame Marie-Jos\u00e9e Wapistan et domicili\u00e9 \u00e0 Nutashkuan.<\/p>\n<p>Les fun\u00e9railles de monsieur Cl\u00e9ment Peters auront lieu le lundi 5 janvier 2026 \u00e0 10 h en l\u2019\u00e9glise Notre-Dame-des-Indiens de Nutashkuan et de l\u00e0 au cimeti\u00e8re de l\u2019endroit.<\/p>\n<p>La famille re\u00e7oit parents et amis le samedi 3 janvier 2026 \u00e0 compter de 15 h au 190, rue Pashin \u00e0 Nutashkuan.<\/p>\n<p>Il laisse dans le deuil outre son \u00e9pouse madame Marie-Jos\u00e9e Wapistan, sa fille Priscilla-Julie, son fils Jordan, ses petits-fils : Lucas-Jake, Enrique et Simon, ses petites-filles : Maely-Jane, Brayleen, Mayleen et Ang\u00e9lina ainsi que ses fr\u00e8res, ses s\u0153urs, ses beaux-fr\u00e8res, ses belles-s\u0153urs, ses neveux, ses ni\u00e8ces, ses oncles, ses tantes, ses cousins, ses cousines, ses fr\u00e8res et s\u0153urs Sundancers et de nombreux amis.<\/p>\n<p>Il \u00e9tait le grand-p\u00e8re de feu b\u00e9b\u00e9 Wapistan Rich.<\/p>\n<p>La famille a confi\u00e9 la direction des fun\u00e9railles aux services professionnels de la Maison L.J.G. Mallet du 1429, rue du Canot \u00e0 Havre Saint-Pierre, maintenant reconnue Distinction et membre de la Corporation des Thanatologues du Qu\u00e9bec.<\/p>\n<p>Vous pouvez consulter cet avis de d\u00e9c\u00e8s sur le www.maisonmallet.com<\/p>\n<p>Ceux et celles qui le d\u00e9sirent, peuvent y envoyer des messages de sympathie.<\/p>\n<p>[contact-form to=\u00a0\u00bbinakatei29@icloud.com\u00a0\u00bb subject=\u00a0\u00bbCondol\u00e9ances Cl\u00e9ment Peters\u00a0\u00bb][contact-field label=\u00a0\u00bbVotre nom\u00a0\u00bb type=\u00a0\u00bbname\u00a0\u00bb required=\u00a0\u00bb1&Prime;][contact-field label=\u00a0\u00bbVotre courriel\u00a0\u00bb type=\u00a0\u00bbemail\u00a0\u00bb required=\u00a0\u00bb1&Prime;][contact-field label=\u00a0\u00bbCondol\u00e9ances\u00a0\u00bb type=\u00a0\u00bbtextarea\u00a0\u00bb][\/contact-form]<\/p>\n","protected":false},"featured_media":70573,"template":"","event_cat":[7],"class_list":["post-70571","event","type-event","status-publish","has-post-thumbnail","hentry","event_cat-maison-l-j-g-mallet-inc"],"_links":{"self":[{"href":"https:\/\/nouveau.maisonmallet.com\/back05_01\/index.php?rest_route=\/wp\/v2\/event\/70571","targetHints":{"allow":["GET"]}}],"collection":[{"href":"https:\/\/nouveau.maisonmallet.com\/back05_01\/index.php?rest_route=\/wp\/v2\/event"}],"about":[{"href":"https:\/\/nouveau.maisonmallet.com\/back05_01\/index.php?rest_route=\/wp\/v2\/types\/event"}],"wp:featuredmedia":[{"embeddable":true,"href":"https:\/\/nouveau.maisonmallet.com\/back05_01\/index.php?rest_route=\/wp\/v2\/media\/70573"}],"wp:attachment":[{"href":"https:\/\/nouveau.maisonmallet.com\/back05_01\/index.php?rest_route=%2Fwp%2Fv2%2Fmedia&parent=70571"}],"wp:term":[{"taxonomy":"event_cat","embeddable":true,"href":"https:\/\/nouveau.maisonmallet.com\/back05_01\/index.php?rest_route=%2Fwp%2Fv2%2Fevent_cat&post=70571"}],"curies":[{"name":"wp","href":"https:\/\/api.w.org\/{rel}","templated":true}]}}

PETERS, Clément

<p>La Maison L.J.G. Mallet a le regret de vous annoncer le décès de</p>
<p>Clément Peters<br />
1963 – 2025</p>
<p>À Havre Saint-Pierre, le 27 décembre 2025, est décédé à l’âge de 62ans, monsieur Clément Peters époux de<br />
madame Marie-Josée Wapistan et domicilié à Nutashkuan.</p>
<p>Les funérailles de monsieur Clément Peters auront lieu le lundi 5 janvier 2026 à 10 h en l’église Notre-Dame-des-Indiens de Nutashkuan et de là au cimetière de l’endroit.</p>
<p>La famille reçoit parents et amis le samedi 3 janvier 2026 à compter de 15 h au 190, rue Pashin à Nutashkuan.</p>
<p>Il laisse dans le deuil outre son épouse madame Marie-Josée Wapistan, sa fille Priscilla-Julie, son fils Jordan, ses petits-fils : Lucas-Jake, Enrique et Simon, ses petites-filles : Maely-Jane, Brayleen, Mayleen et Angélina ainsi que ses frères, ses sœurs, ses beaux-frères, ses belles-sœurs, ses neveux, ses nièces, ses oncles, ses tantes, ses cousins, ses cousines, ses frères et sœurs Sundancers et de nombreux amis.</p>
<p>Il était le grand-père de feu bébé Wapistan Rich.</p>
<p>La famille a confié la direction des funérailles aux services professionnels de la Maison L.J.G. Mallet du 1429, rue du Canot à Havre Saint-Pierre, maintenant reconnue Distinction et membre de la Corporation des Thanatologues du Québec.</p>
<p>Vous pouvez consulter cet avis de décès sur le www.maisonmallet.com</p>
<p>Ceux et celles qui le désirent, peuvent y envoyer des messages de sympathie.</p>
<p>[contact-form to= »inakatei29@icloud.com » subject= »Condoléances Clément Peters »][contact-field label= »Votre nom » type= »name » required= »1&Prime;][contact-field label= »Votre courriel » type= »email » required= »1&Prime;][contact-field label= »Condoléances » type= »textarea »][/contact-form]</p>
