{"id":70643,"date":"2025-12-21T11:59:24","date_gmt":"2025-12-21T16:59:24","guid":{"rendered":"https:\/\/nouveau.maisonmallet.com\/?post_type=event&#038;p=70643"},"modified":"2026-01-31T15:39:50","modified_gmt":"2026-01-31T20:39:50","slug":"berube-jeannette","status":"publish","type":"event","link":"https:\/\/nouveau.maisonmallet.com\/back05_01\/?event=berube-jeannette","title":{"rendered":"B\u00c9RUB\u00c9, Jeannette"},"content":{"rendered":"<p>Le Complexe Thanatologique Mallet &#038; fils a le regret de vous annoncer le d\u00e9c\u00e8s de<\/p>\n<p>Jeannette B\u00e9rub\u00e9<br \/>\n1931 \u2013 2025<\/p>\n<p>\u00c0 Saint-Eustache, le 21 d\u00e9cembre 2025, est d\u00e9c\u00e9d\u00e9e \u00e0 l&rsquo;\u00e2ge de 94 ans, madame Jeannette B\u00e9rub\u00e9 \u00e9pouse de feu Honor\u00e9 Landry et domicili\u00e9e \u00e0 Saint-Eustache autrefois de Sept-\u00celes.<\/p>\n<p>La c\u00e9r\u00e9monie comm\u00e9morative de madame Jeannette B\u00e9rub\u00e9 aura lieu le samedi 17 janvier 2026 \u00e0 12 h \u00e0 la chapelle du Salon Fun\u00e9raires Guay du 146, rue St-Louis \u00e0 Saint-Eustache. <\/p>\n<p>Selon ses volont\u00e9s, elle a \u00e9t\u00e9 confi\u00e9e au cr\u00e9matorium de la Maison Guay pour cr\u00e9mation.<\/p>\n<p>La famille re\u00e7oit parents et amis le samedi 17 janvier 2026 de 9 h \u00e0 12 h au Salon Fun\u00e9raires Guay du 146, rue St-Louis \u00e0 Saint-Eustache. <\/p>\n<p>Elle laisse dans le deuil ses fils : Jeannot (Lucie), Ga\u00e9tan (Paulette) et Mario (Cathy), ses petits-fils : Didier (Stacy), Charles et Justin ainsi que sa belle-s\u0153ur Gis\u00e8le, ses neveux, ses ni\u00e8ces et plusieurs parents et amis (en particulier Yves, R\u00e9jean et C\u00e9line) Jeannette restera \u00e0 jamais dans nos c\u0153urs et nos pens\u00e9es.<\/p>\n<p>La famille a confi\u00e9 les arrangements aux services professionnels de la Maison Mallet &#038; fils du 585 Boul. Laure \u00e0 Sept-\u00celes, maintenant reconnue Distinction et membre de la Corporation des Thanatologues du Qu\u00e9bec.<\/p>\n<p>Vous pouvez consulter cet avis de d\u00e9c\u00e8s sur le : www.maisonmallet.com<\/p>\n<p>Ceux et celles qui le d\u00e9sirent, peuvent y envoyer des messages de sympathie.<\/p>\n<p>[contact-form to=\u00a0\u00bbmccjlandry@gmail.com\u00a0\u00bbsubject=\u00a0\u00bbCondol\u00e9ances Jeannette B\u00e9rub\u00e9\u00a0\u00bb][contact-field label=\u00a0\u00bbVotre nom\u00a0\u00bb type=\u00a0\u00bbname\u00a0\u00bb required=\u00a0\u00bb1&Prime;][contact-field label=\u00a0\u00bbVotre courriel\u00a0\u00bb type=\u00a0\u00bbemail\u00a0\u00bb required=\u00a0\u00bb1&Prime;][contact-field label=\u00a0\u00bbCondol\u00e9ances\u00a0\u00bb type=\u00a0\u00bbtextarea\u00a0\u00bb][\/contact-form]<\/p>\n","protected":false},"featured_media":70645,"template":"","event_cat":[6],"class_list":["post-70643","event","type-event","status-publish","has-post-thumbnail","hentry","event_cat-maison-mallet-et-fils-inc"],"_links":{"self":[{"href":"https:\/\/nouveau.maisonmallet.com\/back05_01\/index.php?rest_route=\/wp\/v2\/event\/70643","targetHints":{"allow":["GET"]}}],"collection":[{"href":"https:\/\/nouveau.maisonmallet.com\/back05_01\/index.php?rest_route=\/wp\/v2\/event"}],"about":[{"href":"https:\/\/nouveau.maisonmallet.com\/back05_01\/index.php?rest_route=\/wp\/v2\/types\/event"}],"wp:featuredmedia":[{"embeddable":true,"href":"https:\/\/nouveau.maisonmallet.com\/back05_01\/index.php?rest_route=\/wp\/v2\/media\/70645"}],"wp:attachment":[{"href":"https:\/\/nouveau.maisonmallet.com\/back05_01\/index.php?rest_route=%2Fwp%2Fv2%2Fmedia&parent=70643"}],"wp:term":[{"taxonomy":"event_cat","embeddable":true,"href":"https:\/\/nouveau.maisonmallet.com\/back05_01\/index.php?rest_route=%2Fwp%2Fv2%2Fevent_cat&post=70643"}],"curies":[{"name":"wp","href":"https:\/\/api.w.org\/{rel}","templated":true}]}}

BÉRUBÉ, Jeannette

<p>Le Complexe Thanatologique Mallet &#038; fils a le regret de vous annoncer le décès de</p>
<p>Jeannette Bérubé<br />
1931 – 2025</p>
<p>À Saint-Eustache, le 21 décembre 2025, est décédée à l&rsquo;âge de 94 ans, madame Jeannette Bérubé épouse de feu Honoré Landry et domiciliée à Saint-Eustache autrefois de Sept-Îles.</p>
<p>La cérémonie commémorative de madame Jeannette Bérubé aura lieu le samedi 17 janvier 2026 à 12 h à la chapelle du Salon Funéraires Guay du 146, rue St-Louis à Saint-Eustache. </p>
<p>Selon ses volontés, elle a été confiée au crématorium de la Maison Guay pour crémation.</p>
<p>La famille reçoit parents et amis le samedi 17 janvier 2026 de 9 h à 12 h au Salon Funéraires Guay du 146, rue St-Louis à Saint-Eustache. </p>
<p>Elle laisse dans le deuil ses fils : Jeannot (Lucie), Gaétan (Paulette) et Mario (Cathy), ses petits-fils : Didier (Stacy), Charles et Justin ainsi que sa belle-sœur Gisèle, ses neveux, ses nièces et plusieurs parents et amis (en particulier Yves, Réjean et Céline) Jeannette restera à jamais dans nos cœurs et nos pensées.</p>
<p>La famille a confié les arrangements aux services professionnels de la Maison Mallet &#038; fils du 585 Boul. Laure à Sept-Îles, maintenant reconnue Distinction et membre de la Corporation des Thanatologues du Québec.</p>
<p>Vous pouvez consulter cet avis de décès sur le : www.maisonmallet.com</p>
<p>Ceux et celles qui le désirent, peuvent y envoyer des messages de sympathie.</p>
<p>[contact-form to= »mccjlandry@gmail.com »subject= »Condoléances Jeannette Bérubé »][contact-field label= »Votre nom » type= »name » required= »1&Prime;][contact-field label= »Votre courriel » type= »email » required= »1&Prime;][contact-field label= »Condoléances » type= »textarea »][/contact-form]</p>
