{"id":70657,"date":"2025-12-31T14:07:07","date_gmt":"2025-12-31T19:07:07","guid":{"rendered":"https:\/\/nouveau.maisonmallet.com\/?post_type=event&#038;p=70657"},"modified":"2026-01-31T15:37:59","modified_gmt":"2026-01-31T20:37:59","slug":"vigneault-tony","status":"publish","type":"event","link":"https:\/\/nouveau.maisonmallet.com\/back05_01\/?event=vigneault-tony","title":{"rendered":"VIGNEAULT, Tony"},"content":{"rendered":"<p>La Maison L.J.G. Mallet a le regret de vous annoncer le d\u00e9c\u00e8s de<\/p>\n<p>Tony Vigneault<br \/>\n1957 \u2013 2025<\/p>\n<p>\u00c0 Havre Saint-Pierre, le 31 d\u00e9cembre 2025, est d\u00e9c\u00e9d\u00e9 \u00e0 l\u2019\u00e2ge de 68 ans, monsieur Tony Vigneault fils de feu \u00c9lie Vigneault et de V\u00e9ronique Maurice domicili\u00e9 \u00e0 Havre Saint-Pierre.<\/p>\n<p>Les fun\u00e9railles de monsieur Tony Vigneault auront lieu le samedi 10 janvier 2026 \u00e0 11 h en l\u2019\u00e9glise St-Pierre de Havre Saint-Pierre et de l\u00e0 au cr\u00e9matorium de la Maison L.J.G. Mallet pour cr\u00e9mation. <\/p>\n<p>La famille re\u00e7oit parents et amis le vendredi 9 janvier 2026 de 19 h \u00e0 22 h. Le samedi 10 janvier 2026 jour des fun\u00e9railles, \u00e0 compter de 10 h au salon de la Maison L.J.G. Mallet du 1429, rue du Canot \u00e0 Havre Saint-Pierre.  <\/p>\n<p>Il laisse dans le deuil son fils Patrick (Ariane Pr\u00e9vereau), sa fille Cindy (Mario Scherrer), sa petite-fille Tina (Guillaume Simard Mallet), ses petits-fils : Tim et J\u00e9r\u00e9my, sa m\u00e8re madame V\u00e9ronique Maurice (feu \u00c9lie Vigneault) ainsi que ses fr\u00e8res, ses s\u0153urs, ses beaux-fr\u00e8res, ses belles-s\u0153urs, ses neveux, ses ni\u00e8ces, ses cousins, ses cousines et de nombreux ami(e)s. <\/p>\n<p>La famille a confi\u00e9 la direction des fun\u00e9railles aux services professionnels de la Maison L.J.G. Mallet du 1429, rue du Canot \u00e0 Havre Saint-Pierre, maintenant reconnue Distinction et membre de la Corporation des Thanatologues du Qu\u00e9bec.<\/p>\n<p>Vous pouvez consulter cet avis de d\u00e9c\u00e8s sur le www.maisonmallet.com<\/p>\n<p>Ceux et celles qui le d\u00e9sirent, peuvent y envoyer des messages de sympathie.<\/p>\n<p>[contact-form to=\u00a0\u00bbmariocindy28@hotmail.com,patrick81@live.ca\u00a0\u00bb subject=\u00a0\u00bbCondol\u00e9ances tony Vigneault\u00a0\u00bb][contact-field label=\u00a0\u00bbVotre nom\u00a0\u00bb type=\u00a0\u00bbname\u00a0\u00bb required=\u00a0\u00bb1&Prime;][contact-field label=\u00a0\u00bbVotre courriel\u00a0\u00bb type=\u00a0\u00bbemail\u00a0\u00bb required=\u00a0\u00bb1&Prime;][contact-field label=\u00a0\u00bbCondol\u00e9ances\u00a0\u00bb type=\u00a0\u00bbtextarea\u00a0\u00bb][\/contact-form]<\/p>\n","protected":false},"featured_media":70670,"template":"","event_cat":[7],"class_list":["post-70657","event","type-event","status-publish","has-post-thumbnail","hentry","event_cat-maison-l-j-g-mallet-inc"],"_links":{"self":[{"href":"https:\/\/nouveau.maisonmallet.com\/back05_01\/index.php?rest_route=\/wp\/v2\/event\/70657","targetHints":{"allow":["GET"]}}],"collection":[{"href":"https:\/\/nouveau.maisonmallet.com\/back05_01\/index.php?rest_route=\/wp\/v2\/event"}],"about":[{"href":"https:\/\/nouveau.maisonmallet.com\/back05_01\/index.php?rest_route=\/wp\/v2\/types\/event"}],"wp:featuredmedia":[{"embeddable":true,"href":"https:\/\/nouveau.maisonmallet.com\/back05_01\/index.php?rest_route=\/wp\/v2\/media\/70670"}],"wp:attachment":[{"href":"https:\/\/nouveau.maisonmallet.com\/back05_01\/index.php?rest_route=%2Fwp%2Fv2%2Fmedia&parent=70657"}],"wp:term":[{"taxonomy":"event_cat","embeddable":true,"href":"https:\/\/nouveau.maisonmallet.com\/back05_01\/index.php?rest_route=%2Fwp%2Fv2%2Fevent_cat&post=70657"}],"curies":[{"name":"wp","href":"https:\/\/api.w.org\/{rel}","templated":true}]}}

<p>La Maison L.J.G. Mallet a le regret de vous annoncer le décès de</p>
<p>Tony Vigneault<br />
1957 – 2025</p>
<p>À Havre Saint-Pierre, le 31 décembre 2025, est décédé à l’âge de 68 ans, monsieur Tony Vigneault fils de feu Élie Vigneault et de Véronique Maurice domicilié à Havre Saint-Pierre.</p>
<p>Les funérailles de monsieur Tony Vigneault auront lieu le samedi 10 janvier 2026 à 11 h en l’église St-Pierre de Havre Saint-Pierre et de là au crématorium de la Maison L.J.G. Mallet pour crémation. </p>
<p>La famille reçoit parents et amis le vendredi 9 janvier 2026 de 19 h à 22 h. Le samedi 10 janvier 2026 jour des funérailles, à compter de 10 h au salon de la Maison L.J.G. Mallet du 1429, rue du Canot à Havre Saint-Pierre.  </p>
<p>Il laisse dans le deuil son fils Patrick (Ariane Prévereau), sa fille Cindy (Mario Scherrer), sa petite-fille Tina (Guillaume Simard Mallet), ses petits-fils : Tim et Jérémy, sa mère madame Véronique Maurice (feu Élie Vigneault) ainsi que ses frères, ses sœurs, ses beaux-frères, ses belles-sœurs, ses neveux, ses nièces, ses cousins, ses cousines et de nombreux ami(e)s. </p>
<p>La famille a confié la direction des funérailles aux services professionnels de la Maison L.J.G. Mallet du 1429, rue du Canot à Havre Saint-Pierre, maintenant reconnue Distinction et membre de la Corporation des Thanatologues du Québec.</p>
<p>Vous pouvez consulter cet avis de décès sur le www.maisonmallet.com</p>
<p>Ceux et celles qui le désirent, peuvent y envoyer des messages de sympathie.</p>
<p>[contact-form to= »mariocindy28@hotmail.com,patrick81@live.ca » subject= »Condoléances tony Vigneault »][contact-field label= »Votre nom » type= »name » required= »1&Prime;][contact-field label= »Votre courriel » type= »email » required= »1&Prime;][contact-field label= »Condoléances » type= »textarea »][/contact-form]</p>
