{"id":70668,"date":"2026-01-01T12:54:14","date_gmt":"2026-01-01T17:54:14","guid":{"rendered":"https:\/\/nouveau.maisonmallet.com\/?post_type=event&#038;p=70668"},"modified":"2026-01-31T15:37:02","modified_gmt":"2026-01-31T20:37:02","slug":"andrew-michel-etienne","status":"publish","type":"event","link":"https:\/\/nouveau.maisonmallet.com\/back05_01\/?event=andrew-michel-etienne","title":{"rendered":"ANDREW-MICHEL, Etienne"},"content":{"rendered":"<p>Le Complexe Thanatologique Mallet &#038; fils a le regret de vous annoncer le d\u00e9c\u00e8s de<\/p>\n<p>Etienne Andrew-Michel<br \/>\n1989 &#8211; 2026<\/p>\n<p>\u00c0 Sept-\u00celes, le 1er janvier 2026, est d\u00e9c\u00e9d\u00e9 \u00e0 l\u2019\u00e2ge de 36 ans, Etienne Andrew-Michel fils de feu Jean-Louis Michel et de madame Genevi\u00e8ve Andrew domicili\u00e9 \u00e0 Uashat.<\/p>\n<p>Les fun\u00e9railles de Etienne Andrew-Michel auront lieu le lundi 12 janvier 2026 \u00e0 10 h en l\u2019\u00e9glise Kateri Tekakwitha, situ\u00e9e au 1035, avenue De Quen \u00e0 Uashat et de l\u00e0 au cimeti\u00e8re de Uashat.<\/p>\n<p>La famille re\u00e7oit parents et amis le samedi 10 janvier 2026 \u00e0 compter de<br \/>\n15 h au 1064 rue Matinen \u00e0 Uashat.<\/p>\n<p>Il laisse dans le deuil sa m\u00e8re madame Genevi\u00e8ve Andrew, ses enfants : Hysee-Annah, Keasyanne et Ludovic Peastitute, ses s\u0153urs : Marie-Sonia, Marie-Agatha, ses fr\u00e8res : Wilfrid, Jean-Louis et Jean-Louis Ward ainsi que ses neveux, ses ni\u00e8ces, ses oncles, ses tantes, ses cousins, ses cousines et de nombreux ami(e)s.<\/p>\n<p>La famille a confi\u00e9 la direction des fun\u00e9railles aux services professionnels de la Maison Mallet &#038; fils du 585, Boul. Laure \u00e0 Sept-\u00celes, maintenant reconnue Distinction et membre de la Corporation des Thanatologues du Qu\u00e9bec.<\/p>\n<p>Vous pouvez consulter cet avis de d\u00e9c\u00e8s sur le www.maisonmallet.com<\/p>\n<p>Ceux et celles qui le d\u00e9sirent, peuvent y envoyer des messages de condol\u00e9ances.<\/p>\n<p>[contact-form to=\u00a0\u00bbnoellamichel@icloud.com\u00a0\u00bb subject=\u00a0\u00bbCondol\u00e9ances Etienne Andrew-Michel\u00a0\u00bb][contact-field label=\u00a0\u00bbVotre nom\u00a0\u00bb type=\u00a0\u00bbname\u00a0\u00bb required=\u00a0\u00bb1&Prime;][contact-field label=\u00a0\u00bbVotre courriel\u00a0\u00bb type=\u00a0\u00bbemail\u00a0\u00bb required=\u00a0\u00bb1&Prime;][contact-field label=\u00a0\u00bbCondol\u00e9ances\u00a0\u00bb type=\u00a0\u00bbtextarea\u00a0\u00bb][\/contact-form]<\/p>\n","protected":false},"featured_media":70719,"template":"","event_cat":[6],"class_list":["post-70668","event","type-event","status-publish","has-post-thumbnail","hentry","event_cat-maison-mallet-et-fils-inc"],"_links":{"self":[{"href":"https:\/\/nouveau.maisonmallet.com\/back05_01\/index.php?rest_route=\/wp\/v2\/event\/70668","targetHints":{"allow":["GET"]}}],"collection":[{"href":"https:\/\/nouveau.maisonmallet.com\/back05_01\/index.php?rest_route=\/wp\/v2\/event"}],"about":[{"href":"https:\/\/nouveau.maisonmallet.com\/back05_01\/index.php?rest_route=\/wp\/v2\/types\/event"}],"wp:featuredmedia":[{"embeddable":true,"href":"https:\/\/nouveau.maisonmallet.com\/back05_01\/index.php?rest_route=\/wp\/v2\/media\/70719"}],"wp:attachment":[{"href":"https:\/\/nouveau.maisonmallet.com\/back05_01\/index.php?rest_route=%2Fwp%2Fv2%2Fmedia&parent=70668"}],"wp:term":[{"taxonomy":"event_cat","embeddable":true,"href":"https:\/\/nouveau.maisonmallet.com\/back05_01\/index.php?rest_route=%2Fwp%2Fv2%2Fevent_cat&post=70668"}],"curies":[{"name":"wp","href":"https:\/\/api.w.org\/{rel}","templated":true}]}}

<p>Le Complexe Thanatologique Mallet &#038; fils a le regret de vous annoncer le décès de</p>
<p>Etienne Andrew-Michel<br />
1989 &#8211; 2026</p>
<p>À Sept-Îles, le 1er janvier 2026, est décédé à l’âge de 36 ans, Etienne Andrew-Michel fils de feu Jean-Louis Michel et de madame Geneviève Andrew domicilié à Uashat.</p>
<p>Les funérailles de Etienne Andrew-Michel auront lieu le lundi 12 janvier 2026 à 10 h en l’église Kateri Tekakwitha, située au 1035, avenue De Quen à Uashat et de là au cimetière de Uashat.</p>
<p>La famille reçoit parents et amis le samedi 10 janvier 2026 à compter de<br />
15 h au 1064 rue Matinen à Uashat.</p>
<p>Il laisse dans le deuil sa mère madame Geneviève Andrew, ses enfants : Hysee-Annah, Keasyanne et Ludovic Peastitute, ses sœurs : Marie-Sonia, Marie-Agatha, ses frères : Wilfrid, Jean-Louis et Jean-Louis Ward ainsi que ses neveux, ses nièces, ses oncles, ses tantes, ses cousins, ses cousines et de nombreux ami(e)s.</p>
<p>La famille a confié la direction des funérailles aux services professionnels de la Maison Mallet &#038; fils du 585, Boul. Laure à Sept-Îles, maintenant reconnue Distinction et membre de la Corporation des Thanatologues du Québec.</p>
<p>Vous pouvez consulter cet avis de décès sur le www.maisonmallet.com</p>
<p>Ceux et celles qui le désirent, peuvent y envoyer des messages de condoléances.</p>
<p>[contact-form to= »noellamichel@icloud.com » subject= »Condoléances Etienne Andrew-Michel »][contact-field label= »Votre nom » type= »name » required= »1&Prime;][contact-field label= »Votre courriel » type= »email » required= »1&Prime;][contact-field label= »Condoléances » type= »textarea »][/contact-form]</p>
