{"id":70717,"date":"2026-01-13T08:19:18","date_gmt":"2026-01-13T13:19:18","guid":{"rendered":"https:\/\/nouveau.maisonmallet.com\/?post_type=event&#038;p=70717"},"modified":"2026-01-13T08:40:51","modified_gmt":"2026-01-13T13:40:51","slug":"lapierre-lorraine","status":"publish","type":"event","link":"https:\/\/nouveau.maisonmallet.com\/back05_01\/?event=lapierre-lorraine","title":{"rendered":"LAPIERRE, Lorraine"},"content":{"rendered":"<p>Le Complexe Thanatologique Mallet &#038; fils a le regret de vous annoncer le d\u00e9c\u00e8s de<\/p>\n<p>Lorraine Lapierre<br \/>\n1949-2025<\/p>\n<p>\u00c0 Sept-\u00celes (maison \u00c9lyme des sables), le 22 d\u00e9cembre 2025, est d\u00e9c\u00e9d\u00e9e \u00e0 l&rsquo;\u00e2ge de 76 ans, madame Lorraine Lapierre \u00e9pouse de monsieur Maurice Cyr et domicili\u00e9e \u00e0 Sept-\u00celes autrefois de Grande-Entr\u00e9e, aux Iles-de-la-Madeleine.<\/p>\n<p>Les fun\u00e9railles de madame Lorraine Lapierre auront lieu, en l&rsquo;\u00e9glise Sacr\u00e9-C\u0153ur de Grande-Entr\u00e9e, aux Iles-de-la-Madeleine \u00e0 une date ult\u00e9rieure.<\/p>\n<p>Selon ses volont\u00e9s, elle a \u00e9t\u00e9 confi\u00e9e au cr\u00e9matorium de la Maison Mallet &#038; fils pour cr\u00e9mation.<\/p>\n<p>Elle laisse dans le deuil outre son \u00e9poux monsieur Maurice Cyr, sa fille Sabrina (Fran\u00e7ois), ses petits-enfants : Noah et Emma ainsi que son fr\u00e8re<br \/>\nRaoul, sa s\u0153ur Nicole, ses beaux-fr\u00e8res, ses belles-s\u0153urs, ses neveux, ses ni\u00e8ces, ses cousins, ses cousines et de nombreux amis.<\/p>\n<p>Elle \u00e9tait la m\u00e8re de feu M\u00e9lisa, la s\u0153ur de feu Jean-Claude, feu Roger et de feu G\u00e9rald.<\/p>\n<p>Vos marques de sympathie peuvent se traduire par un don \u00e0 l&rsquo;\u00c9lyme des<br \/>\nsables www.elymedessables.com<\/p>\n<p>La famille a confi\u00e9 les arrangements fun\u00e9raires aux services professionnels de la Maison Mallet &#038; fils du 585, boul. Laure \u00e0 Sept-\u00celes, maintenant reconnue Distinction et membre de la Corporation des Thanatologues du Qu\u00e9bec.<\/p>\n<p>Vous pouvez consulter cet avis de d\u00e9c\u00e8s, sur le www.maisonmallet.com<\/p>\n<p>Ceux et celles qui le d\u00e9sirent, peuvent y envoyer des messages de sympathie.<\/p>\n<p>[contact-form to=\u00a0\u00bbsabrinacyr07@gmail.com\u00a0\u00bb subject=\u00a0\u00bbCondol\u00e9ances Lorraine Lapierre\u00a0\u00bb][contact-field label=\u00a0\u00bbVotre nom\u00a0\u00bb type=\u00a0\u00bbname\u00a0\u00bb required=\u00a0\u00bb1&Prime;][contact-field label=\u00a0\u00bbVotre courriel\u00a0\u00bb type=\u00a0\u00bbemail\u00a0\u00bb required=\u00a0\u00bb1&Prime;][contact-field label=\u00a0\u00bbCondol\u00e9ances\u00a0\u00bb type=\u00a0\u00bbtextarea\u00a0\u00bb][\/contact-form]<\/p>\n","protected":false},"featured_media":70788,"template":"","event_cat":[6],"class_list":["post-70717","event","type-event","status-publish","has-post-thumbnail","hentry","event_cat-maison-mallet-et-fils-inc"],"_links":{"self":[{"href":"https:\/\/nouveau.maisonmallet.com\/back05_01\/index.php?rest_route=\/wp\/v2\/event\/70717","targetHints":{"allow":["GET"]}}],"collection":[{"href":"https:\/\/nouveau.maisonmallet.com\/back05_01\/index.php?rest_route=\/wp\/v2\/event"}],"about":[{"href":"https:\/\/nouveau.maisonmallet.com\/back05_01\/index.php?rest_route=\/wp\/v2\/types\/event"}],"wp:featuredmedia":[{"embeddable":true,"href":"https:\/\/nouveau.maisonmallet.com\/back05_01\/index.php?rest_route=\/wp\/v2\/media\/70788"}],"wp:attachment":[{"href":"https:\/\/nouveau.maisonmallet.com\/back05_01\/index.php?rest_route=%2Fwp%2Fv2%2Fmedia&parent=70717"}],"wp:term":[{"taxonomy":"event_cat","embeddable":true,"href":"https:\/\/nouveau.maisonmallet.com\/back05_01\/index.php?rest_route=%2Fwp%2Fv2%2Fevent_cat&post=70717"}],"curies":[{"name":"wp","href":"https:\/\/api.w.org\/{rel}","templated":true}]}}

<p>Le Complexe Thanatologique Mallet &#038; fils a le regret de vous annoncer le décès de</p>
<p>Lorraine Lapierre<br />
1949-2025</p>
<p>À Sept-Îles (maison Élyme des sables), le 22 décembre 2025, est décédée à l&rsquo;âge de 76 ans, madame Lorraine Lapierre épouse de monsieur Maurice Cyr et domiciliée à Sept-Îles autrefois de Grande-Entrée, aux Iles-de-la-Madeleine.</p>
<p>Les funérailles de madame Lorraine Lapierre auront lieu, en l&rsquo;église Sacré-Cœur de Grande-Entrée, aux Iles-de-la-Madeleine à une date ultérieure.</p>
<p>Selon ses volontés, elle a été confiée au crématorium de la Maison Mallet &#038; fils pour crémation.</p>
<p>Elle laisse dans le deuil outre son époux monsieur Maurice Cyr, sa fille Sabrina (François), ses petits-enfants : Noah et Emma ainsi que son frère<br />
Raoul, sa sœur Nicole, ses beaux-frères, ses belles-sœurs, ses neveux, ses nièces, ses cousins, ses cousines et de nombreux amis.</p>
<p>Elle était la mère de feu Mélisa, la sœur de feu Jean-Claude, feu Roger et de feu Gérald.</p>
<p>Vos marques de sympathie peuvent se traduire par un don à l&rsquo;Élyme des<br />
sables www.elymedessables.com</p>
<p>La famille a confié les arrangements funéraires aux services professionnels de la Maison Mallet &#038; fils du 585, boul. Laure à Sept-Îles, maintenant reconnue Distinction et membre de la Corporation des Thanatologues du Québec.</p>
<p>Vous pouvez consulter cet avis de décès, sur le www.maisonmallet.com</p>
<p>Ceux et celles qui le désirent, peuvent y envoyer des messages de sympathie.</p>
<p>[contact-form to= »sabrinacyr07@gmail.com » subject= »Condoléances Lorraine Lapierre »][contact-field label= »Votre nom » type= »name » required= »1&Prime;][contact-field label= »Votre courriel » type= »email » required= »1&Prime;][contact-field label= »Condoléances » type= »textarea »][/contact-form]</p>
