{"id":70786,"date":"2026-01-12T16:22:21","date_gmt":"2026-01-12T21:22:21","guid":{"rendered":"https:\/\/nouveau.maisonmallet.com\/?post_type=event&#038;p=70786"},"modified":"2026-01-13T16:26:58","modified_gmt":"2026-01-13T21:26:58","slug":"duguay-livain","status":"publish","type":"event","link":"https:\/\/nouveau.maisonmallet.com\/back05_01\/?event=duguay-livain","title":{"rendered":"DUGUAY, Livain"},"content":{"rendered":"<p>Le Complexe Thanatologique Mallet &#038; fils a le regret de vous annoncer le d\u00e9c\u00e8s de<\/p>\n<p>Livain Duguay<br \/>\n1957 &#8211; 2026<\/p>\n<p>\u00c0 Sept-\u00celes (maison l\u2019\u00c9lyme des sables), le 11 janvier 2026, est d\u00e9c\u00e9d\u00e9 \u00e0 l&rsquo;\u00e2ge de 68 ans, monsieur Livain Duguay conjoint de feu Anita Benoit et domicili\u00e9 \u00e0 Sept-\u00celes. <\/p>\n<p>Selon ses volont\u00e9s, il a \u00e9t\u00e9 confi\u00e9 au cr\u00e9matorium de la Maison Mallet &#038; fils pour cr\u00e9mation.<\/p>\n<p>La famille re\u00e7oit parents et amis le dimanche 18 janvier 2026 de 13 h \u00e0 16 h au Complexe Thanatologique Mallet &#038; fils du 585 Boul. Laure \u00e0 Sept-\u00celes.<\/p>\n<p>Il laisse dans le deuil sa fille Natacha (Eric Tremblay), son fils Steve, ses petits-enfants : Samuel et Rapha\u00ebl, ses fr\u00e8res et ses s\u0153urs : M\u00e9rilda (Hector Brideau), Murielle, Martine, Raymonde, Colette (Alain-Guy Diotte), Michel (Rose Thomas), Mario (Simone Bertin), Lynne et Lisette, ses beaux-fr\u00e8res, ses belles-s\u0153urs, ses filleuls : Louise Duguay et Chantal Benoit, ses deux grands amis  Lucette et Laurier Arsenault ainsi que ses neveux, ses ni\u00e8ces, ses cousins, ses cousines et de nombreux ami(e)s.<\/p>\n<p>Il \u00e9tait le fr\u00e8re de feu Daniel, feu Claire, feu Emilien, feu Rose-Mai et feu Oliva.<\/p>\n<p>La famille tient \u00e0 remercier la maison des soins palliatifs l\u2019\u00c9lyme des sables pour leurs bons soins.<\/p>\n<p>La famille a confi\u00e9 les arrangements aux services professionnels de la Maison Mallet &#038; fils du 585 Boul. Laure \u00e0 Sept-\u00celes, maintenant reconnue Distinction et membre de la Corporation des Thanatologues du Qu\u00e9bec.<\/p>\n<p>Vous pouvez consulter cet avis de d\u00e9c\u00e8s sur le : www.maisonmallet.com<\/p>\n<p>Ceux et celles qui le d\u00e9sirent, peuvent y envoyer des messages de sympathie.<\/p>\n<p>[contact-form to=\u00a0\u00bbsteve-duguay1@hotmail.com\u00a0\u00bb subject=\u00a0\u00bbCondol\u00e9ances Livain Duguay\u00a0\u00bb][contact-field label=\u00a0\u00bbVotre nom\u00a0\u00bb type=\u00a0\u00bbname\u00a0\u00bb required=\u00a0\u00bb1&Prime;][contact-field label=\u00a0\u00bbVotre courriel\u00a0\u00bb type=\u00a0\u00bbemail\u00a0\u00bb required=\u00a0\u00bb1&Prime;][contact-field label=\u00a0\u00bbCondol\u00e9ances\u00a0\u00bb type=\u00a0\u00bbtextarea\u00a0\u00bb][\/contact-form]<\/p>\n","protected":false},"featured_media":70793,"template":"","event_cat":[6],"class_list":["post-70786","event","type-event","status-publish","has-post-thumbnail","hentry","event_cat-maison-mallet-et-fils-inc"],"_links":{"self":[{"href":"https:\/\/nouveau.maisonmallet.com\/back05_01\/index.php?rest_route=\/wp\/v2\/event\/70786","targetHints":{"allow":["GET"]}}],"collection":[{"href":"https:\/\/nouveau.maisonmallet.com\/back05_01\/index.php?rest_route=\/wp\/v2\/event"}],"about":[{"href":"https:\/\/nouveau.maisonmallet.com\/back05_01\/index.php?rest_route=\/wp\/v2\/types\/event"}],"wp:featuredmedia":[{"embeddable":true,"href":"https:\/\/nouveau.maisonmallet.com\/back05_01\/index.php?rest_route=\/wp\/v2\/media\/70793"}],"wp:attachment":[{"href":"https:\/\/nouveau.maisonmallet.com\/back05_01\/index.php?rest_route=%2Fwp%2Fv2%2Fmedia&parent=70786"}],"wp:term":[{"taxonomy":"event_cat","embeddable":true,"href":"https:\/\/nouveau.maisonmallet.com\/back05_01\/index.php?rest_route=%2Fwp%2Fv2%2Fevent_cat&post=70786"}],"curies":[{"name":"wp","href":"https:\/\/api.w.org\/{rel}","templated":true}]}}

<p>Le Complexe Thanatologique Mallet &#038; fils a le regret de vous annoncer le décès de</p>
<p>Livain Duguay<br />
1957 &#8211; 2026</p>
<p>À Sept-Îles (maison l’Élyme des sables), le 11 janvier 2026, est décédé à l&rsquo;âge de 68 ans, monsieur Livain Duguay conjoint de feu Anita Benoit et domicilié à Sept-Îles. </p>
<p>Selon ses volontés, il a été confié au crématorium de la Maison Mallet &#038; fils pour crémation.</p>
<p>La famille reçoit parents et amis le dimanche 18 janvier 2026 de 13 h à 16 h au Complexe Thanatologique Mallet &#038; fils du 585 Boul. Laure à Sept-Îles.</p>
<p>Il laisse dans le deuil sa fille Natacha (Eric Tremblay), son fils Steve, ses petits-enfants : Samuel et Raphaël, ses frères et ses sœurs : Mérilda (Hector Brideau), Murielle, Martine, Raymonde, Colette (Alain-Guy Diotte), Michel (Rose Thomas), Mario (Simone Bertin), Lynne et Lisette, ses beaux-frères, ses belles-sœurs, ses filleuls : Louise Duguay et Chantal Benoit, ses deux grands amis  Lucette et Laurier Arsenault ainsi que ses neveux, ses nièces, ses cousins, ses cousines et de nombreux ami(e)s.</p>
<p>Il était le frère de feu Daniel, feu Claire, feu Emilien, feu Rose-Mai et feu Oliva.</p>
<p>La famille tient à remercier la maison des soins palliatifs l’Élyme des sables pour leurs bons soins.</p>
<p>La famille a confié les arrangements aux services professionnels de la Maison Mallet &#038; fils du 585 Boul. Laure à Sept-Îles, maintenant reconnue Distinction et membre de la Corporation des Thanatologues du Québec.</p>
<p>Vous pouvez consulter cet avis de décès sur le : www.maisonmallet.com</p>
<p>Ceux et celles qui le désirent, peuvent y envoyer des messages de sympathie.</p>
<p>[contact-form to= »steve-duguay1@hotmail.com » subject= »Condoléances Livain Duguay »][contact-field label= »Votre nom » type= »name » required= »1&Prime;][contact-field label= »Votre courriel » type= »email » required= »1&Prime;][contact-field label= »Condoléances » type= »textarea »][/contact-form]</p>
