{"id":70818,"date":"2026-01-13T12:00:26","date_gmt":"2026-01-13T17:00:26","guid":{"rendered":"https:\/\/nouveau.maisonmallet.com\/?post_type=event&#038;p=70818"},"modified":"2026-01-14T12:04:59","modified_gmt":"2026-01-14T17:04:59","slug":"larouche-ghislaine","status":"publish","type":"event","link":"https:\/\/nouveau.maisonmallet.com\/back05_01\/?event=larouche-ghislaine","title":{"rendered":"LAROUCHE, Ghislaine"},"content":{"rendered":"<p>Le Complexe Thanatologique Mallet &#038; fils a le regret de vous annoncer le d\u00e9c\u00e8s de<\/p>\n<p>Ghislaine Larouche<br \/>\n1944 \u2013 2026<\/p>\n<p>\u00c0 Port-Cartier, le 4 janvier 2026, est d\u00e9c\u00e9d\u00e9e \u00e0 l\u2019\u00e2ge de 81 ans, madame Ghislaine Larouche \u00e9pouse de monsieur Yves C\u00f4t\u00e9 et domicili\u00e9e \u00e0 Port-Cartier.<\/p>\n<p>Les fun\u00e9railles de madame Ghislaine Larouche auront lieu \u00e0 une date ult\u00e9rieure en l\u2019\u00e9glise Sacr\u00e9-C\u0153ur de Port-Cartier.<\/p>\n<p>Selon ses volont\u00e9s, elle a \u00e9t\u00e9 confi\u00e9e au cr\u00e9matorium de la Maison Mallet &#038; fils pour cr\u00e9mation.<\/p>\n<p>Elle laisse dans le deuil outre son \u00e9poux monsieur Yves C\u00f4t\u00e9, son fils Daniel, sa fille Sylvie (Nelson Pereira), ses fr\u00e8res et ses s\u0153urs : G\u00e9rard (Marcelle), H\u00e9l\u00e8ne (feu Herman), Jacqueline (Lawrence), R\u00e9al, Jean-Marc (feu Manon) et Colette ainsi que ses beaux-fr\u00e8res, ses belles-s\u0153urs, ses neveux, ses ni\u00e8ces et de nombreux ami(e)s.<\/p>\n<p>Vos marques de sympathie peuvent se traduire par un don \u00e0 l\u2019Association Pulmonaire Qu\u00e9bec www.pq.poumon.ca<\/p>\n<p>La famille a confi\u00e9 la direction des fun\u00e9railles aux services professionnels de la maison Mallet &#038; fils du 57, route 138 \u00e0 Port-Cartier, maintenant reconnue Distinction et membre de la Corporation des Thanatologues du Qu\u00e9bec.<\/p>\n<p>Vous pouvez consulter cet avis de d\u00e9c\u00e8s, sur le www.maisonmallet.com <\/p>\n<p>Ceux et celles qui le d\u00e9sirent, peuvent y envoyer des messages de sympathie.<\/p>\n<p>[contact-form to=\u00a0\u00bbycbricoleur@gmail.com\u00a0\u00bb subject=\u00a0\u00bbCondol\u00e9ances Ghislaine Larouche\u00a0\u00bb][contact-field label=\u00a0\u00bbVotre nom\u00a0\u00bb type=\u00a0\u00bbname\u00a0\u00bb required=\u00a0\u00bb1&Prime;][contact-field label=\u00a0\u00bbVotre courriel\u00a0\u00bb type=\u00a0\u00bbemail\u00a0\u00bb required=\u00a0\u00bb1&Prime;][contact-field label=\u00a0\u00bbCondol\u00e9ances\u00a0\u00bb type=\u00a0\u00bbtextarea\u00a0\u00bb][\/contact-form]<\/p>\n","protected":false},"featured_media":70829,"template":"","event_cat":[6],"class_list":["post-70818","event","type-event","status-publish","has-post-thumbnail","hentry","event_cat-maison-mallet-et-fils-inc"],"_links":{"self":[{"href":"https:\/\/nouveau.maisonmallet.com\/back05_01\/index.php?rest_route=\/wp\/v2\/event\/70818","targetHints":{"allow":["GET"]}}],"collection":[{"href":"https:\/\/nouveau.maisonmallet.com\/back05_01\/index.php?rest_route=\/wp\/v2\/event"}],"about":[{"href":"https:\/\/nouveau.maisonmallet.com\/back05_01\/index.php?rest_route=\/wp\/v2\/types\/event"}],"wp:featuredmedia":[{"embeddable":true,"href":"https:\/\/nouveau.maisonmallet.com\/back05_01\/index.php?rest_route=\/wp\/v2\/media\/70829"}],"wp:attachment":[{"href":"https:\/\/nouveau.maisonmallet.com\/back05_01\/index.php?rest_route=%2Fwp%2Fv2%2Fmedia&parent=70818"}],"wp:term":[{"taxonomy":"event_cat","embeddable":true,"href":"https:\/\/nouveau.maisonmallet.com\/back05_01\/index.php?rest_route=%2Fwp%2Fv2%2Fevent_cat&post=70818"}],"curies":[{"name":"wp","href":"https:\/\/api.w.org\/{rel}","templated":true}]}}

<p>Le Complexe Thanatologique Mallet &#038; fils a le regret de vous annoncer le décès de</p>
<p>Ghislaine Larouche<br />
1944 – 2026</p>
<p>À Port-Cartier, le 4 janvier 2026, est décédée à l’âge de 81 ans, madame Ghislaine Larouche épouse de monsieur Yves Côté et domiciliée à Port-Cartier.</p>
<p>Les funérailles de madame Ghislaine Larouche auront lieu à une date ultérieure en l’église Sacré-Cœur de Port-Cartier.</p>
<p>Selon ses volontés, elle a été confiée au crématorium de la Maison Mallet &#038; fils pour crémation.</p>
<p>Elle laisse dans le deuil outre son époux monsieur Yves Côté, son fils Daniel, sa fille Sylvie (Nelson Pereira), ses frères et ses sœurs : Gérard (Marcelle), Hélène (feu Herman), Jacqueline (Lawrence), Réal, Jean-Marc (feu Manon) et Colette ainsi que ses beaux-frères, ses belles-sœurs, ses neveux, ses nièces et de nombreux ami(e)s.</p>
<p>Vos marques de sympathie peuvent se traduire par un don à l’Association Pulmonaire Québec www.pq.poumon.ca</p>
<p>La famille a confié la direction des funérailles aux services professionnels de la maison Mallet &#038; fils du 57, route 138 à Port-Cartier, maintenant reconnue Distinction et membre de la Corporation des Thanatologues du Québec.</p>
<p>Vous pouvez consulter cet avis de décès, sur le www.maisonmallet.com </p>
<p>Ceux et celles qui le désirent, peuvent y envoyer des messages de sympathie.</p>
<p>[contact-form to= »ycbricoleur@gmail.com » subject= »Condoléances Ghislaine Larouche »][contact-field label= »Votre nom » type= »name » required= »1&Prime;][contact-field label= »Votre courriel » type= »email » required= »1&Prime;][contact-field label= »Condoléances » type= »textarea »][/contact-form]</p>
