{"id":70835,"date":"2026-01-18T13:15:59","date_gmt":"2026-01-18T18:15:59","guid":{"rendered":"https:\/\/nouveau.maisonmallet.com\/?post_type=event&#038;p=70835"},"modified":"2026-01-19T13:22:20","modified_gmt":"2026-01-19T18:22:20","slug":"boudreau-rejean-2","status":"publish","type":"event","link":"https:\/\/nouveau.maisonmallet.com\/back05_01\/?event=boudreau-rejean-2","title":{"rendered":"BOUDREAU, R\u00e9jean"},"content":{"rendered":"<p>Le Complexe Thanatologique Mallet &#038; fils a le regret de vous annoncer le d\u00e9c\u00e8s de<\/p>\n<p>R\u00e9jean Boudreau<br \/>\n1948 \u2013 2025<\/p>\n<p>\u00c0 Qu\u00e9bec, le 12 d\u00e9cembre 2025, est d\u00e9c\u00e9d\u00e9 \u00e0 l&rsquo;\u00e2ge de 76 ans, monsieur R\u00e9jean Boudreau conjoint de madame Chantal Sirois et domicili\u00e9 \u00e0 Qu\u00e9bec.<\/p>\n<p>Selon ses volont\u00e9s, il a \u00e9t\u00e9 confi\u00e9 au cr\u00e9matorium de la Maison Mallet &#038; fils pour cr\u00e9mation.<\/p>\n<p>La famille re\u00e7oit parents et amis le samedi 6 juin 2026 de 13 h \u00e0 16 h au Complexe Thanatologique Mallet &#038; fils du 585, boul. Laure \u00e0 Sept-\u00celes.<\/p>\n<p>Il laisse dans le deuil outres sa conjointe madame Chantal Sirois, ses fils : R\u00e9jean jr. et Marc, ses petits-enfants : Isabelle, Am\u00e9lie (J\u00e9r\u00e9my Brasseur), Roxanne (Simon Laforge) et Tommy (Fr\u00e9d\u00e9rique Pag\u00e9), ses arri\u00e8re-petits-enfants : Aria, Lo\u00efc, Abby, L\u00e9wis et Louana, son fr\u00e8re Eddy (Jos\u00e9e Poulin), ses s\u0153urs : Liette et Gilda, ses beaux-fr\u00e8res et ses belles-s\u0153urs : Gilbert, Marcel (Sylvie St-Laurent), R\u00e9jean, Diane (Michel Parent), Rachel, Danielle (Daniel Proulx) et Guylaine ainsi que ses neveux, ses ni\u00e8ces et de nombreux amis(e)s.<\/p>\n<p>Vos marques de sympathie peuvent se traduire par un don \u00e0 l\u2019\u00c9lyme des sables www.elymedessables.com<\/p>\n<p>La famille a confi\u00e9 les arrangements aux services professionnels de la Maison Mallet &#038; fils du 585 Boul. Laure \u00e0 Sept-\u00celes, maintenant reconnue Distinction et membre de la Corporation des Thanatologues du Qu\u00e9bec.<\/p>\n<p>Vous pouvez consulter cet avis de d\u00e9c\u00e8s sur le : www.maisonmallet.com<\/p>\n<p>Ceux et celles qui le d\u00e9sirent, peuvent y envoyer des messages de sympathie.<\/p>\n<p>[contact-form to=\u00a0\u00bbame_96@hotmail.fr\u00a0\u00bb subject=\u00a0\u00bbCondol\u00e9ances R\u00e9jean Boudreau\u00a0\u00bb][contact-field label=\u00a0\u00bbVotre nom\u00a0\u00bb type=\u00a0\u00bbname\u00a0\u00bb required=\u00a0\u00bb1&Prime;][contact-field label=\u00a0\u00bbVotre courriel\u00a0\u00bb type=\u00a0\u00bbemail\u00a0\u00bb required=\u00a0\u00bb1&Prime;][contact-field label=\u00a0\u00bbCondol\u00e9ances\u00a0\u00bb type=\u00a0\u00bbtextarea\u00a0\u00bb][\/contact-form]<\/p>\n","protected":false},"featured_media":70935,"template":"","event_cat":[6],"class_list":["post-70835","event","type-event","status-publish","has-post-thumbnail","hentry","event_cat-maison-mallet-et-fils-inc"],"_links":{"self":[{"href":"https:\/\/nouveau.maisonmallet.com\/back05_01\/index.php?rest_route=\/wp\/v2\/event\/70835","targetHints":{"allow":["GET"]}}],"collection":[{"href":"https:\/\/nouveau.maisonmallet.com\/back05_01\/index.php?rest_route=\/wp\/v2\/event"}],"about":[{"href":"https:\/\/nouveau.maisonmallet.com\/back05_01\/index.php?rest_route=\/wp\/v2\/types\/event"}],"wp:featuredmedia":[{"embeddable":true,"href":"https:\/\/nouveau.maisonmallet.com\/back05_01\/index.php?rest_route=\/wp\/v2\/media\/70935"}],"wp:attachment":[{"href":"https:\/\/nouveau.maisonmallet.com\/back05_01\/index.php?rest_route=%2Fwp%2Fv2%2Fmedia&parent=70835"}],"wp:term":[{"taxonomy":"event_cat","embeddable":true,"href":"https:\/\/nouveau.maisonmallet.com\/back05_01\/index.php?rest_route=%2Fwp%2Fv2%2Fevent_cat&post=70835"}],"curies":[{"name":"wp","href":"https:\/\/api.w.org\/{rel}","templated":true}]}}

BOUDREAU, Réjean

<p>Le Complexe Thanatologique Mallet &#038; fils a le regret de vous annoncer le décès de</p>
<p>Réjean Boudreau<br />
1948 – 2025</p>
<p>À Québec, le 12 décembre 2025, est décédé à l&rsquo;âge de 76 ans, monsieur Réjean Boudreau conjoint de madame Chantal Sirois et domicilié à Québec.</p>
<p>Selon ses volontés, il a été confié au crématorium de la Maison Mallet &#038; fils pour crémation.</p>
<p>La famille reçoit parents et amis le samedi 6 juin 2026 de 13 h à 16 h au Complexe Thanatologique Mallet &#038; fils du 585, boul. Laure à Sept-Îles.</p>
<p>Il laisse dans le deuil outres sa conjointe madame Chantal Sirois, ses fils : Réjean jr. et Marc, ses petits-enfants : Isabelle, Amélie (Jérémy Brasseur), Roxanne (Simon Laforge) et Tommy (Frédérique Pagé), ses arrière-petits-enfants : Aria, Loïc, Abby, Léwis et Louana, son frère Eddy (Josée Poulin), ses sœurs : Liette et Gilda, ses beaux-frères et ses belles-sœurs : Gilbert, Marcel (Sylvie St-Laurent), Réjean, Diane (Michel Parent), Rachel, Danielle (Daniel Proulx) et Guylaine ainsi que ses neveux, ses nièces et de nombreux amis(e)s.</p>
<p>Vos marques de sympathie peuvent se traduire par un don à l’Élyme des sables www.elymedessables.com</p>
<p>La famille a confié les arrangements aux services professionnels de la Maison Mallet &#038; fils du 585 Boul. Laure à Sept-Îles, maintenant reconnue Distinction et membre de la Corporation des Thanatologues du Québec.</p>
<p>Vous pouvez consulter cet avis de décès sur le : www.maisonmallet.com</p>
<p>Ceux et celles qui le désirent, peuvent y envoyer des messages de sympathie.</p>
<p>[contact-form to= »ame_96@hotmail.fr » subject= »Condoléances Réjean Boudreau »][contact-field label= »Votre nom » type= »name » required= »1&Prime;][contact-field label= »Votre courriel » type= »email » required= »1&Prime;][contact-field label= »Condoléances » type= »textarea »][/contact-form]</p>
