{"id":70934,"date":"2026-01-22T08:36:31","date_gmt":"2026-01-22T13:36:31","guid":{"rendered":"https:\/\/nouveau.maisonmallet.com\/?post_type=event&#038;p=70934"},"modified":"2026-01-23T11:17:12","modified_gmt":"2026-01-23T16:17:12","slug":"beaudet-suzanne","status":"publish","type":"event","link":"https:\/\/nouveau.maisonmallet.com\/back05_01\/?event=beaudet-suzanne","title":{"rendered":"BEAUDET, Suzanne"},"content":{"rendered":"<p>Le Complexe Thanatologique Mallet &#038; fils a le regret de vous annoncer le d\u00e9c\u00e8s de<\/p>\n<p>Suzanne Beaudet<br \/>\n1946 \u2013 2026<\/p>\n<p>\u00c0 Sept-\u00celes, le 19 janvier 2026, est d\u00e9c\u00e9d\u00e9e \u00e0 l&rsquo;\u00e2ge de 79 ans, madame Suzanne Beaudet \u00e9pouse de feu Claude Forest et domicili\u00e9e \u00e0 Sept-\u00celes.<\/p>\n<p>La c\u00e9r\u00e9monie comm\u00e9morative de madame Suzanne Beaudet aura lieu le samedi 16 mai 2026 \u00e0 16 h \u00e0 la chapelle du Complexe Thanatologique Mallet &#038; fils du 585, boul. Laure \u00e0 Sept-\u00celes et de l\u00e0, au cimeti\u00e8re de Clarke City. <\/p>\n<p>Selon ses volont\u00e9s, elle a \u00e9t\u00e9 confi\u00e9e au cr\u00e9matorium de la Maison Mallet &#038; fils pour cr\u00e9mation.<\/p>\n<p>La famille re\u00e7oit parents et amis le samedi 16 mai 2026 de 13 h \u00e0 16 h au Complexe Thanatologique Mallet &#038; fils du 585 Boul. Laure \u00e0 Sept-\u00celes.  <\/p>\n<p>Elle laisse dans le deuil ses enfants : Julie (Martin), Charles (Guylaine) et Jos\u00e9e, ses petits-enfants : Suzy (Rapha\u00ebl), F\u00e9lix (Catherine), Marco (Annie), Jade (Alexys), Mike, Vincent (Mathilde), Kariane (Randy) et Lysabel (Vincent), ses arri\u00e8re-petites-filles : Dahlia et Marilou ainsi que ses fr\u00e8res, ses s\u0153urs, ses beaux-fr\u00e8res, ses belles-s\u0153urs, ses neveux, ses ni\u00e8ces, ses cousins, ses cousines et ses amis(e)s.<\/p>\n<p>Elle \u00e9tait l\u2019arri\u00e8re-grand-m\u00e8re de feu Lexie. <\/p>\n<p>Vos marques de sympathie peuvent se traduire par un don \u00e0 l\u2019\u00c9lyme des sables www.elymedessables.com , \u00e0 l\u2019Association du cancer Est du Qu\u00e9bec www.aceq.org et\/ou \u00e0 la soci\u00e9t\u00e9 Alzheimer C\u00f4te-Nord www.societealzheimercotenord.com<\/p>\n<p>La famille a confi\u00e9 les arrangements aux services professionnels de la Maison Mallet &#038; fils du 585 Boul. Laure \u00e0 Sept-\u00celes, maintenant reconnue Distinction et membre de la Corporation des Thanatologues du Qu\u00e9bec.<\/p>\n<p>Vous pouvez consulter cet avis de d\u00e9c\u00e8s sur le : www.maisonmallet.com<\/p>\n<p>Ceux et celles qui le d\u00e9sirent, peuvent y envoyer des messages de sympathie.<\/p>\n<p>[contact-form to=\u00a0\u00bbchuckforest@hotmail.fr\u00a0\u00bb subject=\u00a0\u00bbCondol\u00e9ances Suzanne Beaudet\u00a0\u00bb][contact-field label=\u00a0\u00bbVotre nom\u00a0\u00bb type=\u00a0\u00bbname\u00a0\u00bb required=\u00a0\u00bb1&Prime;][contact-field label=\u00a0\u00bbVotre courriel\u00a0\u00bb type=\u00a0\u00bbemail\u00a0\u00bb required=\u00a0\u00bb1&Prime;][contact-field label=\u00a0\u00bbCondol\u00e9ances\u00a0\u00bb type=\u00a0\u00bbtextarea\u00a0\u00bb][\/contact-form]<\/p>\n","protected":false},"featured_media":70959,"template":"","event_cat":[6],"class_list":["post-70934","event","type-event","status-publish","has-post-thumbnail","hentry","event_cat-maison-mallet-et-fils-inc"],"_links":{"self":[{"href":"https:\/\/nouveau.maisonmallet.com\/back05_01\/index.php?rest_route=\/wp\/v2\/event\/70934","targetHints":{"allow":["GET"]}}],"collection":[{"href":"https:\/\/nouveau.maisonmallet.com\/back05_01\/index.php?rest_route=\/wp\/v2\/event"}],"about":[{"href":"https:\/\/nouveau.maisonmallet.com\/back05_01\/index.php?rest_route=\/wp\/v2\/types\/event"}],"wp:featuredmedia":[{"embeddable":true,"href":"https:\/\/nouveau.maisonmallet.com\/back05_01\/index.php?rest_route=\/wp\/v2\/media\/70959"}],"wp:attachment":[{"href":"https:\/\/nouveau.maisonmallet.com\/back05_01\/index.php?rest_route=%2Fwp%2Fv2%2Fmedia&parent=70934"}],"wp:term":[{"taxonomy":"event_cat","embeddable":true,"href":"https:\/\/nouveau.maisonmallet.com\/back05_01\/index.php?rest_route=%2Fwp%2Fv2%2Fevent_cat&post=70934"}],"curies":[{"name":"wp","href":"https:\/\/api.w.org\/{rel}","templated":true}]}}

<p>Le Complexe Thanatologique Mallet &#038; fils a le regret de vous annoncer le décès de</p>
<p>Suzanne Beaudet<br />
1946 – 2026</p>
<p>À Sept-Îles, le 19 janvier 2026, est décédée à l&rsquo;âge de 79 ans, madame Suzanne Beaudet épouse de feu Claude Forest et domiciliée à Sept-Îles.</p>
<p>La cérémonie commémorative de madame Suzanne Beaudet aura lieu le samedi 16 mai 2026 à 16 h à la chapelle du Complexe Thanatologique Mallet &#038; fils du 585, boul. Laure à Sept-Îles et de là, au cimetière de Clarke City. </p>
<p>Selon ses volontés, elle a été confiée au crématorium de la Maison Mallet &#038; fils pour crémation.</p>
<p>La famille reçoit parents et amis le samedi 16 mai 2026 de 13 h à 16 h au Complexe Thanatologique Mallet &#038; fils du 585 Boul. Laure à Sept-Îles.  </p>
<p>Elle laisse dans le deuil ses enfants : Julie (Martin), Charles (Guylaine) et Josée, ses petits-enfants : Suzy (Raphaël), Félix (Catherine), Marco (Annie), Jade (Alexys), Mike, Vincent (Mathilde), Kariane (Randy) et Lysabel (Vincent), ses arrière-petites-filles : Dahlia et Marilou ainsi que ses frères, ses sœurs, ses beaux-frères, ses belles-sœurs, ses neveux, ses nièces, ses cousins, ses cousines et ses amis(e)s.</p>
<p>Elle était l’arrière-grand-mère de feu Lexie. </p>
<p>Vos marques de sympathie peuvent se traduire par un don à l’Élyme des sables www.elymedessables.com , à l’Association du cancer Est du Québec www.aceq.org et/ou à la société Alzheimer Côte-Nord www.societealzheimercotenord.com</p>
<p>La famille a confié les arrangements aux services professionnels de la Maison Mallet &#038; fils du 585 Boul. Laure à Sept-Îles, maintenant reconnue Distinction et membre de la Corporation des Thanatologues du Québec.</p>
<p>Vous pouvez consulter cet avis de décès sur le : www.maisonmallet.com</p>
<p>Ceux et celles qui le désirent, peuvent y envoyer des messages de sympathie.</p>
<p>[contact-form to= »chuckforest@hotmail.fr » subject= »Condoléances Suzanne Beaudet »][contact-field label= »Votre nom » type= »name » required= »1&Prime;][contact-field label= »Votre courriel » type= »email » required= »1&Prime;][contact-field label= »Condoléances » type= »textarea »][/contact-form]</p>
