{"id":70957,"date":"2026-04-14T08:46:58","date_gmt":"2026-04-14T12:46:58","guid":{"rendered":"https:\/\/nouveau.maisonmallet.com\/?post_type=event&#038;p=70957"},"modified":"2026-04-15T16:56:27","modified_gmt":"2026-04-15T20:56:27","slug":"marceau-gino","status":"publish","type":"event","link":"https:\/\/nouveau.maisonmallet.com\/back05_01\/?event=marceau-gino","title":{"rendered":"MARCEAU, Gino"},"content":{"rendered":"<p>Le Complexe Thanatologique Mallet &#038; fils a le regret de vous annoncer le d\u00e9c\u00e8s de<\/p>\n<p>Gino Marceau<br \/>\n1962 \u2013 2026 <\/p>\n<p>\u00c0 Sept-\u00celes, le 13 janvier 2026, est d\u00e9c\u00e9d\u00e9 \u00e0 l\u2019\u00e2ge de 63 ans, monsieur Gino Marceau fils de madame Jeannine Lavoie et feu L\u00e9on-Philippe Marceau, domicili\u00e9 \u00e0 Sept-\u00celes.<\/p>\n<p>La c\u00e9r\u00e9monie comm\u00e9morative de monsieur Gino Marceau aura lieu \u00e0 une date ult\u00e9rieure. <\/p>\n<p>Selon ses volont\u00e9s, il a \u00e9t\u00e9 confi\u00e9 au cr\u00e9matorium de la Maison Mallet &#038; fils pour cr\u00e9mation.<\/p>\n<p>Il laisse dans le deuil ses fils : Mathieu (Marie-\u00c8ve Duchesne, ses enfants \u00c9douard et \u00c9mile) et Tommy (Jade Claveau), sa m\u00e8re madame Jeannine Lavoie (feu L\u00e9once Gaudreault), sa s\u0153ur Lyne, son fr\u00e8re \u00c9ric, ses ni\u00e8ces : Magalie et \u00c9milie, ses oncles, ses tantes, ses cousins, ses cousines et de nombreux ami( e )s.<\/p>\n<p>Vos marques de sympathie peuvent se traduire par un don \u00e0 l\u2019Association du cancer Est du Qu\u00e9bec www.aceq.org <\/p>\n<p>La famille a confi\u00e9 les arrangements aux services professionnels de la Maison Mallet &#038; fils du 585 Boul. Laure \u00e0 Sept-\u00celes, maintenant reconnue Distinction et membre de la Corporation des Thanatologues du Qu\u00e9bec.<\/p>\n<p>Vous pouvez consulter cet avis de d\u00e9c\u00e8s sur le : www.maisonmallet.com  <\/p>\n<p>Ceux et celles qui le d\u00e9sirent, peuvent y envoyer des messages de sympathie.<\/p>\n<p>[contact-form to=\u00a0\u00bbmarceautommy9@gmail.com\u00a0\u00bb subject=\u00a0\u00bbCondol\u00e9ances Gino Marceau\u00a0\u00bb][contact-field label=\u00a0\u00bbVotre nom\u00a0\u00bb type=\u00a0\u00bbname\u00a0\u00bb required=\u00a0\u00bb1&Prime;][contact-field label=\u00a0\u00bbVotre courriel\u00a0\u00bb type=\u00a0\u00bbemail\u00a0\u00bb required=\u00a0\u00bb1&Prime;][contact-field label=\u00a0\u00bbCondol\u00e9ances\u00a0\u00bb type=\u00a0\u00bbtextarea\u00a0\u00bb][\/contact-form]<\/p>\n","protected":false},"featured_media":70961,"template":"","event_cat":[6],"class_list":["post-70957","event","type-event","status-publish","has-post-thumbnail","hentry","event_cat-maison-mallet-et-fils-inc"],"_links":{"self":[{"href":"https:\/\/nouveau.maisonmallet.com\/back05_01\/index.php?rest_route=\/wp\/v2\/event\/70957","targetHints":{"allow":["GET"]}}],"collection":[{"href":"https:\/\/nouveau.maisonmallet.com\/back05_01\/index.php?rest_route=\/wp\/v2\/event"}],"about":[{"href":"https:\/\/nouveau.maisonmallet.com\/back05_01\/index.php?rest_route=\/wp\/v2\/types\/event"}],"wp:featuredmedia":[{"embeddable":true,"href":"https:\/\/nouveau.maisonmallet.com\/back05_01\/index.php?rest_route=\/wp\/v2\/media\/70961"}],"wp:attachment":[{"href":"https:\/\/nouveau.maisonmallet.com\/back05_01\/index.php?rest_route=%2Fwp%2Fv2%2Fmedia&parent=70957"}],"wp:term":[{"taxonomy":"event_cat","embeddable":true,"href":"https:\/\/nouveau.maisonmallet.com\/back05_01\/index.php?rest_route=%2Fwp%2Fv2%2Fevent_cat&post=70957"}],"curies":[{"name":"wp","href":"https:\/\/api.w.org\/{rel}","templated":true}]}}

<p>Le Complexe Thanatologique Mallet &#038; fils a le regret de vous annoncer le décès de</p>
<p>Gino Marceau<br />
1962 – 2026 </p>
<p>À Sept-Îles, le 13 janvier 2026, est décédé à l’âge de 63 ans, monsieur Gino Marceau fils de madame Jeannine Lavoie et feu Léon-Philippe Marceau, domicilié à Sept-Îles.</p>
<p>La cérémonie commémorative de monsieur Gino Marceau aura lieu à une date ultérieure. </p>
<p>Selon ses volontés, il a été confié au crématorium de la Maison Mallet &#038; fils pour crémation.</p>
<p>Il laisse dans le deuil ses fils : Mathieu (Marie-Ève Duchesne, ses enfants Édouard et Émile) et Tommy (Jade Claveau), sa mère madame Jeannine Lavoie (feu Léonce Gaudreault), sa sœur Lyne, son frère Éric, ses nièces : Magalie et Émilie, ses oncles, ses tantes, ses cousins, ses cousines et de nombreux ami( e )s.</p>
<p>Vos marques de sympathie peuvent se traduire par un don à l’Association du cancer Est du Québec www.aceq.org </p>
<p>La famille a confié les arrangements aux services professionnels de la Maison Mallet &#038; fils du 585 Boul. Laure à Sept-Îles, maintenant reconnue Distinction et membre de la Corporation des Thanatologues du Québec.</p>
<p>Vous pouvez consulter cet avis de décès sur le : www.maisonmallet.com  </p>
<p>Ceux et celles qui le désirent, peuvent y envoyer des messages de sympathie.</p>
<p>[contact-form to= »marceautommy9@gmail.com » subject= »Condoléances Gino Marceau »][contact-field label= »Votre nom » type= »name » required= »1&Prime;][contact-field label= »Votre courriel » type= »email » required= »1&Prime;][contact-field label= »Condoléances » type= »textarea »][/contact-form]</p>
