{"id":70960,"date":"2026-01-22T11:19:52","date_gmt":"2026-01-22T16:19:52","guid":{"rendered":"https:\/\/nouveau.maisonmallet.com\/?post_type=event&#038;p=70960"},"modified":"2026-01-23T11:44:31","modified_gmt":"2026-01-23T16:44:31","slug":"duchesneau-guy","status":"publish","type":"event","link":"https:\/\/nouveau.maisonmallet.com\/back05_01\/?event=duchesneau-guy","title":{"rendered":"DUCHESNEAU, Guy"},"content":{"rendered":"<p>Le Complexe Thanatologique Mallet &#038; fils a le regret de vous annoncer le d\u00e9c\u00e8s de<\/p>\n<p>Guy Duchesneau<br \/>\n1961 \u2013 2025<\/p>\n<p>\u00c0 Saint-J\u00e9r\u00f4me, le 24 novembre 2025, est d\u00e9c\u00e9d\u00e9 \u00e0 l\u2019\u00e2ge de 64 ans, monsieur Guy Duchesneau fils de feu Jean-Paul Duchesneau et de feu Charlotte Cudahy domicili\u00e9 \u00e0 Saint-J\u00e9r\u00f4me. <\/p>\n<p>Les rituelles fun\u00e9raire de monsieur Guy Duchesneau auront lieu \u00e0 une date ult\u00e9rieure \u00e0 Port-Cartier. <\/p>\n<p>Selon ses volont\u00e9s, il a \u00e9t\u00e9 confi\u00e9 au cr\u00e9matorium de la Maison Mallet &#038; fils pour cr\u00e9mation.<\/p>\n<p>Il laisse dans le deuil sa s\u0153ur C\u00e9cile (Yvon Savoie), ses fr\u00e8res : John-Paul et Gilles (Chantal B\u00e9langer), ses neveux, ses ni\u00e8ces ainsi que ses cousins, ses cousines et de nombreux ami(e)s.<\/p>\n<p>\u00ab Un merci sp\u00e9cial \u00e0 Edmond et Lito pour leur amiti\u00e9 et leur soutien envers Guy. \u00bb<\/p>\n<p>La famille a confi\u00e9 les arrangements fun\u00e9raires aux services professionnels de la Maison Mallet &#038; fils du 57, route 138 \u00e0 Port-Cartier, maintenant reconnue Distinction et membre de la Corporation des Thanatologues du Qu\u00e9bec.<\/p>\n<p>Vous pouvez consulter cet avis de d\u00e9c\u00e8s, sur le www.maisonmallet.com<\/p>\n<p>Ceux et celles qui le d\u00e9sirent, peuvent y envoyer des messages de sympathie.<\/p>\n<p>[contact-form to=\u00a0\u00bbduchesneaucecile@telus.net\u00a0\u00bb subject=\u00a0\u00bbCondol\u00e9ances Guy Duchesneau\u00a0\u00bb][contact-field label=\u00a0\u00bbVotre nom\u00a0\u00bb type=\u00a0\u00bbname\u00a0\u00bb required=\u00a0\u00bb1&Prime;][contact-field label=\u00a0\u00bbVotre courriel\u00a0\u00bb type=\u00a0\u00bbemail\u00a0\u00bb required=\u00a0\u00bb1&Prime;][contact-field label=\u00a0\u00bbCondol\u00e9ances\u00a0\u00bb type=\u00a0\u00bbtextarea\u00a0\u00bb][\/contact-form]<\/p>\n","protected":false},"featured_media":70968,"template":"","event_cat":[6],"class_list":["post-70960","event","type-event","status-publish","has-post-thumbnail","hentry","event_cat-maison-mallet-et-fils-inc"],"_links":{"self":[{"href":"https:\/\/nouveau.maisonmallet.com\/back05_01\/index.php?rest_route=\/wp\/v2\/event\/70960","targetHints":{"allow":["GET"]}}],"collection":[{"href":"https:\/\/nouveau.maisonmallet.com\/back05_01\/index.php?rest_route=\/wp\/v2\/event"}],"about":[{"href":"https:\/\/nouveau.maisonmallet.com\/back05_01\/index.php?rest_route=\/wp\/v2\/types\/event"}],"wp:featuredmedia":[{"embeddable":true,"href":"https:\/\/nouveau.maisonmallet.com\/back05_01\/index.php?rest_route=\/wp\/v2\/media\/70968"}],"wp:attachment":[{"href":"https:\/\/nouveau.maisonmallet.com\/back05_01\/index.php?rest_route=%2Fwp%2Fv2%2Fmedia&parent=70960"}],"wp:term":[{"taxonomy":"event_cat","embeddable":true,"href":"https:\/\/nouveau.maisonmallet.com\/back05_01\/index.php?rest_route=%2Fwp%2Fv2%2Fevent_cat&post=70960"}],"curies":[{"name":"wp","href":"https:\/\/api.w.org\/{rel}","templated":true}]}}

<p>Le Complexe Thanatologique Mallet &#038; fils a le regret de vous annoncer le décès de</p>
<p>Guy Duchesneau<br />
1961 – 2025</p>
<p>À Saint-Jérôme, le 24 novembre 2025, est décédé à l’âge de 64 ans, monsieur Guy Duchesneau fils de feu Jean-Paul Duchesneau et de feu Charlotte Cudahy domicilié à Saint-Jérôme. </p>
<p>Les rituelles funéraire de monsieur Guy Duchesneau auront lieu à une date ultérieure à Port-Cartier. </p>
<p>Selon ses volontés, il a été confié au crématorium de la Maison Mallet &#038; fils pour crémation.</p>
<p>Il laisse dans le deuil sa sœur Cécile (Yvon Savoie), ses frères : John-Paul et Gilles (Chantal Bélanger), ses neveux, ses nièces ainsi que ses cousins, ses cousines et de nombreux ami(e)s.</p>
<p>« Un merci spécial à Edmond et Lito pour leur amitié et leur soutien envers Guy. »</p>
<p>La famille a confié les arrangements funéraires aux services professionnels de la Maison Mallet &#038; fils du 57, route 138 à Port-Cartier, maintenant reconnue Distinction et membre de la Corporation des Thanatologues du Québec.</p>
<p>Vous pouvez consulter cet avis de décès, sur le www.maisonmallet.com</p>
<p>Ceux et celles qui le désirent, peuvent y envoyer des messages de sympathie.</p>
<p>[contact-form to= »duchesneaucecile@telus.net » subject= »Condoléances Guy Duchesneau »][contact-field label= »Votre nom » type= »name » required= »1&Prime;][contact-field label= »Votre courriel » type= »email » required= »1&Prime;][contact-field label= »Condoléances » type= »textarea »][/contact-form]</p>
