{"id":70967,"date":"2026-01-25T16:08:39","date_gmt":"2026-01-25T21:08:39","guid":{"rendered":"https:\/\/nouveau.maisonmallet.com\/?post_type=event&#038;p=70967"},"modified":"2026-01-26T16:13:52","modified_gmt":"2026-01-26T21:13:52","slug":"jean-exilda","status":"publish","type":"event","link":"https:\/\/nouveau.maisonmallet.com\/back05_01\/?event=jean-exilda","title":{"rendered":"JEAN, Exilda"},"content":{"rendered":"<p>Le Complexe Thanatologique Mallet &#038; fils a le regret de vous annoncer le d\u00e9c\u00e8s de<\/p>\n<p>Exilda Jean<br \/>\n1938 \u2013 2026<\/p>\n<p>\u00c0 Sept-\u00celes, le 11 janvier 2026, est d\u00e9c\u00e9d\u00e9e \u00e0 l&rsquo;\u00e2ge de 87 ans, madame Exilda Jean \u00e9pouse de feu Aur\u00e8le Boulanger et domicili\u00e9e \u00e0 Sept-\u00celes.<\/p>\n<p>Selon ses volont\u00e9s, elle a \u00e9t\u00e9 confi\u00e9e au cr\u00e9matorium de la Maison Mallet &#038; fils pour cr\u00e9mation.<\/p>\n<p>La famille re\u00e7oit parents et amis le samedi 31 janvier 2026 de 13 h \u00e0 16 h au Complexe Thanatologique Mallet &#038; fils du 585 boul. Laure \u00e0 Sept-\u00celes.  <\/p>\n<p>Elle laisse dans le deuil ses enfants : Jean-Marc, Carole (Denis St-Laurent), Marcel, Daniel, Serge et Steeve, ses petits-enfants : S\u00e9bastien (Catherine), M\u00e9lanie (Olivier), Brendon et Sharon, ses arri\u00e8re-petits-enfants : William, Anabelle, Norah et Joseph ainsi que ses beaux-fr\u00e8res, ses belles-s\u0153urs, ses neveux, ses ni\u00e8ces, ses cousins, ses cousines et ses amis(e)s.<\/p>\n<p>Elle \u00e9tait la m\u00e8re de feu Michel Boulanger.<\/p>\n<p>Vos marques de sympathie peuvent se traduire par un don \u00e0 l\u2019\u00c9lyme des sables www.elymedessables.com<\/p>\n<p>La famille a confi\u00e9 les arrangements aux services professionnels de la Maison Mallet &#038; fils du 585 boul. Laure \u00e0 Sept-\u00celes, maintenant reconnue Distinction et membre de la Corporation des Thanatologues du Qu\u00e9bec.<\/p>\n<p>Vous pouvez consulter cet avis de d\u00e9c\u00e8s sur le : www.maisonmallet.com<\/p>\n<p>Ceux et celles qui le d\u00e9sirent, peuvent y envoyer des messages de sympathie.<\/p>\n<p>[contact-form to=\u00a0\u00bbdenisstlaurent@telus.net\u00a0\u00bb subject=\u00a0\u00bbCondol\u00e9ances Exilda Jean\u00a0\u00bb][contact-field label=\u00a0\u00bbVotre nom\u00a0\u00bb type=\u00a0\u00bbname\u00a0\u00bb required=\u00a0\u00bb1&Prime;][contact-field label=\u00a0\u00bbVotre courriel\u00a0\u00bb type=\u00a0\u00bbemail\u00a0\u00bb required=\u00a0\u00bb1&Prime;][contact-field label=\u00a0\u00bbCondol\u00e9ances\u00a0\u00bb type=\u00a0\u00bbtextarea\u00a0\u00bb][\/contact-form]<\/p>\n","protected":false},"featured_media":71001,"template":"","event_cat":[6],"class_list":["post-70967","event","type-event","status-publish","has-post-thumbnail","hentry","event_cat-maison-mallet-et-fils-inc"],"_links":{"self":[{"href":"https:\/\/nouveau.maisonmallet.com\/back05_01\/index.php?rest_route=\/wp\/v2\/event\/70967","targetHints":{"allow":["GET"]}}],"collection":[{"href":"https:\/\/nouveau.maisonmallet.com\/back05_01\/index.php?rest_route=\/wp\/v2\/event"}],"about":[{"href":"https:\/\/nouveau.maisonmallet.com\/back05_01\/index.php?rest_route=\/wp\/v2\/types\/event"}],"wp:featuredmedia":[{"embeddable":true,"href":"https:\/\/nouveau.maisonmallet.com\/back05_01\/index.php?rest_route=\/wp\/v2\/media\/71001"}],"wp:attachment":[{"href":"https:\/\/nouveau.maisonmallet.com\/back05_01\/index.php?rest_route=%2Fwp%2Fv2%2Fmedia&parent=70967"}],"wp:term":[{"taxonomy":"event_cat","embeddable":true,"href":"https:\/\/nouveau.maisonmallet.com\/back05_01\/index.php?rest_route=%2Fwp%2Fv2%2Fevent_cat&post=70967"}],"curies":[{"name":"wp","href":"https:\/\/api.w.org\/{rel}","templated":true}]}}

<p>Le Complexe Thanatologique Mallet &#038; fils a le regret de vous annoncer le décès de</p>
<p>Exilda Jean<br />
1938 – 2026</p>
<p>À Sept-Îles, le 11 janvier 2026, est décédée à l&rsquo;âge de 87 ans, madame Exilda Jean épouse de feu Aurèle Boulanger et domiciliée à Sept-Îles.</p>
<p>Selon ses volontés, elle a été confiée au crématorium de la Maison Mallet &#038; fils pour crémation.</p>
<p>La famille reçoit parents et amis le samedi 31 janvier 2026 de 13 h à 16 h au Complexe Thanatologique Mallet &#038; fils du 585 boul. Laure à Sept-Îles.  </p>
<p>Elle laisse dans le deuil ses enfants : Jean-Marc, Carole (Denis St-Laurent), Marcel, Daniel, Serge et Steeve, ses petits-enfants : Sébastien (Catherine), Mélanie (Olivier), Brendon et Sharon, ses arrière-petits-enfants : William, Anabelle, Norah et Joseph ainsi que ses beaux-frères, ses belles-sœurs, ses neveux, ses nièces, ses cousins, ses cousines et ses amis(e)s.</p>
<p>Elle était la mère de feu Michel Boulanger.</p>
<p>Vos marques de sympathie peuvent se traduire par un don à l’Élyme des sables www.elymedessables.com</p>
<p>La famille a confié les arrangements aux services professionnels de la Maison Mallet &#038; fils du 585 boul. Laure à Sept-Îles, maintenant reconnue Distinction et membre de la Corporation des Thanatologues du Québec.</p>
<p>Vous pouvez consulter cet avis de décès sur le : www.maisonmallet.com</p>
<p>Ceux et celles qui le désirent, peuvent y envoyer des messages de sympathie.</p>
<p>[contact-form to= »denisstlaurent@telus.net » subject= »Condoléances Exilda Jean »][contact-field label= »Votre nom » type= »name » required= »1&Prime;][contact-field label= »Votre courriel » type= »email » required= »1&Prime;][contact-field label= »Condoléances » type= »textarea »][/contact-form]</p>
