{"id":70999,"date":"2026-01-25T16:38:06","date_gmt":"2026-01-25T21:38:06","guid":{"rendered":"https:\/\/nouveau.maisonmallet.com\/?post_type=event&#038;p=70999"},"modified":"2026-01-26T16:42:31","modified_gmt":"2026-01-26T21:42:31","slug":"blais-odette","status":"publish","type":"event","link":"https:\/\/nouveau.maisonmallet.com\/back05_01\/?event=blais-odette","title":{"rendered":"BLAIS, Odette"},"content":{"rendered":"<p>Le Complexe Thanatologique Mallet &#038; fils a le regret de vous annoncer le d\u00e9c\u00e8s de<\/p>\n<p>Odette Blais<br \/>\n1939 \u2013 2026<\/p>\n<p>\u00c0 Sept-\u00celes (maison \u00c9lyme des sables), le 17 janvier 2026, est d\u00e9c\u00e9d\u00e9e \u00e0 l\u2019\u00e2ge de 86 ans, madame Odette Blais fille de feu Pierre Blais et de feu Fernande Fournier domicili\u00e9e \u00e0 Sept-\u00celes.<\/p>\n<p>Les fun\u00e9railles de madame Odette Blais auront lieu le samedi 28 mars 2026 \u00e0 10 h 30 en l\u2019\u00e9glise Marie-Immacul\u00e9e situ\u00e9e au 180, rue Papineau \u00e0 Sept-\u00celes.<\/p>\n<p>Selon ses volont\u00e9s, elle a \u00e9t\u00e9 confi\u00e9e au cr\u00e9matorium de la Maison Mallet &#038; fils pour cr\u00e9mation.<\/p>\n<p>La famille re\u00e7oit parents et amis le vendredi 27 mars 2026 de 13 h \u00e0 16 h et de 19 h \u00e0 22 h. Le samedi 28 mars 2026, jour des fun\u00e9railles, \u00e0 compter de 9 h au Complexe Thanatologique Mallet &#038; fils du 585, boul. Laure \u00e0 Sept-\u00celes.<\/p>\n<p>Elle laisse dans le deuil ses enfants : H\u00e9l\u00e8ne (Denis Leblanc), Jean-Fran\u00e7ois (Sylvie Dub\u00e9) et Sylvie, ses petits-enfants : Carl, Keven, Yves (Denise), Fr\u00e9d\u00e9rick (Shannon), M\u00e9lanie, M\u00e9lody (Luc), Jessy-Kym (Dave), Alexandra (Jonathan) et Anthony (Marilie), ses quinze arri\u00e8re-petits-enfants, ses fr\u00e8res : Claude (Diane) et Pierre (feu Odette) ainsi que ses beaux-Fr\u00e8res, ses belles-s\u0153urs, ses neveux, ses ni\u00e8ces, ses cousins, ses cousines et de nombreux ami(e)s.  <\/p>\n<p>Elle \u00e9tait la m\u00e8re de feu Alain D\u2019Anjou (H\u00e9l\u00e8ne St-Pierre).<\/p>\n<p>Vos marques de sympathie peuvent se traduire par un don \u00e0 l\u2019\u00c9lyme des sables www.elymedessables.com<\/p>\n<p>La famille a confi\u00e9 la direction des fun\u00e9railles aux services professionnels de la Maison Mallet &#038; fils du 585, boul. Laure \u00e0 Sept-\u00celes, maintenant reconnue Distinction et membre de la Corporation des Thanatologues du Qu\u00e9bec.<\/p>\n<p>Vous pouvez consulter cet avis de d\u00e9c\u00e8s sur le www.maisonmallet.com<\/p>\n<p>Ceux et celles qui le d\u00e9sirent, peuvent y envoyer des messages de sympathies.<\/p>\n<p>[contact-form to=\u00a0\u00bbjfd@pcrplus.ca\u00a0\u00bb subject=\u00a0\u00bbCondol\u00e9ances Odette Blais\u00a0\u00bb][contact-field label=\u00a0\u00bbVotre nom\u00a0\u00bb type=\u00a0\u00bbname\u00a0\u00bb required=\u00a0\u00bb1&Prime;][contact-field label=\u00a0\u00bbVotre courriel\u00a0\u00bb type=\u00a0\u00bbemail\u00a0\u00bb required=\u00a0\u00bb1&Prime;][contact-field label=\u00a0\u00bbCondol\u00e9ances\u00a0\u00bb type=\u00a0\u00bbtextarea\u00a0\u00bb][\/contact-form]<\/p>\n","protected":false},"featured_media":71003,"template":"","event_cat":[6],"class_list":["post-70999","event","type-event","status-publish","has-post-thumbnail","hentry","event_cat-maison-mallet-et-fils-inc"],"_links":{"self":[{"href":"https:\/\/nouveau.maisonmallet.com\/back05_01\/index.php?rest_route=\/wp\/v2\/event\/70999","targetHints":{"allow":["GET"]}}],"collection":[{"href":"https:\/\/nouveau.maisonmallet.com\/back05_01\/index.php?rest_route=\/wp\/v2\/event"}],"about":[{"href":"https:\/\/nouveau.maisonmallet.com\/back05_01\/index.php?rest_route=\/wp\/v2\/types\/event"}],"wp:featuredmedia":[{"embeddable":true,"href":"https:\/\/nouveau.maisonmallet.com\/back05_01\/index.php?rest_route=\/wp\/v2\/media\/71003"}],"wp:attachment":[{"href":"https:\/\/nouveau.maisonmallet.com\/back05_01\/index.php?rest_route=%2Fwp%2Fv2%2Fmedia&parent=70999"}],"wp:term":[{"taxonomy":"event_cat","embeddable":true,"href":"https:\/\/nouveau.maisonmallet.com\/back05_01\/index.php?rest_route=%2Fwp%2Fv2%2Fevent_cat&post=70999"}],"curies":[{"name":"wp","href":"https:\/\/api.w.org\/{rel}","templated":true}]}}

<p>Le Complexe Thanatologique Mallet &#038; fils a le regret de vous annoncer le décès de</p>
<p>Odette Blais<br />
1939 – 2026</p>
<p>À Sept-Îles (maison Élyme des sables), le 17 janvier 2026, est décédée à l’âge de 86 ans, madame Odette Blais fille de feu Pierre Blais et de feu Fernande Fournier domiciliée à Sept-Îles.</p>
<p>Les funérailles de madame Odette Blais auront lieu le samedi 28 mars 2026 à 10 h 30 en l’église Marie-Immaculée située au 180, rue Papineau à Sept-Îles.</p>
<p>Selon ses volontés, elle a été confiée au crématorium de la Maison Mallet &#038; fils pour crémation.</p>
<p>La famille reçoit parents et amis le vendredi 27 mars 2026 de 13 h à 16 h et de 19 h à 22 h. Le samedi 28 mars 2026, jour des funérailles, à compter de 9 h au Complexe Thanatologique Mallet &#038; fils du 585, boul. Laure à Sept-Îles.</p>
<p>Elle laisse dans le deuil ses enfants : Hélène (Denis Leblanc), Jean-François (Sylvie Dubé) et Sylvie, ses petits-enfants : Carl, Keven, Yves (Denise), Frédérick (Shannon), Mélanie, Mélody (Luc), Jessy-Kym (Dave), Alexandra (Jonathan) et Anthony (Marilie), ses quinze arrière-petits-enfants, ses frères : Claude (Diane) et Pierre (feu Odette) ainsi que ses beaux-Frères, ses belles-sœurs, ses neveux, ses nièces, ses cousins, ses cousines et de nombreux ami(e)s.  </p>
<p>Elle était la mère de feu Alain D’Anjou (Hélène St-Pierre).</p>
<p>Vos marques de sympathie peuvent se traduire par un don à l’Élyme des sables www.elymedessables.com</p>
<p>La famille a confié la direction des funérailles aux services professionnels de la Maison Mallet &#038; fils du 585, boul. Laure à Sept-Îles, maintenant reconnue Distinction et membre de la Corporation des Thanatologues du Québec.</p>
<p>Vous pouvez consulter cet avis de décès sur le www.maisonmallet.com</p>
<p>Ceux et celles qui le désirent, peuvent y envoyer des messages de sympathies.</p>
<p>[contact-form to= »jfd@pcrplus.ca » subject= »Condoléances Odette Blais »][contact-field label= »Votre nom » type= »name » required= »1&Prime;][contact-field label= »Votre courriel » type= »email » required= »1&Prime;][contact-field label= »Condoléances » type= »textarea »][/contact-form]</p>
