{"id":71002,"date":"2026-01-25T16:44:11","date_gmt":"2026-01-25T21:44:11","guid":{"rendered":"https:\/\/nouveau.maisonmallet.com\/?post_type=event&#038;p=71002"},"modified":"2026-01-26T16:48:54","modified_gmt":"2026-01-26T21:48:54","slug":"richard-aliette","status":"publish","type":"event","link":"https:\/\/nouveau.maisonmallet.com\/back05_01\/?event=richard-aliette","title":{"rendered":"RICHARD, Aliette"},"content":{"rendered":"<p>Le Complexe Thanatologique Mallet &#038; fils a le regret de vous annoncer le d\u00e9c\u00e8s de<\/p>\n<p>Aliette Richard<br \/>\n1933 \u2013 2025<\/p>\n<p>\u00c0 Sept-\u00celes, le 30 d\u00e9cembre 2025, est d\u00e9c\u00e9d\u00e9e \u00e0 l\u2019\u00e2ge de 92 ans, madame Aliette Richard \u00e9pouse de feu Eudore Boudreault et domicili\u00e9e \u00e0 Sept-\u00celes. <\/p>\n<p>Les fun\u00e9railles de madame Aliette Richard auront lieu le samedi 30 mai 2026 \u00e0 10 h en l\u2019\u00e9glise St-C\u0153ur de Marie situ\u00e9e au 175, rue de l\u2019\u00e9glise \u00e0 Clarke-City et de l\u00e0 au cimeti\u00e8re de l\u2019endroit.<\/p>\n<p>La famille re\u00e7oit parents et amis le vendredi 29 mai 2026 de 19 h \u00e0 22 h au Complexe Thanatologique Mallet &#038; fils du 585, boul. Laure \u00e0 Sept-\u00celes. <\/p>\n<p>Elle laisse dans le deuil ses filles Jacinthe (Lucien Vollant) et H\u00e9l\u00e8ne, ses fils : Jean-Marie (Manon Lussier) et Jacques (Lorraine Poulin), ses petites-filles : Cathie (Yannick H\u00e9bert), Chantal (\u00c9ric Dallaire), Cindy (Jimmy Imbeault), Genevi\u00e8ve (Aaron Dale) et Chlo\u00e9 (Simon Vincent), ses petits-fils : St\u00e9phane (Jessica Lapointe), Fr\u00e9d\u00e9ric (Myl\u00e8ne Corneau) et Simon, ses neuf arri\u00e8re-petits-enfants ainsi que son fr\u00e8re Maurice (May Lajoie), ses beaux-fr\u00e8res, ses belles-s\u0153urs, ses neveux, ses ni\u00e8ces, ses cousins, ses cousines et de nombreux ami(e)s.<\/p>\n<p>Vos marques de sympathie peuvent se traduire par un don \u00e0 l\u2019\u00c9lyme des sables www.elymedessables.com <\/p>\n<p>La famille a confi\u00e9 la direction des fun\u00e9railles aux services professionnels de la Maison Mallet &#038; fils du 585 boul. Laure \u00e0 Sept-\u00celes, maintenant reconnue Distinction et membre de la Corporation des Thanatologues du Qu\u00e9bec.<\/p>\n<p>Vous pouvez consulter cet avis de d\u00e9c\u00e8s sur le www.maisonmallet.com<\/p>\n<p>Ceux et celles qui le d\u00e9sirent peuvent y envoyer des t\u00e9moignages de sympathie.<\/p>\n<p>[contact-form to=\u00a0\u00bbjc.2110@hotmail.com\u00a0\u00bb subject=\u00a0\u00bbCondol\u00e9ances Aliette Richard\u00a0\u00bb][contact-field label=\u00a0\u00bbVotre nom\u00a0\u00bb type=\u00a0\u00bbname\u00a0\u00bb required=\u00a0\u00bb1&Prime;][contact-field label=\u00a0\u00bbVotre courriel\u00a0\u00bb type=\u00a0\u00bbemail\u00a0\u00bb required=\u00a0\u00bb1&Prime;][contact-field label=\u00a0\u00bbCondol\u00e9ances\u00a0\u00bb type=\u00a0\u00bbtextarea\u00a0\u00bb][\/contact-form]<\/p>\n","protected":false},"featured_media":71005,"template":"","event_cat":[6],"class_list":["post-71002","event","type-event","status-publish","has-post-thumbnail","hentry","event_cat-maison-mallet-et-fils-inc"],"_links":{"self":[{"href":"https:\/\/nouveau.maisonmallet.com\/back05_01\/index.php?rest_route=\/wp\/v2\/event\/71002","targetHints":{"allow":["GET"]}}],"collection":[{"href":"https:\/\/nouveau.maisonmallet.com\/back05_01\/index.php?rest_route=\/wp\/v2\/event"}],"about":[{"href":"https:\/\/nouveau.maisonmallet.com\/back05_01\/index.php?rest_route=\/wp\/v2\/types\/event"}],"wp:featuredmedia":[{"embeddable":true,"href":"https:\/\/nouveau.maisonmallet.com\/back05_01\/index.php?rest_route=\/wp\/v2\/media\/71005"}],"wp:attachment":[{"href":"https:\/\/nouveau.maisonmallet.com\/back05_01\/index.php?rest_route=%2Fwp%2Fv2%2Fmedia&parent=71002"}],"wp:term":[{"taxonomy":"event_cat","embeddable":true,"href":"https:\/\/nouveau.maisonmallet.com\/back05_01\/index.php?rest_route=%2Fwp%2Fv2%2Fevent_cat&post=71002"}],"curies":[{"name":"wp","href":"https:\/\/api.w.org\/{rel}","templated":true}]}}

<p>Le Complexe Thanatologique Mallet &#038; fils a le regret de vous annoncer le décès de</p>
<p>Aliette Richard<br />
1933 – 2025</p>
<p>À Sept-Îles, le 30 décembre 2025, est décédée à l’âge de 92 ans, madame Aliette Richard épouse de feu Eudore Boudreault et domiciliée à Sept-Îles. </p>
<p>Les funérailles de madame Aliette Richard auront lieu le samedi 30 mai 2026 à 10 h en l’église St-Cœur de Marie située au 175, rue de l’église à Clarke-City et de là au cimetière de l’endroit.</p>
<p>La famille reçoit parents et amis le vendredi 29 mai 2026 de 19 h à 22 h au Complexe Thanatologique Mallet &#038; fils du 585, boul. Laure à Sept-Îles. </p>
<p>Elle laisse dans le deuil ses filles Jacinthe (Lucien Vollant) et Hélène, ses fils : Jean-Marie (Manon Lussier) et Jacques (Lorraine Poulin), ses petites-filles : Cathie (Yannick Hébert), Chantal (Éric Dallaire), Cindy (Jimmy Imbeault), Geneviève (Aaron Dale) et Chloé (Simon Vincent), ses petits-fils : Stéphane (Jessica Lapointe), Frédéric (Mylène Corneau) et Simon, ses neuf arrière-petits-enfants ainsi que son frère Maurice (May Lajoie), ses beaux-frères, ses belles-sœurs, ses neveux, ses nièces, ses cousins, ses cousines et de nombreux ami(e)s.</p>
<p>Vos marques de sympathie peuvent se traduire par un don à l’Élyme des sables www.elymedessables.com </p>
<p>La famille a confié la direction des funérailles aux services professionnels de la Maison Mallet &#038; fils du 585 boul. Laure à Sept-Îles, maintenant reconnue Distinction et membre de la Corporation des Thanatologues du Québec.</p>
<p>Vous pouvez consulter cet avis de décès sur le www.maisonmallet.com</p>
<p>Ceux et celles qui le désirent peuvent y envoyer des témoignages de sympathie.</p>
<p>[contact-form to= »jc.2110@hotmail.com » subject= »Condoléances Aliette Richard »][contact-field label= »Votre nom » type= »name » required= »1&Prime;][contact-field label= »Votre courriel » type= »email » required= »1&Prime;][contact-field label= »Condoléances » type= »textarea »][/contact-form]</p>
