{"id":71004,"date":"2026-01-25T16:51:46","date_gmt":"2026-01-25T21:51:46","guid":{"rendered":"https:\/\/nouveau.maisonmallet.com\/?post_type=event&#038;p=71004"},"modified":"2026-02-02T15:39:23","modified_gmt":"2026-02-02T20:39:23","slug":"corneau-francoise","status":"publish","type":"event","link":"https:\/\/nouveau.maisonmallet.com\/back05_01\/?event=corneau-francoise","title":{"rendered":"CORNEAU, Fran\u00e7oise"},"content":{"rendered":"<p>Le Complexe Thanatologique Mallet &#038; fils a le regret de vous annoncer le d\u00e9c\u00e8s de<\/p>\n<p>Fran\u00e7oise Corneau<br \/>\n1948 \u2013 2026<\/p>\n<p>\u00c0 Sept-\u00celes (maison l\u2019\u00c9lyme des sables), le 21 janvier 2026, est d\u00e9c\u00e9d\u00e9e \u00e0 l\u2019\u00e2ge de 77 ans, madame Fran\u00e7oise Corneau \u00e9pouse de Ga\u00ebtan Bezeau, native de Chicoutimi et domicili\u00e9e \u00e0 Sept-\u00celes.<\/p>\n<p>Les rituels fun\u00e9raires de madame Fran\u00e7oise Corneau aura lieu \u00e0 une date ult\u00e9rieure dans sa r\u00e9gion natale le Saguenay-Lac-St-Jean.<\/p>\n<p>Selon ses volont\u00e9s, elle a \u00e9t\u00e9 confi\u00e9e au cr\u00e9matorium de la Maison Mallet &#038; fils pour cr\u00e9mation.<\/p>\n<p>Elle laisse dans le deuil outre son \u00e9poux monsieur Ga\u00ebtan Bezeau, ses enfants : Isabelle (Nadine Girouard) et Alexandre (Julie Marcheterre), ses petits-fils : Edouard et Jacob, ses fr\u00e8res et ses s\u0153urs : Carole (feu Michel Tremblay, Jean-Yves Fortin), Jacynthe (Antoine Thibeault), Viviane (Rock Tremblay), Christiane (Serge Maltais), Richard (Julie Ranger), Guylaine (Gilles Loiselle), son beau-fr\u00e8re, ses belles-s\u0153urs, ses neveux, ses ni\u00e8ces, ses tantes, ses cousins, ses cousines, ses ami(e)s et tous ceux qui ont eu le bonheur de la c\u00f4toyer.<\/p>\n<p>Elle \u00e9tait la s\u0153ur de feu Sylvain Corneau (Johanne Bertrand).  <\/p>\n<p>Nous nous souviendrons toujours de ta d\u00e9termination, ta loyaut\u00e9, ta libert\u00e9 et ta soif d\u2019aventure! <\/p>\n<p>La famille tient \u00e0 remercier la maison l\u2019\u00c9lyme des sables et l\u2019h\u00f4pital de Sept-\u00celes pour leurs bons soins.<\/p>\n<p>Vos marques de sympathie peuvent se traduire par un don \u00e0 l\u2019\u00c9lyme des sables www.elymedessables.com et ou \u00e0 la soci\u00e9t\u00e9 Alzheimer C\u00f4te-Nord www.societealzheimercotenord.com<\/p>\n<p>La famille a confi\u00e9 les arrangements fun\u00e9raires aux services professionnels de la Maison Mallet &#038; fils du 585, boul. Laure \u00e0 Sept-\u00celes, maintenant reconnue Distinction et membre de la Corporation des Thanatologues du Qu\u00e9bec.<\/p>\n<p>Vous pouvez consulter cet avis de d\u00e9c\u00e8s, sur le www.maisonmallet.com <\/p>\n<p>Ceux et celles qui le d\u00e9sirent, peuvent y envoyer des messages de sympathie.<\/p>\n<p>[contact-form to=\u00a0\u00bbisabellebezeau@hotmail.com\u00a0\u00bb subject=\u00a0\u00bbCondol\u00e9ances Fran\u00e7oise Corneau\u00a0\u00bb][contact-field label=\u00a0\u00bbVotre nom\u00a0\u00bb type=\u00a0\u00bbname\u00a0\u00bb required=\u00a0\u00bb1&Prime;][contact-field label=\u00a0\u00bbVotre courriel\u00a0\u00bb type=\u00a0\u00bbemail\u00a0\u00bb required=\u00a0\u00bb1&Prime;][contact-field label=\u00a0\u00bbCondol\u00e9ances\u00a0\u00bb type=\u00a0\u00bbtextarea\u00a0\u00bb][\/contact-form]<\/p>\n","protected":false},"featured_media":71007,"template":"","event_cat":[6],"class_list":["post-71004","event","type-event","status-publish","has-post-thumbnail","hentry","event_cat-maison-mallet-et-fils-inc"],"_links":{"self":[{"href":"https:\/\/nouveau.maisonmallet.com\/back05_01\/index.php?rest_route=\/wp\/v2\/event\/71004","targetHints":{"allow":["GET"]}}],"collection":[{"href":"https:\/\/nouveau.maisonmallet.com\/back05_01\/index.php?rest_route=\/wp\/v2\/event"}],"about":[{"href":"https:\/\/nouveau.maisonmallet.com\/back05_01\/index.php?rest_route=\/wp\/v2\/types\/event"}],"wp:featuredmedia":[{"embeddable":true,"href":"https:\/\/nouveau.maisonmallet.com\/back05_01\/index.php?rest_route=\/wp\/v2\/media\/71007"}],"wp:attachment":[{"href":"https:\/\/nouveau.maisonmallet.com\/back05_01\/index.php?rest_route=%2Fwp%2Fv2%2Fmedia&parent=71004"}],"wp:term":[{"taxonomy":"event_cat","embeddable":true,"href":"https:\/\/nouveau.maisonmallet.com\/back05_01\/index.php?rest_route=%2Fwp%2Fv2%2Fevent_cat&post=71004"}],"curies":[{"name":"wp","href":"https:\/\/api.w.org\/{rel}","templated":true}]}}

CORNEAU, Françoise

<p>Le Complexe Thanatologique Mallet &#038; fils a le regret de vous annoncer le décès de</p>
<p>Françoise Corneau<br />
1948 – 2026</p>
<p>À Sept-Îles (maison l’Élyme des sables), le 21 janvier 2026, est décédée à l’âge de 77 ans, madame Françoise Corneau épouse de Gaëtan Bezeau, native de Chicoutimi et domiciliée à Sept-Îles.</p>
<p>Les rituels funéraires de madame Françoise Corneau aura lieu à une date ultérieure dans sa région natale le Saguenay-Lac-St-Jean.</p>
<p>Selon ses volontés, elle a été confiée au crématorium de la Maison Mallet &#038; fils pour crémation.</p>
<p>Elle laisse dans le deuil outre son époux monsieur Gaëtan Bezeau, ses enfants : Isabelle (Nadine Girouard) et Alexandre (Julie Marcheterre), ses petits-fils : Edouard et Jacob, ses frères et ses sœurs : Carole (feu Michel Tremblay, Jean-Yves Fortin), Jacynthe (Antoine Thibeault), Viviane (Rock Tremblay), Christiane (Serge Maltais), Richard (Julie Ranger), Guylaine (Gilles Loiselle), son beau-frère, ses belles-sœurs, ses neveux, ses nièces, ses tantes, ses cousins, ses cousines, ses ami(e)s et tous ceux qui ont eu le bonheur de la côtoyer.</p>
<p>Elle était la sœur de feu Sylvain Corneau (Johanne Bertrand).  </p>
<p>Nous nous souviendrons toujours de ta détermination, ta loyauté, ta liberté et ta soif d’aventure! </p>
<p>La famille tient à remercier la maison l’Élyme des sables et l’hôpital de Sept-Îles pour leurs bons soins.</p>
<p>Vos marques de sympathie peuvent se traduire par un don à l’Élyme des sables www.elymedessables.com et ou à la société Alzheimer Côte-Nord www.societealzheimercotenord.com</p>
<p>La famille a confié les arrangements funéraires aux services professionnels de la Maison Mallet &#038; fils du 585, boul. Laure à Sept-Îles, maintenant reconnue Distinction et membre de la Corporation des Thanatologues du Québec.</p>
<p>Vous pouvez consulter cet avis de décès, sur le www.maisonmallet.com </p>
<p>Ceux et celles qui le désirent, peuvent y envoyer des messages de sympathie.</p>
<p>[contact-form to= »isabellebezeau@hotmail.com » subject= »Condoléances Françoise Corneau »][contact-field label= »Votre nom » type= »name » required= »1&Prime;][contact-field label= »Votre courriel » type= »email » required= »1&Prime;][contact-field label= »Condoléances » type= »textarea »][/contact-form]</p>
