{"id":71006,"date":"2026-01-27T10:23:40","date_gmt":"2026-01-27T15:23:40","guid":{"rendered":"https:\/\/nouveau.maisonmallet.com\/?post_type=event&#038;p=71006"},"modified":"2026-01-27T10:23:40","modified_gmt":"2026-01-27T15:23:40","slug":"girard-johanne","status":"publish","type":"event","link":"https:\/\/nouveau.maisonmallet.com\/back05_01\/?event=girard-johanne","title":{"rendered":"GIRARD, Johanne"},"content":{"rendered":"<p>La Maison L.J.G. Mallet a le regret de vous annoncer le d\u00e9c\u00e8s de<\/p>\n<p>Johanne Girard<br \/>\n1961 \u2013 2026<\/p>\n<p>\u00c0 Havre Saint-Pierre, le 26 janvier 2026, est d\u00e9c\u00e9d\u00e9e \u00e0 l\u2019\u00e2ge de 64 ans, madame Johanne Girard conjointe de madame \u00c9liane Cormier et domicili\u00e9e \u00e0 Havre Saint-Pierre.<\/p>\n<p>Les fun\u00e9railles de madame Johanne Girard auront lieu le samedi 31 janvier 2026 \u00e0 11 h en l\u2019\u00e9glise St-Pierre situ\u00e9e au 742, rue Bor\u00e9al \u00e0 Havre Saint-Pierre.  <\/p>\n<p>Selon ses volont\u00e9s, elle a \u00e9t\u00e9 confi\u00e9e au cr\u00e9matorium de la Maison L.J.G. Mallet pour cr\u00e9mation.<\/p>\n<p>La famille re\u00e7oit parents et amis le samedi 31 janvier 2026, de 10 h \u00e0 11 h \u00e0 l\u2019\u00e9glise St-Pierre situ\u00e9e au 742, rue Bor\u00e9al \u00e0 Havre Saint-Pierre.  <\/p>\n<p>Elle laisse dans le deuil sa conjointe madame \u00c9liane Cormier, ses s\u0153urs : Micheline (feu Erol Kinazi), Lulu (Sylvain Jomphe), Dani\u00e8le (L\u00e9o Poulin) et C\u00e9cile (Jean-Guy Joubert), son fr\u00e8re Jean-Francois, ses beaux-fr\u00e8res : Serge (Michele Bernier), Germain (Roseline Guillemette), R\u00e9mi et Francois (Nathalie Th\u00e9riault) ainsi que ses neveux, ses ni\u00e8ces, ses oncles, ses tantes, ses cousins, ses cousines et de nombreux ami(e)s. <\/p>\n<p>Vos marques de sympathie peuvent se traduire par un don au Centre de Sant\u00e9 de la Minganie.  <\/p>\n<p>La famille a confi\u00e9 la direction des fun\u00e9railles aux services professionnels de la Maison L.J.G. Mallet du 1429, rue du Canot \u00e0 Havre Saint-Pierre, maintenant reconnue Distinction et membre de la Corporation des Thanatologues du Qu\u00e9bec.<\/p>\n<p>Vous pouvez consulter cet avis de d\u00e9c\u00e8s sur le www.maisonmallet.com<\/p>\n<p>Ceux et celles qui le d\u00e9sirent, peuvent y envoyer des messages de sympathie.<\/p>\n<p>[contact-form to=\u00a0\u00bbelianecormier@rtccable.com\u00a0\u00bb subject=\u00a0\u00bbCondol\u00e9ances Johanne Girard\u00a0\u00bb][contact-field label=\u00a0\u00bbVotre nom\u00a0\u00bb type=\u00a0\u00bbname\u00a0\u00bb required=\u00a0\u00bb1&Prime;][contact-field label=\u00a0\u00bbVotre courriel\u00a0\u00bb type=\u00a0\u00bbemail\u00a0\u00bb required=\u00a0\u00bb1&Prime;][contact-field label=\u00a0\u00bbCondol\u00e9ances\u00a0\u00bb type=\u00a0\u00bbtextarea\u00a0\u00bb][\/contact-form]<\/p>\n","protected":false},"featured_media":71054,"template":"","event_cat":[7],"class_list":["post-71006","event","type-event","status-publish","has-post-thumbnail","hentry","event_cat-maison-l-j-g-mallet-inc"],"_links":{"self":[{"href":"https:\/\/nouveau.maisonmallet.com\/back05_01\/index.php?rest_route=\/wp\/v2\/event\/71006","targetHints":{"allow":["GET"]}}],"collection":[{"href":"https:\/\/nouveau.maisonmallet.com\/back05_01\/index.php?rest_route=\/wp\/v2\/event"}],"about":[{"href":"https:\/\/nouveau.maisonmallet.com\/back05_01\/index.php?rest_route=\/wp\/v2\/types\/event"}],"wp:featuredmedia":[{"embeddable":true,"href":"https:\/\/nouveau.maisonmallet.com\/back05_01\/index.php?rest_route=\/wp\/v2\/media\/71054"}],"wp:attachment":[{"href":"https:\/\/nouveau.maisonmallet.com\/back05_01\/index.php?rest_route=%2Fwp%2Fv2%2Fmedia&parent=71006"}],"wp:term":[{"taxonomy":"event_cat","embeddable":true,"href":"https:\/\/nouveau.maisonmallet.com\/back05_01\/index.php?rest_route=%2Fwp%2Fv2%2Fevent_cat&post=71006"}],"curies":[{"name":"wp","href":"https:\/\/api.w.org\/{rel}","templated":true}]}}

<p>La Maison L.J.G. Mallet a le regret de vous annoncer le décès de</p>
<p>Johanne Girard<br />
1961 – 2026</p>
<p>À Havre Saint-Pierre, le 26 janvier 2026, est décédée à l’âge de 64 ans, madame Johanne Girard conjointe de madame Éliane Cormier et domiciliée à Havre Saint-Pierre.</p>
<p>Les funérailles de madame Johanne Girard auront lieu le samedi 31 janvier 2026 à 11 h en l’église St-Pierre située au 742, rue Boréal à Havre Saint-Pierre.  </p>
<p>Selon ses volontés, elle a été confiée au crématorium de la Maison L.J.G. Mallet pour crémation.</p>
<p>La famille reçoit parents et amis le samedi 31 janvier 2026, de 10 h à 11 h à l’église St-Pierre située au 742, rue Boréal à Havre Saint-Pierre.  </p>
<p>Elle laisse dans le deuil sa conjointe madame Éliane Cormier, ses sœurs : Micheline (feu Erol Kinazi), Lulu (Sylvain Jomphe), Danièle (Léo Poulin) et Cécile (Jean-Guy Joubert), son frère Jean-Francois, ses beaux-frères : Serge (Michele Bernier), Germain (Roseline Guillemette), Rémi et Francois (Nathalie Thériault) ainsi que ses neveux, ses nièces, ses oncles, ses tantes, ses cousins, ses cousines et de nombreux ami(e)s. </p>
<p>Vos marques de sympathie peuvent se traduire par un don au Centre de Santé de la Minganie.  </p>
<p>La famille a confié la direction des funérailles aux services professionnels de la Maison L.J.G. Mallet du 1429, rue du Canot à Havre Saint-Pierre, maintenant reconnue Distinction et membre de la Corporation des Thanatologues du Québec.</p>
<p>Vous pouvez consulter cet avis de décès sur le www.maisonmallet.com</p>
<p>Ceux et celles qui le désirent, peuvent y envoyer des messages de sympathie.</p>
<p>[contact-form to= »elianecormier@rtccable.com » subject= »Condoléances Johanne Girard »][contact-field label= »Votre nom » type= »name » required= »1&Prime;][contact-field label= »Votre courriel » type= »email » required= »1&Prime;][contact-field label= »Condoléances » type= »textarea »][/contact-form]</p>
