{"id":71150,"date":"2026-01-30T15:31:26","date_gmt":"2026-01-30T20:31:26","guid":{"rendered":"https:\/\/nouveau.maisonmallet.com\/?post_type=event&#038;p=71150"},"modified":"2026-02-20T20:49:15","modified_gmt":"2026-02-21T01:49:15","slug":"perron-edmond","status":"publish","type":"event","link":"https:\/\/nouveau.maisonmallet.com\/back05_01\/?event=perron-edmond","title":{"rendered":"PERRON, Edmond"},"content":{"rendered":"<p>La Maison L.J.G. Mallet a le regret de vous annoncer le d\u00e9c\u00e8s de <\/p>\n<p>Edmond Perron<br \/>\n1940 \u2013 2026<\/p>\n<p>\u00c0 Havre Saint-Pierre, le 25 janvier 2026, est d\u00e9c\u00e9d\u00e9 \u00e0 l\u2019\u00e2ge de 85 ans monsieur Edmond Perron \u00e9poux de feu C\u00e9line Moreau, conjoint de feu Raymonde Hounzell et domicili\u00e9 \u00e0 Havre Saint-Pierre.<\/p>\n<p>Les fun\u00e9railles de monsieur Edmond Perron auront lieu le samedi 16 mai 2026 \u00e0 11 h en l\u2019\u00e9glise St-Pierre situ\u00e9e au 742, rue Bor\u00e9al \u00e0 Havre Saint-Pierre et de l\u00e0 au cimeti\u00e8re de Havre Saint-Pierre.<\/p>\n<p>Selon ses volont\u00e9s il a \u00e9t\u00e9 confi\u00e9 au cr\u00e9matorium de la Maison L.J.G. Mallet pour cr\u00e9mation. <\/p>\n<p>La famille re\u00e7oit parents et amis le samedi 16 mai 2026 de 10 h \u00e0 11 h \u00e0 l\u2019\u00e9glise St-Pierre situ\u00e9e au 742, rue Bor\u00e9al \u00e0 Havre Saint-Pierre. <\/p>\n<p>Il laisse dans le deuil ses fr\u00e8res : Jean-Paul, Roger (Mariette Cormier), Georges-Henri et Marcel (Manon S\u00e9vigny), ses s\u0153urs : Madeleine, Georgine (Andr\u00e9 Ross), Lucille (Joseph Bri\u00e8re), Carmen (Gilles Lalanne) et Suzanne (Jocelyn Ouellet), ses beaux-fils : Steeve Cormier (Nadine Boudreau leurs enfants : Alex, Ana\u00ebl et Mathias) et Sylvain Cormier ( Annie Giasson leurs enfants : William et Lo\u00efck) ainsi que la belle-famille Hounsell et Cormier,  ses neveux, ses ni\u00e8ces, ses cousins, ses cousines et de nombreux amis.<\/p>\n<p>Il \u00e9tait le fr\u00e8re de : feu Marie-Claire (Yves Mass\u00e9) et de feu Jacques (Jacqueline Blais). <\/p>\n<p>Il \u00e9tait le beau-fr\u00e8re de feu Michel Girard et de feu Myreille Lussier.<\/p>\n<p>Vos marques de sympathie peuvent se traduire par un don au Centre de Sant\u00e9 de la Minganie.  <\/p>\n<p>La famille a confi\u00e9 la direction des fun\u00e9railles aux services professionnels de la Maison L.J.G. Mallet du 1429, rue du Canot \u00e0 Havre Saint-Pierre, maintenant reconnue Distinction et membre de la Corporation des Thanatologues du Qu\u00e9bec.<\/p>\n<p>Vous pouvez consulter cet avis de d\u00e9c\u00e8s, sur le site web \u00e0 l\u2019adresse  www.maisonmallet.com  <\/p>\n<p>Ceux et celles qui le d\u00e9sirent, peuvent y envoyer des messages de sympathie.<\/p>\n<p>[contact-form to=\u00a0\u00bbmadogirard5@gmail.com\u00a0\u00bb subject=\u00a0\u00bbCondol\u00e9ances Edmond Perron\u00a0\u00bb][contact-field label=\u00a0\u00bbVotre nom\u00a0\u00bb type=\u00a0\u00bbname\u00a0\u00bb required=\u00a0\u00bb1&Prime;][contact-field label=\u00a0\u00bbVotre courriel\u00a0\u00bb type=\u00a0\u00bbemail\u00a0\u00bb required=\u00a0\u00bb1&Prime;][contact-field label=\u00a0\u00bbCondol\u00e9ances\u00a0\u00bb type=\u00a0\u00bbtextarea\u00a0\u00bb][\/contact-form]<\/p>\n","protected":false},"featured_media":71199,"template":"","event_cat":[7],"class_list":["post-71150","event","type-event","status-publish","has-post-thumbnail","hentry","event_cat-maison-l-j-g-mallet-inc"],"_links":{"self":[{"href":"https:\/\/nouveau.maisonmallet.com\/back05_01\/index.php?rest_route=\/wp\/v2\/event\/71150","targetHints":{"allow":["GET"]}}],"collection":[{"href":"https:\/\/nouveau.maisonmallet.com\/back05_01\/index.php?rest_route=\/wp\/v2\/event"}],"about":[{"href":"https:\/\/nouveau.maisonmallet.com\/back05_01\/index.php?rest_route=\/wp\/v2\/types\/event"}],"wp:featuredmedia":[{"embeddable":true,"href":"https:\/\/nouveau.maisonmallet.com\/back05_01\/index.php?rest_route=\/wp\/v2\/media\/71199"}],"wp:attachment":[{"href":"https:\/\/nouveau.maisonmallet.com\/back05_01\/index.php?rest_route=%2Fwp%2Fv2%2Fmedia&parent=71150"}],"wp:term":[{"taxonomy":"event_cat","embeddable":true,"href":"https:\/\/nouveau.maisonmallet.com\/back05_01\/index.php?rest_route=%2Fwp%2Fv2%2Fevent_cat&post=71150"}],"curies":[{"name":"wp","href":"https:\/\/api.w.org\/{rel}","templated":true}]}}

<p>La Maison L.J.G. Mallet a le regret de vous annoncer le décès de </p>
<p>Edmond Perron<br />
1940 – 2026</p>
<p>À Havre Saint-Pierre, le 25 janvier 2026, est décédé à l’âge de 85 ans monsieur Edmond Perron époux de feu Céline Moreau, conjoint de feu Raymonde Hounzell et domicilié à Havre Saint-Pierre.</p>
<p>Les funérailles de monsieur Edmond Perron auront lieu le samedi 16 mai 2026 à 11 h en l’église St-Pierre située au 742, rue Boréal à Havre Saint-Pierre et de là au cimetière de Havre Saint-Pierre.</p>
<p>Selon ses volontés il a été confié au crématorium de la Maison L.J.G. Mallet pour crémation. </p>
<p>La famille reçoit parents et amis le samedi 16 mai 2026 de 10 h à 11 h à l’église St-Pierre située au 742, rue Boréal à Havre Saint-Pierre. </p>
<p>Il laisse dans le deuil ses frères : Jean-Paul, Roger (Mariette Cormier), Georges-Henri et Marcel (Manon Sévigny), ses sœurs : Madeleine, Georgine (André Ross), Lucille (Joseph Brière), Carmen (Gilles Lalanne) et Suzanne (Jocelyn Ouellet), ses beaux-fils : Steeve Cormier (Nadine Boudreau leurs enfants : Alex, Anaël et Mathias) et Sylvain Cormier ( Annie Giasson leurs enfants : William et Loïck) ainsi que la belle-famille Hounsell et Cormier,  ses neveux, ses nièces, ses cousins, ses cousines et de nombreux amis.</p>
<p>Il était le frère de : feu Marie-Claire (Yves Massé) et de feu Jacques (Jacqueline Blais). </p>
<p>Il était le beau-frère de feu Michel Girard et de feu Myreille Lussier.</p>
<p>Vos marques de sympathie peuvent se traduire par un don au Centre de Santé de la Minganie.  </p>
<p>La famille a confié la direction des funérailles aux services professionnels de la Maison L.J.G. Mallet du 1429, rue du Canot à Havre Saint-Pierre, maintenant reconnue Distinction et membre de la Corporation des Thanatologues du Québec.</p>
<p>Vous pouvez consulter cet avis de décès, sur le site web à l’adresse  www.maisonmallet.com  </p>
<p>Ceux et celles qui le désirent, peuvent y envoyer des messages de sympathie.</p>
<p>[contact-form to= »madogirard5@gmail.com » subject= »Condoléances Edmond Perron »][contact-field label= »Votre nom » type= »name » required= »1&Prime;][contact-field label= »Votre courriel » type= »email » required= »1&Prime;][contact-field label= »Condoléances » type= »textarea »][/contact-form]</p>
