{"id":71229,"date":"2026-02-03T15:07:01","date_gmt":"2026-02-03T20:07:01","guid":{"rendered":"https:\/\/nouveau.maisonmallet.com\/?post_type=event&#038;p=71229"},"modified":"2026-02-04T15:12:15","modified_gmt":"2026-02-04T20:12:15","slug":"carrier-bertrand-bert","status":"publish","type":"event","link":"https:\/\/nouveau.maisonmallet.com\/back05_01\/?event=carrier-bertrand-bert","title":{"rendered":"CARRIER, Bertrand &lsquo;Bert&rsquo;"},"content":{"rendered":"<p>Le Complexe Thanatologique Mallet &#038; fils a le regret de vous annoncer le d\u00e9c\u00e8s de<\/p>\n<p>Bertrand \u2018Bert\u2019 Carrier<br \/>\n1931 \u2013 2026<\/p>\n<p>\u00c0 Sept-\u00celes (maison l\u2019\u00c9lyme des sables), le 2 f\u00e9vrier 2026, est d\u00e9c\u00e9d\u00e9 \u00e0 l\u2019\u00e2ge de 94 ans, monsieur Bertrand \u2018Bert\u2019 Carrier \u00e9poux de feu Lise Therriault et domicili\u00e9 \u00e0 Sept-\u00celes.<\/p>\n<p>La c\u00e9r\u00e9monie comm\u00e9morative de monsieur Bertrand \u2018Bert\u2019 Carrier aura lieu le samedi 7 f\u00e9vrier 2026 \u00e0 15 h 30 \u00e0 la chapelle du Complexe Thanatologique Mallet &#038; fils du 585, boul. Laure \u00e0 Sept-\u00celes et de l\u00e0 au Colombarium de la Maison Mallet &#038; fils.<\/p>\n<p>Selon ses volont\u00e9s, il a \u00e9t\u00e9 confi\u00e9 au cr\u00e9matorium de la Maison Mallet &#038; fils pour cr\u00e9mation.<\/p>\n<p>La famille re\u00e7oit parents et amis le samedi 7 f\u00e9vrier 2026 de 13 h \u00e0 16 h au Complexe Thanatologique Mallet &#038; fils du 585, boul. Laure \u00e0 Sept-\u00celes.  <\/p>\n<p>Il laisse dans le deuil ses filles : Odette, Mich\u00e8le et Isabelle, ses petites-filles : Jo\u00eblle (R\u00e9my Dubois) et Am\u00e9lie (Laurianne Gagnon), ses arri\u00e8re-petits-enfants : L\u00e9a, Thomas et Fabien, son fr\u00e8re Andr\u00e9, ses s\u0153urs : Solange, C\u00e9line et Jocelyne ainsi que ses beaux-fr\u00e8res, ses belles-s\u0153urs, ses neveux, ses ni\u00e8ces, ses cousins, ses cousines et de nombreux ami(e)s.<\/p>\n<p>La famille tient \u00e0 remercier tout particuli\u00e8rement, la Dre. Laurence Deschesnes ainsi que tout le personnel de la maison l\u2019\u00c9lyme des sables pour les bons soins apport\u00e9s. <\/p>\n<p>Vos marques de sympathie peuvent se traduire par un don \u00e0 l\u2019\u00c9lyme des sables www.elymedessables.com<\/p>\n<p>La famille a confi\u00e9 les arrangements fun\u00e9raires aux services professionnels de la Maison Mallet &#038; fils du 585 boul. Laure \u00e0 Sept-\u00celes, maintenant reconnue Distinction et membre de la Corporation des Thanatologues du Qu\u00e9bec.<\/p>\n<p>Vous pouvez consulter cet avis de d\u00e9c\u00e8s sur le : www.maisonmallet.com  <\/p>\n<p>Ceux et celles qui le d\u00e9sirent, peuvent y envoyer des messages de sympathie.<\/p>\n<p>[contact-form to=\u00a0\u00bbmichele.carrier@cgocable.ca\u00a0\u00bb subject=\u00a0\u00bbCondol\u00e9ances Bertrand Carrier\u00a0\u00bb][contact-field label=\u00a0\u00bbVotre nom\u00a0\u00bb type=\u00a0\u00bbname\u00a0\u00bb required=\u00a0\u00bb1&Prime;][contact-field label=\u00a0\u00bbVotre courriel\u00a0\u00bb type=\u00a0\u00bbemail\u00a0\u00bb required=\u00a0\u00bb1&Prime;][contact-field label=\u00a0\u00bbCondol\u00e9ances\u00a0\u00bb type=\u00a0\u00bbtextarea\u00a0\u00bb][\/contact-form]<\/p>\n","protected":false},"featured_media":71238,"template":"","event_cat":[6],"class_list":["post-71229","event","type-event","status-publish","has-post-thumbnail","hentry","event_cat-maison-mallet-et-fils-inc"],"_links":{"self":[{"href":"https:\/\/nouveau.maisonmallet.com\/back05_01\/index.php?rest_route=\/wp\/v2\/event\/71229","targetHints":{"allow":["GET"]}}],"collection":[{"href":"https:\/\/nouveau.maisonmallet.com\/back05_01\/index.php?rest_route=\/wp\/v2\/event"}],"about":[{"href":"https:\/\/nouveau.maisonmallet.com\/back05_01\/index.php?rest_route=\/wp\/v2\/types\/event"}],"wp:featuredmedia":[{"embeddable":true,"href":"https:\/\/nouveau.maisonmallet.com\/back05_01\/index.php?rest_route=\/wp\/v2\/media\/71238"}],"wp:attachment":[{"href":"https:\/\/nouveau.maisonmallet.com\/back05_01\/index.php?rest_route=%2Fwp%2Fv2%2Fmedia&parent=71229"}],"wp:term":[{"taxonomy":"event_cat","embeddable":true,"href":"https:\/\/nouveau.maisonmallet.com\/back05_01\/index.php?rest_route=%2Fwp%2Fv2%2Fevent_cat&post=71229"}],"curies":[{"name":"wp","href":"https:\/\/api.w.org\/{rel}","templated":true}]}}

<p>Le Complexe Thanatologique Mallet &#038; fils a le regret de vous annoncer le décès de</p>
<p>Bertrand ‘Bert’ Carrier<br />
1931 – 2026</p>
<p>À Sept-Îles (maison l’Élyme des sables), le 2 février 2026, est décédé à l’âge de 94 ans, monsieur Bertrand ‘Bert’ Carrier époux de feu Lise Therriault et domicilié à Sept-Îles.</p>
<p>La cérémonie commémorative de monsieur Bertrand ‘Bert’ Carrier aura lieu le samedi 7 février 2026 à 15 h 30 à la chapelle du Complexe Thanatologique Mallet &#038; fils du 585, boul. Laure à Sept-Îles et de là au Colombarium de la Maison Mallet &#038; fils.</p>
<p>Selon ses volontés, il a été confié au crématorium de la Maison Mallet &#038; fils pour crémation.</p>
<p>La famille reçoit parents et amis le samedi 7 février 2026 de 13 h à 16 h au Complexe Thanatologique Mallet &#038; fils du 585, boul. Laure à Sept-Îles.  </p>
<p>Il laisse dans le deuil ses filles : Odette, Michèle et Isabelle, ses petites-filles : Joëlle (Rémy Dubois) et Amélie (Laurianne Gagnon), ses arrière-petits-enfants : Léa, Thomas et Fabien, son frère André, ses sœurs : Solange, Céline et Jocelyne ainsi que ses beaux-frères, ses belles-sœurs, ses neveux, ses nièces, ses cousins, ses cousines et de nombreux ami(e)s.</p>
<p>La famille tient à remercier tout particulièrement, la Dre. Laurence Deschesnes ainsi que tout le personnel de la maison l’Élyme des sables pour les bons soins apportés. </p>
<p>Vos marques de sympathie peuvent se traduire par un don à l’Élyme des sables www.elymedessables.com</p>
<p>La famille a confié les arrangements funéraires aux services professionnels de la Maison Mallet &#038; fils du 585 boul. Laure à Sept-Îles, maintenant reconnue Distinction et membre de la Corporation des Thanatologues du Québec.</p>
<p>Vous pouvez consulter cet avis de décès sur le : www.maisonmallet.com  </p>
<p>Ceux et celles qui le désirent, peuvent y envoyer des messages de sympathie.</p>
<p>[contact-form to= »michele.carrier@cgocable.ca » subject= »Condoléances Bertrand Carrier »][contact-field label= »Votre nom » type= »name » required= »1&Prime;][contact-field label= »Votre courriel » type= »email » required= »1&Prime;][contact-field label= »Condoléances » type= »textarea »][/contact-form]</p>
