{"id":71236,"date":"2026-02-04T10:15:34","date_gmt":"2026-02-04T15:15:34","guid":{"rendered":"https:\/\/nouveau.maisonmallet.com\/?post_type=event&#038;p=71236"},"modified":"2026-02-05T10:20:26","modified_gmt":"2026-02-05T15:20:26","slug":"levesque-louisette-2","status":"publish","type":"event","link":"https:\/\/nouveau.maisonmallet.com\/back05_01\/?event=levesque-louisette-2","title":{"rendered":"LEVESQUE, Louisette"},"content":{"rendered":"<p>Le Complexe Thanatologique Mallet &#038; fils a le regret de vous annoncer le d\u00e9c\u00e8s de<\/p>\n<p>Louisette Levesque<br \/>\n1937 \u2013 2026<\/p>\n<p>\u00c0 Sept-\u00celes (maison \u00c9lyme des sables), le 25 janvier 2026, est d\u00e9c\u00e9d\u00e9e \u00e0 l&rsquo;\u00e2ge de 88 ans, madame Louisette Levesque \u00e9pouse de feu Fran\u00e7ois Michaud et domicili\u00e9e \u00e0 Sept-\u00celes.<\/p>\n<p>Selon ses volont\u00e9s, elle a \u00e9t\u00e9 confi\u00e9e au cr\u00e9matorium de la Maison Mallet &#038; fils pour cr\u00e9mation.<\/p>\n<p>Les fun\u00e9railles de madame Louisette Levesque auront lieu, en l\u2019\u00e9glise Saint-Jacques-le-Majeur, de Causapscal \u00e0 une date ult\u00e9rieure. <\/p>\n<p>Elle laisse dans le deuil ses filles : Francine (Yvon Th\u00e9riault) et Sonia (Bertrand Poulin), ses petits-enfants : David (Val\u00e9rie Cyr Cormier) et Catherine, ses arri\u00e8re-petits-enfants : L\u00e9a et \u00c9mile, ses s\u0153urs : Jeannine, Rolande et Denise (Bernard Dub\u00e9), ses fr\u00e8res : Roland et Denis (Marielle Hudon), ses neveux, ses ni\u00e8ces, ses cousins, ses cousines et ses amis(e)s.<\/p>\n<p>La famille tient \u00e0 remercier le Dr. David B\u00e9dard-M\u00e9thot ainsi que l\u2019\u00e9quipe de l\u2019\u00c9lyme des sables pour leurs bons soins et leur professionnalisme. <\/p>\n<p>Vos marques de sympathie peuvent se traduire par un don \u00e0 l\u2019\u00c9lyme des sables www.elymedessables.com<\/p>\n<p>La famille a confi\u00e9 les arrangements aux services professionnels de la Maison Mallet &#038; fils du 585 boul. Laure \u00e0 Sept-\u00celes, maintenant reconnue Distinction et membre de la Corporation des Thanatologues du Qu\u00e9bec.<\/p>\n<p>Vous pouvez consulter cet avis de d\u00e9c\u00e8s sur le : www.maisonmallet.com<\/p>\n<p>Ceux et celles qui le d\u00e9sirent, peuvent y envoyer des messages de sympathie.<\/p>\n<p>[contact-form to=\u00a0\u00bbfrancinemic@hotmail.fr\u00a0\u00bb subject=\u00a0\u00bbCondol\u00e9ances Louisette Levesque\u00a0\u00bb][contact-field label=\u00a0\u00bbVotre nom\u00a0\u00bb type=\u00a0\u00bbname\u00a0\u00bb required=\u00a0\u00bb1&Prime;][contact-field label=\u00a0\u00bbVotre courriel\u00a0\u00bb type=\u00a0\u00bbemail\u00a0\u00bb required=\u00a0\u00bb1&Prime;][contact-field label=\u00a0\u00bbCondol\u00e9ances\u00a0\u00bb type=\u00a0\u00bbtextarea\u00a0\u00bb][\/contact-form]<\/p>\n","protected":false},"featured_media":71266,"template":"","event_cat":[6],"class_list":["post-71236","event","type-event","status-publish","has-post-thumbnail","hentry","event_cat-maison-mallet-et-fils-inc"],"_links":{"self":[{"href":"https:\/\/nouveau.maisonmallet.com\/back05_01\/index.php?rest_route=\/wp\/v2\/event\/71236","targetHints":{"allow":["GET"]}}],"collection":[{"href":"https:\/\/nouveau.maisonmallet.com\/back05_01\/index.php?rest_route=\/wp\/v2\/event"}],"about":[{"href":"https:\/\/nouveau.maisonmallet.com\/back05_01\/index.php?rest_route=\/wp\/v2\/types\/event"}],"wp:featuredmedia":[{"embeddable":true,"href":"https:\/\/nouveau.maisonmallet.com\/back05_01\/index.php?rest_route=\/wp\/v2\/media\/71266"}],"wp:attachment":[{"href":"https:\/\/nouveau.maisonmallet.com\/back05_01\/index.php?rest_route=%2Fwp%2Fv2%2Fmedia&parent=71236"}],"wp:term":[{"taxonomy":"event_cat","embeddable":true,"href":"https:\/\/nouveau.maisonmallet.com\/back05_01\/index.php?rest_route=%2Fwp%2Fv2%2Fevent_cat&post=71236"}],"curies":[{"name":"wp","href":"https:\/\/api.w.org\/{rel}","templated":true}]}}

<p>Le Complexe Thanatologique Mallet &#038; fils a le regret de vous annoncer le décès de</p>
<p>Louisette Levesque<br />
1937 – 2026</p>
<p>À Sept-Îles (maison Élyme des sables), le 25 janvier 2026, est décédée à l&rsquo;âge de 88 ans, madame Louisette Levesque épouse de feu François Michaud et domiciliée à Sept-Îles.</p>
<p>Selon ses volontés, elle a été confiée au crématorium de la Maison Mallet &#038; fils pour crémation.</p>
<p>Les funérailles de madame Louisette Levesque auront lieu, en l’église Saint-Jacques-le-Majeur, de Causapscal à une date ultérieure. </p>
<p>Elle laisse dans le deuil ses filles : Francine (Yvon Thériault) et Sonia (Bertrand Poulin), ses petits-enfants : David (Valérie Cyr Cormier) et Catherine, ses arrière-petits-enfants : Léa et Émile, ses sœurs : Jeannine, Rolande et Denise (Bernard Dubé), ses frères : Roland et Denis (Marielle Hudon), ses neveux, ses nièces, ses cousins, ses cousines et ses amis(e)s.</p>
<p>La famille tient à remercier le Dr. David Bédard-Méthot ainsi que l’équipe de l’Élyme des sables pour leurs bons soins et leur professionnalisme. </p>
<p>Vos marques de sympathie peuvent se traduire par un don à l’Élyme des sables www.elymedessables.com</p>
<p>La famille a confié les arrangements aux services professionnels de la Maison Mallet &#038; fils du 585 boul. Laure à Sept-Îles, maintenant reconnue Distinction et membre de la Corporation des Thanatologues du Québec.</p>
<p>Vous pouvez consulter cet avis de décès sur le : www.maisonmallet.com</p>
<p>Ceux et celles qui le désirent, peuvent y envoyer des messages de sympathie.</p>
<p>[contact-form to= »francinemic@hotmail.fr » subject= »Condoléances Louisette Levesque »][contact-field label= »Votre nom » type= »name » required= »1&Prime;][contact-field label= »Votre courriel » type= »email » required= »1&Prime;][contact-field label= »Condoléances » type= »textarea »][/contact-form]</p>
