{"id":71265,"date":"2026-02-09T10:44:27","date_gmt":"2026-02-09T15:44:27","guid":{"rendered":"https:\/\/nouveau.maisonmallet.com\/?post_type=event&#038;p=71265"},"modified":"2026-02-10T10:48:29","modified_gmt":"2026-02-10T15:48:29","slug":"bordage-david","status":"publish","type":"event","link":"https:\/\/nouveau.maisonmallet.com\/back05_01\/?event=bordage-david","title":{"rendered":"BORDAGE, David"},"content":{"rendered":"<p>Le Complexe Thanatologique Mallet &#038; fils a le regret de vous annoncer le d\u00e9c\u00e8s de<\/p>\n<p>David Bordage<br \/>\n1991 \u2013 2026 <\/p>\n<p>\u00c0 Sept-\u00celes, le 8 f\u00e9vrier 2026, est d\u00e9c\u00e9d\u00e9 \u00e0 l\u2019\u00e2ge de 34 ans, monsieur David Bordage fils de madame Marie-Ange Poulin et de monsieur Renald Bordage domicili\u00e9 \u00e0 Sept-\u00celes. <\/p>\n<p>Selon ses volont\u00e9s, il a \u00e9t\u00e9 confi\u00e9 au cr\u00e9matorium de la Maison Mallet &#038; fils pour cr\u00e9mation.<\/p>\n<p>Les fun\u00e9railles de monsieur David Bordage auront lieu le jeudi 12 f\u00e9vrier 2026 \u00e0 10 h 30 en l\u2019\u00e9glise Ste-Famille situ\u00e9e au 15, rue Comeau \u00e0 Sept-\u00celes.<\/p>\n<p>Il laisse dans le deuil ses fils : Benjamin et Charles-Henri, sa m\u00e8re madame Marie-Ange Poulin (Yves Gagnon), son p\u00e8re Renald Bordage (Diane Commings), sa s\u0153ur M\u00e9lanie, sa grand-m\u00e8re madame Liliane Deraspe (feu Georges-Henri Poulin), ses fr\u00e8res : Kevin et Yannick, ses neveux et ses ni\u00e8ces : William, Marc-Olivier, Marianne, Malorie, Eve-Sophie, Elois, Eva, Amy et Zack ainsi que ses oncles, ses tantes, ses cousins, ses cousines et de nombreux ami(e)s.<\/p>\n<p>La famille a confi\u00e9 la direction des fun\u00e9railles aux services professionnels de la Maison Mallet &#038; fils du 585 boul. Laure \u00e0 Sept-\u00celes, maintenant reconnue Distinction et membre de la Corporation des Thanatologues du Qu\u00e9bec.<\/p>\n<p>Vous pouvez consulter cet avis de d\u00e9c\u00e8s sur le : www.maisonmallet.com  <\/p>\n<p>Ceux et celles qui le d\u00e9sirent, peuvent y envoyer des messages de sympathie.<\/p>\n<p>[contact-form to=\u00a0\u00bbmarmel1984@hotmail.com\u00a0\u00bb subject=\u00a0\u00bbCondol\u00e9ances David Bordage\u00a0\u00bb][contact-field label=\u00a0\u00bbVotre nom\u00a0\u00bb type=\u00a0\u00bbname\u00a0\u00bb required=\u00a0\u00bb1&Prime;][contact-field label=\u00a0\u00bbVotre courriel\u00a0\u00bb type=\u00a0\u00bbemail\u00a0\u00bb required=\u00a0\u00bb1&Prime;][contact-field label=\u00a0\u00bbCondol\u00e9ances\u00a0\u00bb type=\u00a0\u00bbtextarea\u00a0\u00bb][\/contact-form]<\/p>\n","protected":false},"featured_media":71314,"template":"","event_cat":[6],"class_list":["post-71265","event","type-event","status-publish","has-post-thumbnail","hentry","event_cat-maison-mallet-et-fils-inc"],"_links":{"self":[{"href":"https:\/\/nouveau.maisonmallet.com\/back05_01\/index.php?rest_route=\/wp\/v2\/event\/71265","targetHints":{"allow":["GET"]}}],"collection":[{"href":"https:\/\/nouveau.maisonmallet.com\/back05_01\/index.php?rest_route=\/wp\/v2\/event"}],"about":[{"href":"https:\/\/nouveau.maisonmallet.com\/back05_01\/index.php?rest_route=\/wp\/v2\/types\/event"}],"wp:featuredmedia":[{"embeddable":true,"href":"https:\/\/nouveau.maisonmallet.com\/back05_01\/index.php?rest_route=\/wp\/v2\/media\/71314"}],"wp:attachment":[{"href":"https:\/\/nouveau.maisonmallet.com\/back05_01\/index.php?rest_route=%2Fwp%2Fv2%2Fmedia&parent=71265"}],"wp:term":[{"taxonomy":"event_cat","embeddable":true,"href":"https:\/\/nouveau.maisonmallet.com\/back05_01\/index.php?rest_route=%2Fwp%2Fv2%2Fevent_cat&post=71265"}],"curies":[{"name":"wp","href":"https:\/\/api.w.org\/{rel}","templated":true}]}}

<p>Le Complexe Thanatologique Mallet &#038; fils a le regret de vous annoncer le décès de</p>
<p>David Bordage<br />
1991 – 2026 </p>
<p>À Sept-Îles, le 8 février 2026, est décédé à l’âge de 34 ans, monsieur David Bordage fils de madame Marie-Ange Poulin et de monsieur Renald Bordage domicilié à Sept-Îles. </p>
<p>Selon ses volontés, il a été confié au crématorium de la Maison Mallet &#038; fils pour crémation.</p>
<p>Les funérailles de monsieur David Bordage auront lieu le jeudi 12 février 2026 à 10 h 30 en l’église Ste-Famille située au 15, rue Comeau à Sept-Îles.</p>
<p>Il laisse dans le deuil ses fils : Benjamin et Charles-Henri, sa mère madame Marie-Ange Poulin (Yves Gagnon), son père Renald Bordage (Diane Commings), sa sœur Mélanie, sa grand-mère madame Liliane Deraspe (feu Georges-Henri Poulin), ses frères : Kevin et Yannick, ses neveux et ses nièces : William, Marc-Olivier, Marianne, Malorie, Eve-Sophie, Elois, Eva, Amy et Zack ainsi que ses oncles, ses tantes, ses cousins, ses cousines et de nombreux ami(e)s.</p>
<p>La famille a confié la direction des funérailles aux services professionnels de la Maison Mallet &#038; fils du 585 boul. Laure à Sept-Îles, maintenant reconnue Distinction et membre de la Corporation des Thanatologues du Québec.</p>
<p>Vous pouvez consulter cet avis de décès sur le : www.maisonmallet.com  </p>
<p>Ceux et celles qui le désirent, peuvent y envoyer des messages de sympathie.</p>
<p>[contact-form to= »marmel1984@hotmail.com » subject= »Condoléances David Bordage »][contact-field label= »Votre nom » type= »name » required= »1&Prime;][contact-field label= »Votre courriel » type= »email » required= »1&Prime;][contact-field label= »Condoléances » type= »textarea »][/contact-form]</p>
