{"id":71328,"date":"2026-02-10T21:01:32","date_gmt":"2026-02-11T02:01:32","guid":{"rendered":"https:\/\/nouveau.maisonmallet.com\/?post_type=event&#038;p=71328"},"modified":"2026-02-11T21:09:32","modified_gmt":"2026-02-12T02:09:32","slug":"turcotte-gervais","status":"publish","type":"event","link":"https:\/\/nouveau.maisonmallet.com\/back05_01\/?event=turcotte-gervais","title":{"rendered":"TURCOTTE, Gervais"},"content":{"rendered":"<p>Le Complexe Thanatologique Mallet &#038; fils a le regret de vous annoncer le d\u00e9c\u00e8s de<\/p>\n<p>Gervais Turcotte<br \/>\n1951 \u2013 2026<\/p>\n<p>\u00c0 Rimouski, le 31 janvier 2026, est d\u00e9c\u00e9d\u00e9 \u00e0 l&rsquo;\u00e2ge de 74 ans, monsieur Gervais Turcotte \u00e9poux de Claire Desgagn\u00e9s et domicili\u00e9 \u00e0 Rimouski autrefois de Sept-\u00celes.<\/p>\n<p>Selon ses volont\u00e9s, il a \u00e9t\u00e9 confi\u00e9 au cr\u00e9matorium de la Coop\u00e9rative fun\u00e9raire du Bas-Saint-Laurent. <\/p>\n<p>Les rituels fun\u00e9raires seront c\u00e9l\u00e9br\u00e9s en toute intimit\u00e9. <\/p>\n<p>Il laisse dans le deuil outre son \u00e9pouse madame Claire Desgagn\u00e9s ainsi que ses fr\u00e8res, ses s\u0153urs, ses beaux-fr\u00e8res, ses belles-s\u0153urs, ses neveux, ses ni\u00e8ces, ses oncles, ses tantes, ses cousins, ses cousines et de nombreux amis(e)s.<\/p>\n<p>La famille a confi\u00e9 les arrangements aux services professionnels de la Coop\u00e9rative fun\u00e9raire du Bas-Saint-Laurent du 286, rue Saint-Jean Baptiste Ouest \u00e0 Rimouski. <\/p>\n<p>Vous pouvez consulter cet avis de d\u00e9c\u00e8s sur le : www.maisonmallet.com<\/p>\n<p>Ceux et celles qui le d\u00e9sirent, peuvent y envoyer des messages de sympathie.<\/p>\n<p>[contact-form to=\u00a0\u00bbclaire1649@icloud.com\u00a0\u00bb subject=\u00a0\u00bbCondol\u00e9ances Gervais Turcotte\u00a0\u00bb][contact-field label=\u00a0\u00bbVotre nom\u00a0\u00bb type=\u00a0\u00bbname\u00a0\u00bb required=\u00a0\u00bb1&Prime;][contact-field label=\u00a0\u00bbVotre courriel\u00a0\u00bb type=\u00a0\u00bbemail\u00a0\u00bb required=\u00a0\u00bb1&Prime;][contact-field label=\u00a0\u00bbCondol\u00e9ances\u00a0\u00bb type=\u00a0\u00bbtextarea\u00a0\u00bb][\/contact-form]<\/p>\n","protected":false},"featured_media":71351,"template":"","event_cat":[6],"class_list":["post-71328","event","type-event","status-publish","has-post-thumbnail","hentry","event_cat-maison-mallet-et-fils-inc"],"_links":{"self":[{"href":"https:\/\/nouveau.maisonmallet.com\/back05_01\/index.php?rest_route=\/wp\/v2\/event\/71328","targetHints":{"allow":["GET"]}}],"collection":[{"href":"https:\/\/nouveau.maisonmallet.com\/back05_01\/index.php?rest_route=\/wp\/v2\/event"}],"about":[{"href":"https:\/\/nouveau.maisonmallet.com\/back05_01\/index.php?rest_route=\/wp\/v2\/types\/event"}],"wp:featuredmedia":[{"embeddable":true,"href":"https:\/\/nouveau.maisonmallet.com\/back05_01\/index.php?rest_route=\/wp\/v2\/media\/71351"}],"wp:attachment":[{"href":"https:\/\/nouveau.maisonmallet.com\/back05_01\/index.php?rest_route=%2Fwp%2Fv2%2Fmedia&parent=71328"}],"wp:term":[{"taxonomy":"event_cat","embeddable":true,"href":"https:\/\/nouveau.maisonmallet.com\/back05_01\/index.php?rest_route=%2Fwp%2Fv2%2Fevent_cat&post=71328"}],"curies":[{"name":"wp","href":"https:\/\/api.w.org\/{rel}","templated":true}]}}

<p>Le Complexe Thanatologique Mallet &#038; fils a le regret de vous annoncer le décès de</p>
<p>Gervais Turcotte<br />
1951 – 2026</p>
<p>À Rimouski, le 31 janvier 2026, est décédé à l&rsquo;âge de 74 ans, monsieur Gervais Turcotte époux de Claire Desgagnés et domicilié à Rimouski autrefois de Sept-Îles.</p>
<p>Selon ses volontés, il a été confié au crématorium de la Coopérative funéraire du Bas-Saint-Laurent. </p>
<p>Les rituels funéraires seront célébrés en toute intimité. </p>
<p>Il laisse dans le deuil outre son épouse madame Claire Desgagnés ainsi que ses frères, ses sœurs, ses beaux-frères, ses belles-sœurs, ses neveux, ses nièces, ses oncles, ses tantes, ses cousins, ses cousines et de nombreux amis(e)s.</p>
<p>La famille a confié les arrangements aux services professionnels de la Coopérative funéraire du Bas-Saint-Laurent du 286, rue Saint-Jean Baptiste Ouest à Rimouski. </p>
<p>Vous pouvez consulter cet avis de décès sur le : www.maisonmallet.com</p>
<p>Ceux et celles qui le désirent, peuvent y envoyer des messages de sympathie.</p>
<p>[contact-form to= »claire1649@icloud.com » subject= »Condoléances Gervais Turcotte »][contact-field label= »Votre nom » type= »name » required= »1&Prime;][contact-field label= »Votre courriel » type= »email » required= »1&Prime;][contact-field label= »Condoléances » type= »textarea »][/contact-form]</p>
