{"id":71350,"date":"2026-02-10T21:10:06","date_gmt":"2026-02-11T02:10:06","guid":{"rendered":"https:\/\/nouveau.maisonmallet.com\/?post_type=event&#038;p=71350"},"modified":"2026-02-11T21:17:46","modified_gmt":"2026-02-12T02:17:46","slug":"blanchard-serge","status":"publish","type":"event","link":"https:\/\/nouveau.maisonmallet.com\/back05_01\/?event=blanchard-serge","title":{"rendered":"BLANCHARD, Serge"},"content":{"rendered":"<p>Le Complexe Thanatologique Mallet &#038; fils a le regret de vous annoncer le d\u00e9c\u00e8s de<\/p>\n<p>Serge Blanchard<br \/>\n1960 \u2013 2026<\/p>\n<p>\u00c0 Tracadie (Nouveau-Brunswick), le 28 janvier 2026, est d\u00e9c\u00e9d\u00e9 \u00e0 l\u2019\u00e2ge de 65 ans, monsieur Serge Blanchard fils de feu Rodrigue Blanchard et de madame Jeannette Poulin domicili\u00e9 \u00e0 Shippagan.<\/p>\n<p>Les fun\u00e9railles de monsieur Serge Blanchard auront lieu le mercredi 29 juillet 2026 \u00e0 14 h en l\u2019\u00e9glise St-J\u00e9r\u00f4me de Shippagan (Nouveau-Brunswick). <\/p>\n<p>Selon ses volont\u00e9s, il a \u00e9t\u00e9 confi\u00e9 au cr\u00e9matorium de la Maison Hach\u00e9 pour cr\u00e9mation.<\/p>\n<p>Il laisse dans le deuil sa m\u00e8re madame Jeannette Poulin, ses s\u0153urs : Ga\u00ebtanne, Brigitte, Barbara et Suzie, son fr\u00e8re Gilles, son beau-p\u00e8re monsieur Jacques Neveux ainsi que sa marraine madame Normande Savoie, sa filleule Jann, son filleul Daniel, ses neveux, ses ni\u00e8ces, ses oncles, ses   tantes ses cousins, ses cousines et de nombreux amis.<br \/>\nLa famille a confi\u00e9 la direction des fun\u00e9railles aux services professionnels de la Maison Hach\u00e9 de Shippagan (Nouveau-Brunswick). <\/p>\n<p>Vous pouvez consulter cet avis de d\u00e9c\u00e8s sur le : www.maisonmallet.com  <\/p>\n<p>Ceux et celles qui le d\u00e9sirent, peuvent y envoyer des messages de sympathie.<\/p>\n<p>[contact-form to=\u00a0\u00bbgblanc@outlook.com\u00a0\u00bb subject=\u00a0\u00bbCondol\u00e9ances Serge Blanchard\u00a0\u00bb][contact-field label=\u00a0\u00bbVotre nom\u00a0\u00bb type=\u00a0\u00bbname\u00a0\u00bb required=\u00a0\u00bb1&Prime;][contact-field label=\u00a0\u00bbVotre courriel\u00a0\u00bb type=\u00a0\u00bbemail\u00a0\u00bb required=\u00a0\u00bb1&Prime;][contact-field label=\u00a0\u00bbCondol\u00e9ances\u00a0\u00bb type=\u00a0\u00bbtextarea\u00a0\u00bb][\/contact-form]<\/p>\n","protected":false},"featured_media":71353,"template":"","event_cat":[6],"class_list":["post-71350","event","type-event","status-publish","has-post-thumbnail","hentry","event_cat-maison-mallet-et-fils-inc"],"_links":{"self":[{"href":"https:\/\/nouveau.maisonmallet.com\/back05_01\/index.php?rest_route=\/wp\/v2\/event\/71350","targetHints":{"allow":["GET"]}}],"collection":[{"href":"https:\/\/nouveau.maisonmallet.com\/back05_01\/index.php?rest_route=\/wp\/v2\/event"}],"about":[{"href":"https:\/\/nouveau.maisonmallet.com\/back05_01\/index.php?rest_route=\/wp\/v2\/types\/event"}],"wp:featuredmedia":[{"embeddable":true,"href":"https:\/\/nouveau.maisonmallet.com\/back05_01\/index.php?rest_route=\/wp\/v2\/media\/71353"}],"wp:attachment":[{"href":"https:\/\/nouveau.maisonmallet.com\/back05_01\/index.php?rest_route=%2Fwp%2Fv2%2Fmedia&parent=71350"}],"wp:term":[{"taxonomy":"event_cat","embeddable":true,"href":"https:\/\/nouveau.maisonmallet.com\/back05_01\/index.php?rest_route=%2Fwp%2Fv2%2Fevent_cat&post=71350"}],"curies":[{"name":"wp","href":"https:\/\/api.w.org\/{rel}","templated":true}]}}

<p>Le Complexe Thanatologique Mallet &#038; fils a le regret de vous annoncer le décès de</p>
<p>Serge Blanchard<br />
1960 – 2026</p>
<p>À Tracadie (Nouveau-Brunswick), le 28 janvier 2026, est décédé à l’âge de 65 ans, monsieur Serge Blanchard fils de feu Rodrigue Blanchard et de madame Jeannette Poulin domicilié à Shippagan.</p>
<p>Les funérailles de monsieur Serge Blanchard auront lieu le mercredi 29 juillet 2026 à 14 h en l’église St-Jérôme de Shippagan (Nouveau-Brunswick). </p>
<p>Selon ses volontés, il a été confié au crématorium de la Maison Haché pour crémation.</p>
<p>Il laisse dans le deuil sa mère madame Jeannette Poulin, ses sœurs : Gaëtanne, Brigitte, Barbara et Suzie, son frère Gilles, son beau-père monsieur Jacques Neveux ainsi que sa marraine madame Normande Savoie, sa filleule Jann, son filleul Daniel, ses neveux, ses nièces, ses oncles, ses   tantes ses cousins, ses cousines et de nombreux amis.<br />
La famille a confié la direction des funérailles aux services professionnels de la Maison Haché de Shippagan (Nouveau-Brunswick). </p>
<p>Vous pouvez consulter cet avis de décès sur le : www.maisonmallet.com  </p>
<p>Ceux et celles qui le désirent, peuvent y envoyer des messages de sympathie.</p>
<p>[contact-form to= »gblanc@outlook.com » subject= »Condoléances Serge Blanchard »][contact-field label= »Votre nom » type= »name » required= »1&Prime;][contact-field label= »Votre courriel » type= »email » required= »1&Prime;][contact-field label= »Condoléances » type= »textarea »][/contact-form]</p>
