{"id":71352,"date":"2026-02-10T21:19:22","date_gmt":"2026-02-11T02:19:22","guid":{"rendered":"https:\/\/nouveau.maisonmallet.com\/?post_type=event&#038;p=71352"},"modified":"2026-02-11T21:30:21","modified_gmt":"2026-02-12T02:30:21","slug":"jomphe-jean-louis","status":"publish","type":"event","link":"https:\/\/nouveau.maisonmallet.com\/back05_01\/?event=jomphe-jean-louis","title":{"rendered":"JOMPHE, Jean-Louis"},"content":{"rendered":"<p>La Maison L.J.G. Mallet a le regret de vous annoncer le d\u00e9c\u00e8s de<\/p>\n<p>Jean-Louis Jomphe<br \/>\n1956 \u2013 2026<\/p>\n<p>\u00c0 Havre Saint-Pierre, le 24 janvier 2026, est d\u00e9c\u00e9d\u00e9 \u00e0 l\u2019\u00e2ge de 69 ans, monsieur Jean-Louis Jomphe fils de feu Jean-Berchmans Jomphe et de feu Lucille Boudreau domicili\u00e9 \u00e0 Havre Saint-Pierre.  <\/p>\n<p>Les rituels fun\u00e9raires de monsieur Jean-Louis Jomphe auront lieu en toute intimit\u00e9.<\/p>\n<p>Selon ses volont\u00e9s, il a \u00e9t\u00e9 confi\u00e9 au cr\u00e9matorium de la Maison L.J.G. Mallet pour cr\u00e9mation. <\/p>\n<p>Il laisse dans le deuil sa s\u0153ur Ida (Yvon Petitpas), ses fr\u00e8res : Andr\u00e9 (Sylvie Par\u00e9) et Gervais (Fabienne Th\u00e9riault) ainsi que ses neveux, ses ni\u00e8ces, ses cousins, ses cousines et de nombreux ami(e)s. <\/p>\n<p>Il \u00e9tait le fr\u00e8re de : feu Louise, feu Pauline, feu Mario et feu Marcel-Marie.<\/p>\n<p>La famille a confi\u00e9 les arrangements aux services professionnels de la Maison L.J.G. Mallet du 1429, rue du Canot \u00e0 Havre Saint-Pierre, maintenant reconnue Distinction et membre de la Corporation des Thanatologues du Qu\u00e9bec.<\/p>\n<p>Vous pouvez consulter cet avis de d\u00e9c\u00e8s, sur le www.maisonmallet.com<\/p>\n<p>Ceux et celles qui le d\u00e9sirent, peuvent y envoyer des messages de sympathie.<\/p>\n<p>[contact-form to=\u00a0\u00bbandrejomphecr@hotmail.com\u00a0\u00bb subject=\u00a0\u00bbCondol\u00e9ances Jean-Louis Jomphe\u00a0\u00bb][contact-field label=\u00a0\u00bbVotre nom\u00a0\u00bb type=\u00a0\u00bbname\u00a0\u00bb required=\u00a0\u00bb1&Prime;][contact-field label=\u00a0\u00bbVotre courriel\u00a0\u00bb type=\u00a0\u00bbemail\u00a0\u00bb required=\u00a0\u00bb1&Prime;][contact-field label=\u00a0\u00bbCondol\u00e9ances\u00a0\u00bb type=\u00a0\u00bbtextarea\u00a0\u00bb][\/contact-form]<\/p>\n","protected":false},"featured_media":71355,"template":"","event_cat":[6],"class_list":["post-71352","event","type-event","status-publish","has-post-thumbnail","hentry","event_cat-maison-mallet-et-fils-inc"],"_links":{"self":[{"href":"https:\/\/nouveau.maisonmallet.com\/back05_01\/index.php?rest_route=\/wp\/v2\/event\/71352","targetHints":{"allow":["GET"]}}],"collection":[{"href":"https:\/\/nouveau.maisonmallet.com\/back05_01\/index.php?rest_route=\/wp\/v2\/event"}],"about":[{"href":"https:\/\/nouveau.maisonmallet.com\/back05_01\/index.php?rest_route=\/wp\/v2\/types\/event"}],"wp:featuredmedia":[{"embeddable":true,"href":"https:\/\/nouveau.maisonmallet.com\/back05_01\/index.php?rest_route=\/wp\/v2\/media\/71355"}],"wp:attachment":[{"href":"https:\/\/nouveau.maisonmallet.com\/back05_01\/index.php?rest_route=%2Fwp%2Fv2%2Fmedia&parent=71352"}],"wp:term":[{"taxonomy":"event_cat","embeddable":true,"href":"https:\/\/nouveau.maisonmallet.com\/back05_01\/index.php?rest_route=%2Fwp%2Fv2%2Fevent_cat&post=71352"}],"curies":[{"name":"wp","href":"https:\/\/api.w.org\/{rel}","templated":true}]}}

<p>La Maison L.J.G. Mallet a le regret de vous annoncer le décès de</p>
<p>Jean-Louis Jomphe<br />
1956 – 2026</p>
<p>À Havre Saint-Pierre, le 24 janvier 2026, est décédé à l’âge de 69 ans, monsieur Jean-Louis Jomphe fils de feu Jean-Berchmans Jomphe et de feu Lucille Boudreau domicilié à Havre Saint-Pierre.  </p>
<p>Les rituels funéraires de monsieur Jean-Louis Jomphe auront lieu en toute intimité.</p>
<p>Selon ses volontés, il a été confié au crématorium de la Maison L.J.G. Mallet pour crémation. </p>
<p>Il laisse dans le deuil sa sœur Ida (Yvon Petitpas), ses frères : André (Sylvie Paré) et Gervais (Fabienne Thériault) ainsi que ses neveux, ses nièces, ses cousins, ses cousines et de nombreux ami(e)s. </p>
<p>Il était le frère de : feu Louise, feu Pauline, feu Mario et feu Marcel-Marie.</p>
<p>La famille a confié les arrangements aux services professionnels de la Maison L.J.G. Mallet du 1429, rue du Canot à Havre Saint-Pierre, maintenant reconnue Distinction et membre de la Corporation des Thanatologues du Québec.</p>
<p>Vous pouvez consulter cet avis de décès, sur le www.maisonmallet.com</p>
<p>Ceux et celles qui le désirent, peuvent y envoyer des messages de sympathie.</p>
<p>[contact-form to= »andrejomphecr@hotmail.com » subject= »Condoléances Jean-Louis Jomphe »][contact-field label= »Votre nom » type= »name » required= »1&Prime;][contact-field label= »Votre courriel » type= »email » required= »1&Prime;][contact-field label= »Condoléances » type= »textarea »][/contact-form]</p>
