{"id":71381,"date":"2026-02-12T21:29:46","date_gmt":"2026-02-13T02:29:46","guid":{"rendered":"https:\/\/nouveau.maisonmallet.com\/?post_type=event&#038;p=71381"},"modified":"2026-02-13T21:34:08","modified_gmt":"2026-02-14T02:34:08","slug":"landry-rejeanne","status":"publish","type":"event","link":"https:\/\/nouveau.maisonmallet.com\/back05_01\/?event=landry-rejeanne","title":{"rendered":"LANDRY, R\u00e9jeanne"},"content":{"rendered":"<p>La Maison L.J.G. Mallet a le regret de vous annoncer le d\u00e9c\u00e8s de<\/p>\n<p>R\u00e9jeanne Landry<br \/>\n1947 &#8211; 2026<\/p>\n<p>\u00c0 Havre Saint-Pierre, le 9 f\u00e9vrier 2026, est d\u00e9c\u00e9d\u00e9e \u00e0 l\u2019\u00e2ge de 78 ans, madame R\u00e9jeanne Landry \u00e9pouse de monsieur L\u00e9onard Landry et domicili\u00e9e \u00e0 Natashquan.<\/p>\n<p>Les fun\u00e9railles de madame R\u00e9jeanne Landry auront lieu le lundi 23 f\u00e9vrier 2026 \u00e0 11 h en l\u2019\u00e9glise de l\u2019Immacul\u00e9e-Conception de Natashquan et de l\u00e0 au columbarium du cimeti\u00e8re de Natashquan.<\/p>\n<p>Selon ses volont\u00e9s, elle a \u00e9t\u00e9 confi\u00e9e au cr\u00e9matorium de la Maison L.J.G. Mallet pour cr\u00e9mation.<\/p>\n<p>La famille re\u00e7oit parents et amis le lundi 23 f\u00e9vrier 2026 de 9 h \u00e0 11 h \u00e0 l\u2019\u00e9glise de l\u2019Immacul\u00e9e-Conception de Natashquan.<\/p>\n<p>Elle laisse dans le deuil outre son \u00e9poux monsieur L\u00e9onard Landry, ses fils : Tony (Ga\u00e9tane Cyr), Gerry (Luced Dupuis) et St\u00e9phane (Lysanne Cormier, ses petits-fils : Marc-Antoine, Anthony (Laurie Hounsell) et J\u00e9r\u00e9my, ses arri\u00e8re-petits-fils : Noah et F\u00e9lix ainsi que sa s\u0153ur \u00c9lise (Ga\u00e9tan Landry), ses beaux-fr\u00e8res, ses belles-s\u0153urs, ses neveux, ses ni\u00e8ces, ses cousins, ses cousines et de nombreux ami(e)s.<\/p>\n<p>Vos marques de sympathie peuvent se traduire par un don \u00e0 la Soci\u00e9t\u00e9 Canadienne du cancer www.cancer.ca<\/p>\n<p>La famille a confi\u00e9 la direction des fun\u00e9railles aux services professionnels de la Maison L.J.G. Mallet du 1429, rue du Canot \u00e0 Havre Saint-Pierre, maintenant reconnue Distinction et membre de la Corporation des Thanatologues du Qu\u00e9bec.<\/p>\n<p>Vous pouvez consulter cet avis de d\u00e9c\u00e8s sur le www.maisonmallet.com<\/p>\n<p>Ceux et celles qui le d\u00e9sirent, peuvent y envoyer des messages de sympathie.<\/p>\n<p>[contact-form to=\u00a0\u00bblyco69@hotmail.com\u00a0\u00bb subject=\u00a0\u00bbCondol\u00e9ances R\u00e9jeanne Landry\u00a0\u00bb][contact-field label=\u00a0\u00bbVotre nom\u00a0\u00bb type=\u00a0\u00bbname\u00a0\u00bb required=\u00a0\u00bb1&Prime;][contact-field label=\u00a0\u00bbVotre courriel\u00a0\u00bb type=\u00a0\u00bbemail\u00a0\u00bb required=\u00a0\u00bb1&Prime;][contact-field label=\u00a0\u00bbCondol\u00e9ances\u00a0\u00bb type=\u00a0\u00bbtextarea\u00a0\u00bb][\/contact-form]<\/p>\n","protected":false},"featured_media":71420,"template":"","event_cat":[7],"class_list":["post-71381","event","type-event","status-publish","has-post-thumbnail","hentry","event_cat-maison-l-j-g-mallet-inc"],"_links":{"self":[{"href":"https:\/\/nouveau.maisonmallet.com\/back05_01\/index.php?rest_route=\/wp\/v2\/event\/71381","targetHints":{"allow":["GET"]}}],"collection":[{"href":"https:\/\/nouveau.maisonmallet.com\/back05_01\/index.php?rest_route=\/wp\/v2\/event"}],"about":[{"href":"https:\/\/nouveau.maisonmallet.com\/back05_01\/index.php?rest_route=\/wp\/v2\/types\/event"}],"wp:featuredmedia":[{"embeddable":true,"href":"https:\/\/nouveau.maisonmallet.com\/back05_01\/index.php?rest_route=\/wp\/v2\/media\/71420"}],"wp:attachment":[{"href":"https:\/\/nouveau.maisonmallet.com\/back05_01\/index.php?rest_route=%2Fwp%2Fv2%2Fmedia&parent=71381"}],"wp:term":[{"taxonomy":"event_cat","embeddable":true,"href":"https:\/\/nouveau.maisonmallet.com\/back05_01\/index.php?rest_route=%2Fwp%2Fv2%2Fevent_cat&post=71381"}],"curies":[{"name":"wp","href":"https:\/\/api.w.org\/{rel}","templated":true}]}}

LANDRY, Réjeanne

<p>La Maison L.J.G. Mallet a le regret de vous annoncer le décès de</p>
<p>Réjeanne Landry<br />
1947 &#8211; 2026</p>
<p>À Havre Saint-Pierre, le 9 février 2026, est décédée à l’âge de 78 ans, madame Réjeanne Landry épouse de monsieur Léonard Landry et domiciliée à Natashquan.</p>
<p>Les funérailles de madame Réjeanne Landry auront lieu le lundi 23 février 2026 à 11 h en l’église de l’Immaculée-Conception de Natashquan et de là au columbarium du cimetière de Natashquan.</p>
<p>Selon ses volontés, elle a été confiée au crématorium de la Maison L.J.G. Mallet pour crémation.</p>
<p>La famille reçoit parents et amis le lundi 23 février 2026 de 9 h à 11 h à l’église de l’Immaculée-Conception de Natashquan.</p>
<p>Elle laisse dans le deuil outre son époux monsieur Léonard Landry, ses fils : Tony (Gaétane Cyr), Gerry (Luced Dupuis) et Stéphane (Lysanne Cormier, ses petits-fils : Marc-Antoine, Anthony (Laurie Hounsell) et Jérémy, ses arrière-petits-fils : Noah et Félix ainsi que sa sœur Élise (Gaétan Landry), ses beaux-frères, ses belles-sœurs, ses neveux, ses nièces, ses cousins, ses cousines et de nombreux ami(e)s.</p>
<p>Vos marques de sympathie peuvent se traduire par un don à la Société Canadienne du cancer www.cancer.ca</p>
<p>La famille a confié la direction des funérailles aux services professionnels de la Maison L.J.G. Mallet du 1429, rue du Canot à Havre Saint-Pierre, maintenant reconnue Distinction et membre de la Corporation des Thanatologues du Québec.</p>
<p>Vous pouvez consulter cet avis de décès sur le www.maisonmallet.com</p>
<p>Ceux et celles qui le désirent, peuvent y envoyer des messages de sympathie.</p>
<p>[contact-form to= »lyco69@hotmail.com » subject= »Condoléances Réjeanne Landry »][contact-field label= »Votre nom » type= »name » required= »1&Prime;][contact-field label= »Votre courriel » type= »email » required= »1&Prime;][contact-field label= »Condoléances » type= »textarea »][/contact-form]</p>
