{"id":71418,"date":"2026-02-17T14:35:36","date_gmt":"2026-02-17T19:35:36","guid":{"rendered":"https:\/\/nouveau.maisonmallet.com\/?post_type=event&#038;p=71418"},"modified":"2026-02-18T14:40:59","modified_gmt":"2026-02-18T19:40:59","slug":"jomphe-alain","status":"publish","type":"event","link":"https:\/\/nouveau.maisonmallet.com\/back05_01\/?event=jomphe-alain","title":{"rendered":"JOMPHE, Alain"},"content":{"rendered":"<p>La Maison L.J.G. Mallet a le regret de vous annoncer le d\u00e9c\u00e8s de<\/p>\n<p>Alain Jomphe<br \/>\n1948 \u2013 2025<\/p>\n<p>\u00c0 Havre-Saint-Pierre, le 15 d\u00e9cembre 2025, est d\u00e9c\u00e9d\u00e9 \u00e0 l\u2019\u00e2ge de 77 ans, monsieur Alain Jomphe \u00e9poux de feu Ida Petitpas et domicili\u00e9 \u00e0 Havre-Saint-Pierre.<\/p>\n<p>Les fun\u00e9railles de monsieur Alain Jomphe auront lieu le samedi 28 f\u00e9vrier 2026 \u00e0 14 h en l\u2019\u00e9glise St-Pierre de Havre-Saint-Pierre. <\/p>\n<p>Selon ses volont\u00e9s, il a \u00e9t\u00e9 confi\u00e9 au cr\u00e9matorium de la Maison L.J.G. Mallet pour cr\u00e9mation.<\/p>\n<p>La famille re\u00e7oit parents et amis le samedi 28 f\u00e9vrier 2026, \u00e0 compter de 13 h \u00e0 l\u2019\u00e9glise St-Pierre de Havre-Saint-Pierre. <\/p>\n<p>Il laisse dans le deuil son fils Carl (Cynthia Barriault), sa fille Isabel (Billy Paquet), ses petits-enfants : Mathis, William, Dylan, Liam et Ma\u00ebva, ses fr\u00e8res : Richard (Raymonde Boudreault), Ga\u00e9tan (feu Pierrette Lachance), Mario et Roch, ses s\u0153urs : Denise (Donald Fortin) et Jacinthe (Pierre Lalonde), ses beaux-fr\u00e8res : Julien-Marie (Pauline Lapierre) et Denis (Agatha Joncas), ses belles-s\u0153urs : Aline (feu L\u00e9on Arseneault) et Danielle (Jocelyn Cyr) ainsi que ses neveux, ses ni\u00e8ces, ses cousins, ses cousines et de nombreux ami(e)s. <\/p>\n<p>Vos marques de sympathie peuvent se traduire par un don \u00e0 l\u2019Association du cancer Est du Qu\u00e9bec www.aceq.org <\/p>\n<p>La famille a confi\u00e9 la direction des fun\u00e9railles aux services professionnels de la Maison L.J.G. Mallet du 1429, rue du Canot \u00e0 Havre-Saint-Pierre, maintenant reconnue Distinction et membre de la Corporation des Thanatologues du Qu\u00e9bec.<\/p>\n<p>Vous pouvez consulter cet avis de d\u00e9c\u00e8s sur le www.maisonmallet.com<\/p>\n<p>Ceux et celles qui le d\u00e9sirent, peuvent y envoyer des messages de sympathie.<\/p>\n<p>[contact-form to=\u00a0\u00bbisabetty@hotmail.ca\u00a0\u00bb subject=\u00a0\u00bbCondol\u00e9ances Alain Jomphe\u00a0\u00bb][contact-field label=\u00a0\u00bbVotre nom\u00a0\u00bb type=\u00a0\u00bbname\u00a0\u00bb required=\u00a0\u00bb1&Prime;][contact-field label=\u00a0\u00bbVotre courriel\u00a0\u00bb type=\u00a0\u00bbemail\u00a0\u00bb required=\u00a0\u00bb1&Prime;][contact-field label=\u00a0\u00bbCondol\u00e9ances\u00a0\u00bb type=\u00a0\u00bbtextarea\u00a0\u00bb][\/contact-form]<\/p>\n","protected":false},"featured_media":71502,"template":"","event_cat":[7],"class_list":["post-71418","event","type-event","status-publish","has-post-thumbnail","hentry","event_cat-maison-l-j-g-mallet-inc"],"_links":{"self":[{"href":"https:\/\/nouveau.maisonmallet.com\/back05_01\/index.php?rest_route=\/wp\/v2\/event\/71418","targetHints":{"allow":["GET"]}}],"collection":[{"href":"https:\/\/nouveau.maisonmallet.com\/back05_01\/index.php?rest_route=\/wp\/v2\/event"}],"about":[{"href":"https:\/\/nouveau.maisonmallet.com\/back05_01\/index.php?rest_route=\/wp\/v2\/types\/event"}],"wp:featuredmedia":[{"embeddable":true,"href":"https:\/\/nouveau.maisonmallet.com\/back05_01\/index.php?rest_route=\/wp\/v2\/media\/71502"}],"wp:attachment":[{"href":"https:\/\/nouveau.maisonmallet.com\/back05_01\/index.php?rest_route=%2Fwp%2Fv2%2Fmedia&parent=71418"}],"wp:term":[{"taxonomy":"event_cat","embeddable":true,"href":"https:\/\/nouveau.maisonmallet.com\/back05_01\/index.php?rest_route=%2Fwp%2Fv2%2Fevent_cat&post=71418"}],"curies":[{"name":"wp","href":"https:\/\/api.w.org\/{rel}","templated":true}]}}

<p>La Maison L.J.G. Mallet a le regret de vous annoncer le décès de</p>
<p>Alain Jomphe<br />
1948 – 2025</p>
<p>À Havre-Saint-Pierre, le 15 décembre 2025, est décédé à l’âge de 77 ans, monsieur Alain Jomphe époux de feu Ida Petitpas et domicilié à Havre-Saint-Pierre.</p>
<p>Les funérailles de monsieur Alain Jomphe auront lieu le samedi 28 février 2026 à 14 h en l’église St-Pierre de Havre-Saint-Pierre. </p>
<p>Selon ses volontés, il a été confié au crématorium de la Maison L.J.G. Mallet pour crémation.</p>
<p>La famille reçoit parents et amis le samedi 28 février 2026, à compter de 13 h à l’église St-Pierre de Havre-Saint-Pierre. </p>
<p>Il laisse dans le deuil son fils Carl (Cynthia Barriault), sa fille Isabel (Billy Paquet), ses petits-enfants : Mathis, William, Dylan, Liam et Maëva, ses frères : Richard (Raymonde Boudreault), Gaétan (feu Pierrette Lachance), Mario et Roch, ses sœurs : Denise (Donald Fortin) et Jacinthe (Pierre Lalonde), ses beaux-frères : Julien-Marie (Pauline Lapierre) et Denis (Agatha Joncas), ses belles-sœurs : Aline (feu Léon Arseneault) et Danielle (Jocelyn Cyr) ainsi que ses neveux, ses nièces, ses cousins, ses cousines et de nombreux ami(e)s. </p>
<p>Vos marques de sympathie peuvent se traduire par un don à l’Association du cancer Est du Québec www.aceq.org </p>
<p>La famille a confié la direction des funérailles aux services professionnels de la Maison L.J.G. Mallet du 1429, rue du Canot à Havre-Saint-Pierre, maintenant reconnue Distinction et membre de la Corporation des Thanatologues du Québec.</p>
<p>Vous pouvez consulter cet avis de décès sur le www.maisonmallet.com</p>
<p>Ceux et celles qui le désirent, peuvent y envoyer des messages de sympathie.</p>
<p>[contact-form to= »isabetty@hotmail.ca » subject= »Condoléances Alain Jomphe »][contact-field label= »Votre nom » type= »name » required= »1&Prime;][contact-field label= »Votre courriel » type= »email » required= »1&Prime;][contact-field label= »Condoléances » type= »textarea »][/contact-form]</p>
