{"id":71578,"date":"2026-02-22T13:55:30","date_gmt":"2026-02-22T18:55:30","guid":{"rendered":"https:\/\/nouveau.maisonmallet.com\/?post_type=event&#038;p=71578"},"modified":"2026-02-22T13:57:06","modified_gmt":"2026-02-22T18:57:06","slug":"larouche-ely-jade","status":"publish","type":"event","link":"https:\/\/nouveau.maisonmallet.com\/back05_01\/?event=larouche-ely-jade","title":{"rendered":"LAROUCHE, Ely-Jade"},"content":{"rendered":"<p>Le Complexe Thanatologique Mallet &#038; fils a le regret de vous annoncer le d\u00e9c\u00e8s de<\/p>\n<p>Ely-Jade Larouche<br \/>\n2005 &#8211; 2026<\/p>\n<p>\u00c0 Port-Cartier, le 16 f\u00e9vrier 2026, est d\u00e9c\u00e9d\u00e9e \u00e0 l\u2019\u00e2ge de 21 ans, madame Ely-Jade Larouche fille de monsieur Pascal Larouche et de madame Carrie Bezeau domicili\u00e9e \u00e0 Port-Cartier.<\/p>\n<p>La c\u00e9r\u00e9monie comm\u00e9morative de madame Ely-Jade Larouche aura lieu le samedi 28 f\u00e9vrier 2026 \u00e0 16 h 45 au Complexe Thanatologique Mallet &#038; fils du 57, route 138 \u00e0 Port-Cartier.<\/p>\n<p>Selon ses volont\u00e9s, elle a \u00e9t\u00e9 confi\u00e9e au cr\u00e9matorium de la Maison Mallet &#038; fils pour cr\u00e9mation.<\/p>\n<p>La famille re\u00e7oit parents et amis le vendredi 27 f\u00e9vrier 2026 de 19 h \u00e0 22 h. Le samedi 28 f\u00e9vrier 2026 jour de la c\u00e9r\u00e9monie de 13 h \u00e0 17 h au Complexe Thanatologique Mallet &#038; fils du 57, route 138 \u00e0 Port-Cartier.<\/p>\n<p>Elle laisse dans le deuil son p\u00e8re monsieur Pascal Larouche, sa m\u00e8re madame Carrie Bezeau, ses fr\u00e8res : Dylan, Lo\u00efc (\u00c9mily Maltais) et Mayven, sa petite-s\u0153ur Ma\u00e8va, son grand-p\u00e8re monsieur Michel Bezeau (Christiane Ostiguy), ses grands-m\u00e8res :  madame Ginette Bond (Michel Lejeune) et madame Mariette Lavoie (feu Gilles Larouche) ainsi que ses tantes : Sophie et Sannie (Patrick Imbeault), ses oncles : Mickel et Mathew, ses neveux, ses ni\u00e8ces, ses cousins, ses cousines et de nombreux ami(e)s.<\/p>\n<p>Vos marques de sympathie peuvent se traduire par un don au Centre de Th\u00e9rapie AUBE DE LA PAIX 1390, rue Setlakwe, Thetford Mine, Qu\u00e9bec, G6G 7Z3, 1-418-338-9141 \/ 1-888-338-9141 \/ aubepaix@hotmail.com <\/p>\n<p>La famille a confi\u00e9 les arrangements aux services professionnels de la Maison Mallet &#038; fils du 57, route 138 \u00e0 Port-Cartier, maintenant reconnue Distinction et membre de la Corporation des Thanatologues du Qu\u00e9bec.<\/p>\n<p>Vous pouvez consulter cet avis de d\u00e9c\u00e8s, sur le www.maisonmallet.com <\/p>\n<p>Ceux et celles qui le d\u00e9sirent, peuvent y envoyer des messages de sympathie.<\/p>\n<p>[contact-form to=\u00a0\u00bblaroupac@hotmail.com,carrie.bezeau40@gmail.com\u00a0\u00bb subject=\u00a0\u00bbCondol\u00e9ances Ely-Jade Larouche\u00a0\u00bb][contact-field label=\u00a0\u00bbVotre nom\u00a0\u00bb type=\u00a0\u00bbname\u00a0\u00bb required=\u00a0\u00bb1&Prime;][contact-field label=\u00a0\u00bbVotre courriel\u00a0\u00bb type=\u00a0\u00bbemail\u00a0\u00bb required=\u00a0\u00bb1&Prime;][contact-field label=\u00a0\u00bbCondol\u00e9ances\u00a0\u00bb type=\u00a0\u00bbtextarea\u00a0\u00bb][\/contact-form]<\/p>\n","protected":false},"featured_media":71620,"template":"","event_cat":[6],"class_list":["post-71578","event","type-event","status-publish","has-post-thumbnail","hentry","event_cat-maison-mallet-et-fils-inc"],"_links":{"self":[{"href":"https:\/\/nouveau.maisonmallet.com\/back05_01\/index.php?rest_route=\/wp\/v2\/event\/71578","targetHints":{"allow":["GET"]}}],"collection":[{"href":"https:\/\/nouveau.maisonmallet.com\/back05_01\/index.php?rest_route=\/wp\/v2\/event"}],"about":[{"href":"https:\/\/nouveau.maisonmallet.com\/back05_01\/index.php?rest_route=\/wp\/v2\/types\/event"}],"wp:featuredmedia":[{"embeddable":true,"href":"https:\/\/nouveau.maisonmallet.com\/back05_01\/index.php?rest_route=\/wp\/v2\/media\/71620"}],"wp:attachment":[{"href":"https:\/\/nouveau.maisonmallet.com\/back05_01\/index.php?rest_route=%2Fwp%2Fv2%2Fmedia&parent=71578"}],"wp:term":[{"taxonomy":"event_cat","embeddable":true,"href":"https:\/\/nouveau.maisonmallet.com\/back05_01\/index.php?rest_route=%2Fwp%2Fv2%2Fevent_cat&post=71578"}],"curies":[{"name":"wp","href":"https:\/\/api.w.org\/{rel}","templated":true}]}}

<p>Le Complexe Thanatologique Mallet &#038; fils a le regret de vous annoncer le décès de</p>
<p>Ely-Jade Larouche<br />
2005 &#8211; 2026</p>
<p>À Port-Cartier, le 16 février 2026, est décédée à l’âge de 21 ans, madame Ely-Jade Larouche fille de monsieur Pascal Larouche et de madame Carrie Bezeau domiciliée à Port-Cartier.</p>
<p>La cérémonie commémorative de madame Ely-Jade Larouche aura lieu le samedi 28 février 2026 à 16 h 45 au Complexe Thanatologique Mallet &#038; fils du 57, route 138 à Port-Cartier.</p>
<p>Selon ses volontés, elle a été confiée au crématorium de la Maison Mallet &#038; fils pour crémation.</p>
<p>La famille reçoit parents et amis le vendredi 27 février 2026 de 19 h à 22 h. Le samedi 28 février 2026 jour de la cérémonie de 13 h à 17 h au Complexe Thanatologique Mallet &#038; fils du 57, route 138 à Port-Cartier.</p>
<p>Elle laisse dans le deuil son père monsieur Pascal Larouche, sa mère madame Carrie Bezeau, ses frères : Dylan, Loïc (Émily Maltais) et Mayven, sa petite-sœur Maèva, son grand-père monsieur Michel Bezeau (Christiane Ostiguy), ses grands-mères :  madame Ginette Bond (Michel Lejeune) et madame Mariette Lavoie (feu Gilles Larouche) ainsi que ses tantes : Sophie et Sannie (Patrick Imbeault), ses oncles : Mickel et Mathew, ses neveux, ses nièces, ses cousins, ses cousines et de nombreux ami(e)s.</p>
<p>Vos marques de sympathie peuvent se traduire par un don au Centre de Thérapie AUBE DE LA PAIX 1390, rue Setlakwe, Thetford Mine, Québec, G6G 7Z3, 1-418-338-9141 / 1-888-338-9141 / aubepaix@hotmail.com </p>
<p>La famille a confié les arrangements aux services professionnels de la Maison Mallet &#038; fils du 57, route 138 à Port-Cartier, maintenant reconnue Distinction et membre de la Corporation des Thanatologues du Québec.</p>
<p>Vous pouvez consulter cet avis de décès, sur le www.maisonmallet.com </p>
<p>Ceux et celles qui le désirent, peuvent y envoyer des messages de sympathie.</p>
<p>[contact-form to= »laroupac@hotmail.com,carrie.bezeau40@gmail.com » subject= »Condoléances Ely-Jade Larouche »][contact-field label= »Votre nom » type= »name » required= »1&Prime;][contact-field label= »Votre courriel » type= »email » required= »1&Prime;][contact-field label= »Condoléances » type= »textarea »][/contact-form]</p>
