{"id":71696,"date":"2026-02-22T18:56:11","date_gmt":"2026-02-22T23:56:11","guid":{"rendered":"https:\/\/nouveau.maisonmallet.com\/?post_type=event&#038;p=71696"},"modified":"2026-02-23T19:01:42","modified_gmt":"2026-02-24T00:01:42","slug":"mark-roselyne","status":"publish","type":"event","link":"https:\/\/nouveau.maisonmallet.com\/back05_01\/?event=mark-roselyne","title":{"rendered":"MARK, Roselyne"},"content":{"rendered":"<p>Le Complexe Thanatologique Mallet &#038; fils a le regret de vous annoncer le d\u00e9c\u00e8s de<\/p>\n<p>Roselyne Mark<br \/>\n1988 \u2013 2026<\/p>\n<p>\u00c0 Qu\u00e9bec, le 18 f\u00e9vrier 2026, est d\u00e9c\u00e9d\u00e9e l\u2019\u00e2ge de 37 ans, madame Roselyne Mark fille de monsieur Serge Mark et de madame Pelage Lalo domicili\u00e9e \u00e0 La Romaine.<\/p>\n<p>Les fun\u00e9railles de madame Roselyne Mark auront lieu le mercredi 25 f\u00e9vrier 2026 \u00e0 10 h en l\u2019\u00e9glise Marie-Reine-des-Indiens \u00e0 La Romaine et de l\u00e0 au cimeti\u00e8re de l\u2019endroit.<\/p>\n<p>La famille re\u00e7oit parents et amis le lundi 23 f\u00e9vrier 2026 \u00e0 compter de 15 h au 15, rue Kusseu \u00e0 La Romaine.<\/p>\n<p>Elle laisse dans le deuil son fils Caleb, son p\u00e8re monsieur Serge Mark, sa m\u00e8re madame Pelage Lalo, ses s\u0153urs : Marroucia et Lysiane, son fr\u00e8re Jack-Sergio, ses ni\u00e8ces : Analoucia, Athena et Lysie-Jade, son neveu Daryl, son grand-p\u00e8re monsieur Ambroise Mark, sa grand-m\u00e8re madame Julienne Malleck ainsi que ses oncles, ses tantes, ses cousins, ses cousines et de nombreux ami(e)s.<\/p>\n<p>La famille a confi\u00e9 les arrangements aux services professionnels de la Maison Mallet &#038; fils du 585, boul. Laure \u00e0 Sept-\u00celes, maintenant reconnue Distinction et membre de la Corporation des Thanatologues du Qu\u00e9bec.<\/p>\n<p>Vous pouvez consulter cet avis de d\u00e9c\u00e8s, sur le www.maisonmallet.com<\/p>\n<p>Ceux et celles qui le d\u00e9sirent, peuvent y envoyer des messages de sympathie.<\/p>\n<p>[contact-form to=\u00a0\u00bbpelagelalo@icloud.com\u00a0\u00bb subject=\u00a0\u00bbCondol\u00e9ances Roselyne Mark\u00a0\u00bb][contact-field label=\u00a0\u00bbVotre nom\u00a0\u00bb type=\u00a0\u00bbname\u00a0\u00bb required=\u00a0\u00bb1&Prime;][contact-field label=\u00a0\u00bbVotre courriel\u00a0\u00bb type=\u00a0\u00bbemail\u00a0\u00bb required=\u00a0\u00bb1&Prime;][contact-field label=\u00a0\u00bbCondol\u00e9ances\u00a0\u00bb type=\u00a0\u00bbtextarea\u00a0\u00bb][\/contact-form]<\/p>\n","protected":false},"featured_media":71701,"template":"","event_cat":[6],"class_list":["post-71696","event","type-event","status-publish","has-post-thumbnail","hentry","event_cat-maison-mallet-et-fils-inc"],"_links":{"self":[{"href":"https:\/\/nouveau.maisonmallet.com\/back05_01\/index.php?rest_route=\/wp\/v2\/event\/71696","targetHints":{"allow":["GET"]}}],"collection":[{"href":"https:\/\/nouveau.maisonmallet.com\/back05_01\/index.php?rest_route=\/wp\/v2\/event"}],"about":[{"href":"https:\/\/nouveau.maisonmallet.com\/back05_01\/index.php?rest_route=\/wp\/v2\/types\/event"}],"wp:featuredmedia":[{"embeddable":true,"href":"https:\/\/nouveau.maisonmallet.com\/back05_01\/index.php?rest_route=\/wp\/v2\/media\/71701"}],"wp:attachment":[{"href":"https:\/\/nouveau.maisonmallet.com\/back05_01\/index.php?rest_route=%2Fwp%2Fv2%2Fmedia&parent=71696"}],"wp:term":[{"taxonomy":"event_cat","embeddable":true,"href":"https:\/\/nouveau.maisonmallet.com\/back05_01\/index.php?rest_route=%2Fwp%2Fv2%2Fevent_cat&post=71696"}],"curies":[{"name":"wp","href":"https:\/\/api.w.org\/{rel}","templated":true}]}}

<p>Le Complexe Thanatologique Mallet &#038; fils a le regret de vous annoncer le décès de</p>
<p>Roselyne Mark<br />
1988 – 2026</p>
<p>À Québec, le 18 février 2026, est décédée l’âge de 37 ans, madame Roselyne Mark fille de monsieur Serge Mark et de madame Pelage Lalo domiciliée à La Romaine.</p>
<p>Les funérailles de madame Roselyne Mark auront lieu le mercredi 25 février 2026 à 10 h en l’église Marie-Reine-des-Indiens à La Romaine et de là au cimetière de l’endroit.</p>
<p>La famille reçoit parents et amis le lundi 23 février 2026 à compter de 15 h au 15, rue Kusseu à La Romaine.</p>
<p>Elle laisse dans le deuil son fils Caleb, son père monsieur Serge Mark, sa mère madame Pelage Lalo, ses sœurs : Marroucia et Lysiane, son frère Jack-Sergio, ses nièces : Analoucia, Athena et Lysie-Jade, son neveu Daryl, son grand-père monsieur Ambroise Mark, sa grand-mère madame Julienne Malleck ainsi que ses oncles, ses tantes, ses cousins, ses cousines et de nombreux ami(e)s.</p>
<p>La famille a confié les arrangements aux services professionnels de la Maison Mallet &#038; fils du 585, boul. Laure à Sept-Îles, maintenant reconnue Distinction et membre de la Corporation des Thanatologues du Québec.</p>
<p>Vous pouvez consulter cet avis de décès, sur le www.maisonmallet.com</p>
<p>Ceux et celles qui le désirent, peuvent y envoyer des messages de sympathie.</p>
<p>[contact-form to= »pelagelalo@icloud.com » subject= »Condoléances Roselyne Mark »][contact-field label= »Votre nom » type= »name » required= »1&Prime;][contact-field label= »Votre courriel » type= »email » required= »1&Prime;][contact-field label= »Condoléances » type= »textarea »][/contact-form]</p>
