{"id":71699,"date":"2026-02-26T16:17:43","date_gmt":"2026-02-26T21:17:43","guid":{"rendered":"https:\/\/nouveau.maisonmallet.com\/?post_type=event&#038;p=71699"},"modified":"2026-02-27T16:23:03","modified_gmt":"2026-02-27T21:23:03","slug":"richard-marcienne","status":"publish","type":"event","link":"https:\/\/nouveau.maisonmallet.com\/back05_01\/?event=richard-marcienne","title":{"rendered":"RICHARD, Marcienne"},"content":{"rendered":"<p>Le Complexe Thanatologique Mallet &#038; fils a le regret de vous annoncer le d\u00e9c\u00e8s de<\/p>\n<p>Marcienne Richard<br \/>\n1948 \u2013 2026<\/p>\n<p>\u00c0 Sept-\u00celes, le 23 f\u00e9vrier 2026, est d\u00e9c\u00e9d\u00e9e \u00e0 l&rsquo;\u00e2ge de 77 ans, madame Marcienne Richard fille de feu Hector Richard et de feu Alph\u00e9da Fournier domicili\u00e9e \u00e0 Sept-\u00celes.<\/p>\n<p>La c\u00e9r\u00e9monie comm\u00e9morative de madame Marcienne Richard aura lieu le jeudi 5 mars 2026 \u00e0 20 h 50 \u00e0 la chapelle du Complexe Thanatologique Mallet &#038; fils du 585, boul. Laure \u00e0 Sept-\u00celes.<\/p>\n<p>Selon ses volont\u00e9s, elle a \u00e9t\u00e9 confi\u00e9e au cr\u00e9matorium de la Maison Mallet &#038; fils pour cr\u00e9mation.<\/p>\n<p>La famille re\u00e7oit parents et amis le jeudi 5 mars 2026 de 19 h \u00e0 21 h au Complexe Thanatologique Mallet &#038; fils du 585 boul. Laure \u00e0 Sept-\u00celes.  <\/p>\n<p>Elle laisse dans le deuil outre ses enfants : Nathalie, Monica (Dave Paris\u00e9) et Patrick (Kathleen Tardif), ses petits-enfants : Marie-Rapha\u00eblle, Alexandre, Emmanuelle, M\u00e9lanie, Matthew et M\u00e9gan, ses arri\u00e8re-petits-enfants : Zackary et Alexy, ses s\u0153urs : Marcia, Ga\u00e9tane (Michel), L\u00e9na (Marcel), Lise (Alain), Gertrude (Roger), Suzanne (Ga\u00e9tan) et Jacqueline (Jacques), ses fr\u00e8res : Claude (Gina) et Alain ainsi que ses neveux, ses ni\u00e8ces, ses cousins, ses cousines et de nombreux amis(e)s.<\/p>\n<p>Elle \u00e9tait la s\u0153ur de feu H\u00e9l\u00e8ne et feu Fran\u00e7oise Richard.<\/p>\n<p>La famille a confi\u00e9 les arrangements aux services professionnels de la Maison Mallet &#038; fils du 585 boul. Laure \u00e0 Sept-\u00celes, maintenant reconnue Distinction et membre de la Corporation des Thanatologues du Qu\u00e9bec.<\/p>\n<p>Vous pouvez consulter cet avis de d\u00e9c\u00e8s sur le : www.maisonmallet.com<\/p>\n<p>Ceux et celles qui le d\u00e9sirent, peuvent y envoyer des messages de sympathie.<\/p>\n<p>[contact-form to=\u00a0\u00bbminvillenathalie@gmail.com\u00a0\u00bb subject=\u00a0\u00bbCondol\u00e9ances Marcienne Richard\u00a0\u00bb][contact-field label=\u00a0\u00bbVotre nom\u00a0\u00bb type=\u00a0\u00bbname\u00a0\u00bb required=\u00a0\u00bb1&Prime;][contact-field label=\u00a0\u00bbVotre courriel\u00a0\u00bb type=\u00a0\u00bbemail\u00a0\u00bb required=\u00a0\u00bb1&Prime;][contact-field label=\u00a0\u00bbCondol\u00e9ances\u00a0\u00bb type=\u00a0\u00bbtextarea\u00a0\u00bb][\/contact-form]<\/p>\n","protected":false},"featured_media":71772,"template":"","event_cat":[6],"class_list":["post-71699","event","type-event","status-publish","has-post-thumbnail","hentry","event_cat-maison-mallet-et-fils-inc"],"_links":{"self":[{"href":"https:\/\/nouveau.maisonmallet.com\/back05_01\/index.php?rest_route=\/wp\/v2\/event\/71699","targetHints":{"allow":["GET"]}}],"collection":[{"href":"https:\/\/nouveau.maisonmallet.com\/back05_01\/index.php?rest_route=\/wp\/v2\/event"}],"about":[{"href":"https:\/\/nouveau.maisonmallet.com\/back05_01\/index.php?rest_route=\/wp\/v2\/types\/event"}],"wp:featuredmedia":[{"embeddable":true,"href":"https:\/\/nouveau.maisonmallet.com\/back05_01\/index.php?rest_route=\/wp\/v2\/media\/71772"}],"wp:attachment":[{"href":"https:\/\/nouveau.maisonmallet.com\/back05_01\/index.php?rest_route=%2Fwp%2Fv2%2Fmedia&parent=71699"}],"wp:term":[{"taxonomy":"event_cat","embeddable":true,"href":"https:\/\/nouveau.maisonmallet.com\/back05_01\/index.php?rest_route=%2Fwp%2Fv2%2Fevent_cat&post=71699"}],"curies":[{"name":"wp","href":"https:\/\/api.w.org\/{rel}","templated":true}]}}

<p>Le Complexe Thanatologique Mallet &#038; fils a le regret de vous annoncer le décès de</p>
<p>Marcienne Richard<br />
1948 – 2026</p>
<p>À Sept-Îles, le 23 février 2026, est décédée à l&rsquo;âge de 77 ans, madame Marcienne Richard fille de feu Hector Richard et de feu Alphéda Fournier domiciliée à Sept-Îles.</p>
<p>La cérémonie commémorative de madame Marcienne Richard aura lieu le jeudi 5 mars 2026 à 20 h 50 à la chapelle du Complexe Thanatologique Mallet &#038; fils du 585, boul. Laure à Sept-Îles.</p>
<p>Selon ses volontés, elle a été confiée au crématorium de la Maison Mallet &#038; fils pour crémation.</p>
<p>La famille reçoit parents et amis le jeudi 5 mars 2026 de 19 h à 21 h au Complexe Thanatologique Mallet &#038; fils du 585 boul. Laure à Sept-Îles.  </p>
<p>Elle laisse dans le deuil outre ses enfants : Nathalie, Monica (Dave Parisé) et Patrick (Kathleen Tardif), ses petits-enfants : Marie-Raphaëlle, Alexandre, Emmanuelle, Mélanie, Matthew et Mégan, ses arrière-petits-enfants : Zackary et Alexy, ses sœurs : Marcia, Gaétane (Michel), Léna (Marcel), Lise (Alain), Gertrude (Roger), Suzanne (Gaétan) et Jacqueline (Jacques), ses frères : Claude (Gina) et Alain ainsi que ses neveux, ses nièces, ses cousins, ses cousines et de nombreux amis(e)s.</p>
<p>Elle était la sœur de feu Hélène et feu Françoise Richard.</p>
<p>La famille a confié les arrangements aux services professionnels de la Maison Mallet &#038; fils du 585 boul. Laure à Sept-Îles, maintenant reconnue Distinction et membre de la Corporation des Thanatologues du Québec.</p>
<p>Vous pouvez consulter cet avis de décès sur le : www.maisonmallet.com</p>
<p>Ceux et celles qui le désirent, peuvent y envoyer des messages de sympathie.</p>
<p>[contact-form to= »minvillenathalie@gmail.com » subject= »Condoléances Marcienne Richard »][contact-field label= »Votre nom » type= »name » required= »1&Prime;][contact-field label= »Votre courriel » type= »email » required= »1&Prime;][contact-field label= »Condoléances » type= »textarea »][/contact-form]</p>
