{"id":71770,"date":"2026-02-28T14:56:53","date_gmt":"2026-02-28T19:56:53","guid":{"rendered":"https:\/\/nouveau.maisonmallet.com\/?post_type=event&#038;p=71770"},"modified":"2026-03-01T15:03:06","modified_gmt":"2026-03-01T20:03:06","slug":"st-amand-gilles","status":"publish","type":"event","link":"https:\/\/nouveau.maisonmallet.com\/back05_01\/?event=st-amand-gilles","title":{"rendered":"ST-AMAND, Gilles"},"content":{"rendered":"<p>Le Complexe Thanatologique Mallet &#038; fils a le regret de vous annoncer le d\u00e9c\u00e8s de<\/p>\n<p>Gilles St-Amand<br \/>\n1945 &#8211; 2026<\/p>\n<p>\u00c0 Sept-\u00celes (maison \u00c9lyme des sables), le 28 f\u00e9vrier 2026, est d\u00e9c\u00e9d\u00e9 \u00e0 l\u2019\u00e2ge de 80 ans, monsieur Gilles St-Amand \u00e9poux de madame Marie-Andr\u00e9e Gougeon et domicili\u00e9 \u00e0 Sept-\u00celes.<\/p>\n<p>Les fun\u00e9railles de monsieur Gilles St-Amand auront lieu le samedi 7 mars 2026 \u00e0 10 h 30 en l\u2019\u00e9glise St-Joseph situ\u00e9e au 535, ave. Brochu \u00e0 Sept-\u00celes et de l\u00e0 au cimeti\u00e8re Catholique de Sept-\u00celes.  <\/p>\n<p>La famille re\u00e7oit parents et amis le vendredi 6 mars 2026 de 19 h \u00e0 22 h. Le samedi 7 mars 2026, jour des fun\u00e9railles, \u00e0 compter de 9 h au Complexe Thanatologique Mallet &#038; fils du 585, boul. Laure \u00e0 Sept-\u00celes.<\/p>\n<p>Il laisse dans le deuil outre son \u00e9pouse madame Marie-Andr\u00e9e Gougeon, ses enfants : Sabrina (Philip), Louis (Annik), Marc (Annie-Pier), Matthieu (Cynthia), Marie-Eve (Alexandre) et Myriam (R\u00e9mi), ses petits-enfants : Jade, Matis, Emile, L\u00e9ana, Charles, Laurence, Victor, Sara, Etienne et Rachel ainsi que ses s\u0153urs : Liette (Daniel), France, Catherine (Michel), ses beaux-fr\u00e8res : Jean-Guy (Danielle), R\u00e9al, Daniel (France), ses belles-s\u0153urs : Francine (G\u00e9rard), Lucie (Guy), Johanne (Roland) et Sylvie (Mario), ses neveux, ses ni\u00e8ces, ses cousins, ses cousines et de nombreux ami(e)s. <\/p>\n<p>Vos marques de sympathie peuvent se traduire par une offrande de messe et ou un don \u00e0 l\u2019\u00c9lyme des sables www.elymedessables.com<\/p>\n<p>La famille a confi\u00e9 la direction des fun\u00e9railles aux services professionnels de la Maison Mallet &#038; fils du 585, boul. Laure \u00e0 Sept-\u00celes, maintenant reconnue Distinction et membre de la Corporation des Thanatologues du Qu\u00e9bec.<\/p>\n<p>Vous pouvez consulter cet avis de d\u00e9c\u00e8s sur le www.maisonmallet.com<\/p>\n<p>Ceux et celles qui le d\u00e9sirent, peuvent y envoyer des messages de sympathies.<\/p>\n<p>[contact-form to=\u00a0\u00bbsabicheri@hotmail.com\u00a0\u00bb subject=\u00a0\u00bbCondol\u00e9ances Gilles St-Amand\u00a0\u00bb][contact-field label=\u00a0\u00bbVotre nom\u00a0\u00bb type=\u00a0\u00bbname\u00a0\u00bb required=\u00a0\u00bb1&Prime;][contact-field label=\u00a0\u00bbVotre courriel\u00a0\u00bb type=\u00a0\u00bbemail\u00a0\u00bb required=\u00a0\u00bb1&Prime;][contact-field label=\u00a0\u00bbCondol\u00e9ances\u00a0\u00bb type=\u00a0\u00bbtextarea\u00a0\u00bb][\/contact-form]<\/p>\n","protected":false},"featured_media":71798,"template":"","event_cat":[6],"class_list":["post-71770","event","type-event","status-publish","has-post-thumbnail","hentry","event_cat-maison-mallet-et-fils-inc"],"_links":{"self":[{"href":"https:\/\/nouveau.maisonmallet.com\/back05_01\/index.php?rest_route=\/wp\/v2\/event\/71770","targetHints":{"allow":["GET"]}}],"collection":[{"href":"https:\/\/nouveau.maisonmallet.com\/back05_01\/index.php?rest_route=\/wp\/v2\/event"}],"about":[{"href":"https:\/\/nouveau.maisonmallet.com\/back05_01\/index.php?rest_route=\/wp\/v2\/types\/event"}],"wp:featuredmedia":[{"embeddable":true,"href":"https:\/\/nouveau.maisonmallet.com\/back05_01\/index.php?rest_route=\/wp\/v2\/media\/71798"}],"wp:attachment":[{"href":"https:\/\/nouveau.maisonmallet.com\/back05_01\/index.php?rest_route=%2Fwp%2Fv2%2Fmedia&parent=71770"}],"wp:term":[{"taxonomy":"event_cat","embeddable":true,"href":"https:\/\/nouveau.maisonmallet.com\/back05_01\/index.php?rest_route=%2Fwp%2Fv2%2Fevent_cat&post=71770"}],"curies":[{"name":"wp","href":"https:\/\/api.w.org\/{rel}","templated":true}]}}

<p>Le Complexe Thanatologique Mallet &#038; fils a le regret de vous annoncer le décès de</p>
<p>Gilles St-Amand<br />
1945 &#8211; 2026</p>
<p>À Sept-Îles (maison Élyme des sables), le 28 février 2026, est décédé à l’âge de 80 ans, monsieur Gilles St-Amand époux de madame Marie-Andrée Gougeon et domicilié à Sept-Îles.</p>
<p>Les funérailles de monsieur Gilles St-Amand auront lieu le samedi 7 mars 2026 à 10 h 30 en l’église St-Joseph située au 535, ave. Brochu à Sept-Îles et de là au cimetière Catholique de Sept-Îles.  </p>
<p>La famille reçoit parents et amis le vendredi 6 mars 2026 de 19 h à 22 h. Le samedi 7 mars 2026, jour des funérailles, à compter de 9 h au Complexe Thanatologique Mallet &#038; fils du 585, boul. Laure à Sept-Îles.</p>
<p>Il laisse dans le deuil outre son épouse madame Marie-Andrée Gougeon, ses enfants : Sabrina (Philip), Louis (Annik), Marc (Annie-Pier), Matthieu (Cynthia), Marie-Eve (Alexandre) et Myriam (Rémi), ses petits-enfants : Jade, Matis, Emile, Léana, Charles, Laurence, Victor, Sara, Etienne et Rachel ainsi que ses sœurs : Liette (Daniel), France, Catherine (Michel), ses beaux-frères : Jean-Guy (Danielle), Réal, Daniel (France), ses belles-sœurs : Francine (Gérard), Lucie (Guy), Johanne (Roland) et Sylvie (Mario), ses neveux, ses nièces, ses cousins, ses cousines et de nombreux ami(e)s. </p>
<p>Vos marques de sympathie peuvent se traduire par une offrande de messe et ou un don à l’Élyme des sables www.elymedessables.com</p>
<p>La famille a confié la direction des funérailles aux services professionnels de la Maison Mallet &#038; fils du 585, boul. Laure à Sept-Îles, maintenant reconnue Distinction et membre de la Corporation des Thanatologues du Québec.</p>
<p>Vous pouvez consulter cet avis de décès sur le www.maisonmallet.com</p>
<p>Ceux et celles qui le désirent, peuvent y envoyer des messages de sympathies.</p>
<p>[contact-form to= »sabicheri@hotmail.com » subject= »Condoléances Gilles St-Amand »][contact-field label= »Votre nom » type= »name » required= »1&Prime;][contact-field label= »Votre courriel » type= »email » required= »1&Prime;][contact-field label= »Condoléances » type= »textarea »][/contact-form]</p>
