{"id":71796,"date":"2026-03-05T16:24:49","date_gmt":"2026-03-05T21:24:49","guid":{"rendered":"https:\/\/nouveau.maisonmallet.com\/?post_type=event&#038;p=71796"},"modified":"2026-03-06T16:34:14","modified_gmt":"2026-03-06T21:34:14","slug":"jourdain-victoria","status":"publish","type":"event","link":"https:\/\/nouveau.maisonmallet.com\/back05_01\/?event=jourdain-victoria","title":{"rendered":"JOURDAIN, Victoria"},"content":{"rendered":"<p>Le Complexe Thanatologique Mallet &#038; fils a le regret de vous annoncer le d\u00e9c\u00e8s de<\/p>\n<p>Victoria Jourdain<br \/>\n1947 &#8211; 2026<\/p>\n<p>\u00c0 Sept-\u00celes, le 3 mars 2026, est d\u00e9c\u00e9d\u00e9e \u00e0 l\u2019\u00e2ge de 78 ans, madame Victoria Jourdain \u00e9pouse de feu Georges Cummings et domicili\u00e9e \u00e0 Uashat.<\/p>\n<p>Les fun\u00e9railles de madame Victoria Jourdain auront lieu le samedi 7 mars 2026 \u00e0 14 h en l\u2019\u00e9glise Kateri Tekakwitha, situ\u00e9e au 1035, avenue De Quen \u00e0 Uashat et de l\u00e0 au cimeti\u00e8re de Uashat.<\/p>\n<p>La famille re\u00e7oit parents et amis le vendredi 6 mars 2026 de 13 h \u00e0 16 h et de 19 h \u00e0 22 h, le samedi 7 mars 2026 jour des fun\u00e9railles \u00e0 compter de 9 h 30 \u00e0 l\u2019\u00e9glise Kateri Tekakwitha, situ\u00e9e au 1035, avenue De Quen \u00e0 Uashat.<\/p>\n<p>Elle laisse dans le deuil ses enfants : Jean-Louis (Gis\u00e8le), Nathalie, Nadine (Floriant), Raquel (Guy) et \u00c9ric (Kimberly), ses petits-enfants exceptionnellement Benjamin (Olivia), ses arri\u00e8re-petits-enfants, ses s\u0153urs : Marie-Anna et Annette (feu Armand), ses beaux-fr\u00e8res, ses belles-s\u0153urs, ses neveux, ses ni\u00e8ces ainsi que ses cousins, ses cousines et de nombreux ami(e)s.<\/p>\n<p>La famille a confi\u00e9 la direction des fun\u00e9railles aux services professionnels de la Maison Mallet &#038; fils du 585, boul. Laure \u00e0 Sept-\u00celes, maintenant reconnue Distinction et membre de la Corporation des Thanatologues du Qu\u00e9bec.<\/p>\n<p>Vous pouvez consulter cet avis de d\u00e9c\u00e8s sur le www.maisonmallet.com<\/p>\n<p>Ceux et celles qui le d\u00e9sirent, peuvent y envoyer des messages de condol\u00e9ances.<\/p>\n<p>[contact-form to=\u00a0\u00bbbenjaminjrpinette@hotmail.com\u00a0\u00bb subject=\u00a0\u00bbCondol\u00e9ances Victoria Jourdain\u00a0\u00bb][contact-field label=\u00a0\u00bbVotre nom\u00a0\u00bb type=\u00a0\u00bbname\u00a0\u00bb required=\u00a0\u00bb1&Prime;][contact-field label=\u00a0\u00bbVotre courriel\u00a0\u00bb type=\u00a0\u00bbemail\u00a0\u00bb required=\u00a0\u00bb1&Prime;][contact-field label=\u00a0\u00bbCondol\u00e9ances\u00a0\u00bb type=\u00a0\u00bbtextarea\u00a0\u00bb][\/contact-form]<\/p>\n","protected":false},"featured_media":71927,"template":"","event_cat":[6],"class_list":["post-71796","event","type-event","status-publish","has-post-thumbnail","hentry","event_cat-maison-mallet-et-fils-inc"],"_links":{"self":[{"href":"https:\/\/nouveau.maisonmallet.com\/back05_01\/index.php?rest_route=\/wp\/v2\/event\/71796","targetHints":{"allow":["GET"]}}],"collection":[{"href":"https:\/\/nouveau.maisonmallet.com\/back05_01\/index.php?rest_route=\/wp\/v2\/event"}],"about":[{"href":"https:\/\/nouveau.maisonmallet.com\/back05_01\/index.php?rest_route=\/wp\/v2\/types\/event"}],"wp:featuredmedia":[{"embeddable":true,"href":"https:\/\/nouveau.maisonmallet.com\/back05_01\/index.php?rest_route=\/wp\/v2\/media\/71927"}],"wp:attachment":[{"href":"https:\/\/nouveau.maisonmallet.com\/back05_01\/index.php?rest_route=%2Fwp%2Fv2%2Fmedia&parent=71796"}],"wp:term":[{"taxonomy":"event_cat","embeddable":true,"href":"https:\/\/nouveau.maisonmallet.com\/back05_01\/index.php?rest_route=%2Fwp%2Fv2%2Fevent_cat&post=71796"}],"curies":[{"name":"wp","href":"https:\/\/api.w.org\/{rel}","templated":true}]}}

<p>Le Complexe Thanatologique Mallet &#038; fils a le regret de vous annoncer le décès de</p>
<p>Victoria Jourdain<br />
1947 &#8211; 2026</p>
<p>À Sept-Îles, le 3 mars 2026, est décédée à l’âge de 78 ans, madame Victoria Jourdain épouse de feu Georges Cummings et domiciliée à Uashat.</p>
<p>Les funérailles de madame Victoria Jourdain auront lieu le samedi 7 mars 2026 à 14 h en l’église Kateri Tekakwitha, située au 1035, avenue De Quen à Uashat et de là au cimetière de Uashat.</p>
<p>La famille reçoit parents et amis le vendredi 6 mars 2026 de 13 h à 16 h et de 19 h à 22 h, le samedi 7 mars 2026 jour des funérailles à compter de 9 h 30 à l’église Kateri Tekakwitha, située au 1035, avenue De Quen à Uashat.</p>
<p>Elle laisse dans le deuil ses enfants : Jean-Louis (Gisèle), Nathalie, Nadine (Floriant), Raquel (Guy) et Éric (Kimberly), ses petits-enfants exceptionnellement Benjamin (Olivia), ses arrière-petits-enfants, ses sœurs : Marie-Anna et Annette (feu Armand), ses beaux-frères, ses belles-sœurs, ses neveux, ses nièces ainsi que ses cousins, ses cousines et de nombreux ami(e)s.</p>
<p>La famille a confié la direction des funérailles aux services professionnels de la Maison Mallet &#038; fils du 585, boul. Laure à Sept-Îles, maintenant reconnue Distinction et membre de la Corporation des Thanatologues du Québec.</p>
<p>Vous pouvez consulter cet avis de décès sur le www.maisonmallet.com</p>
<p>Ceux et celles qui le désirent, peuvent y envoyer des messages de condoléances.</p>
<p>[contact-form to= »benjaminjrpinette@hotmail.com » subject= »Condoléances Victoria Jourdain »][contact-field label= »Votre nom » type= »name » required= »1&Prime;][contact-field label= »Votre courriel » type= »email » required= »1&Prime;][contact-field label= »Condoléances » type= »textarea »][/contact-form]</p>
