{"id":71988,"date":"2026-03-10T17:07:57","date_gmt":"2026-03-10T21:07:57","guid":{"rendered":"https:\/\/nouveau.maisonmallet.com\/?post_type=event&#038;p=71988"},"modified":"2026-03-11T17:14:03","modified_gmt":"2026-03-11T21:14:03","slug":"blouin-wilbrod-ti-pitt","status":"publish","type":"event","link":"https:\/\/nouveau.maisonmallet.com\/back05_01\/?event=blouin-wilbrod-ti-pitt","title":{"rendered":"BLOUIN, Wilbrod (Ti-Pitt)"},"content":{"rendered":"<p>Le Complexe Thanatologique Mallet &#038; fils a le regret de vous annoncer le d\u00e9c\u00e8s de<\/p>\n<p>Wilbrod (Ti-Pitt) Blouin<br \/>\n1945 \u2013 2026<\/p>\n<p>\u00c0 Sept-\u00celes, le 8 mars 2026, est d\u00e9c\u00e9d\u00e9 \u00e0 l\u2019\u00e2ge de 80 ans, monsieur Wilbrod (Ti-Pitt) Blouin conjoint de madame G\u00e9raldine Deroy et domicili\u00e9 \u00e0 Port-Cartier.<\/p>\n<p>Les fun\u00e9railles de monsieur Wilbrod (Ti-Pitt) Blouin auront lieu le mercredi 18 mars 2026 \u00e0 15 h en l\u2019\u00e9glise Sacr\u00e9-C\u0153ur situ\u00e9e au 38, rue Parent \u00e0 Port-Cartier.<\/p>\n<p>Selon ses volont\u00e9s, il a \u00e9t\u00e9 confi\u00e9 au cr\u00e9matorium de la Maison Mallet &#038; fils pour cr\u00e9mation.<\/p>\n<p>La famille re\u00e7oit parents et amis le mercredi 18 mars 2026 jour des fun\u00e9railles \u00e0 compter de 14 h \u00e0 l\u2019\u00e9glise Sacr\u00e9-C\u0153ur de Port-Cartier.<\/p>\n<p>Il laisse dans le deuil outre sa conjointe madame G\u00e9raldine Deroy, son fils Jean (Loana Plourde), Agla\u00e9 (Steve Levasseur), ses petits-enfants : Arianne, Andy et Marlyne, son arri\u00e8re-petit-fils Alexy, son fr\u00e8re Jean-Paul (Jocelyne), ses s\u0153urs : Lucette et Louise (Daniel) ainsi que ses neveux, ses ni\u00e8ces, ses cousins, ses cousines et de nombreux ami(e)s.<\/p>\n<p>Vos marques de sympathie peuvent se traduire par un don \u00e0 Villa Port-Cartier, 2, rue LeMoyne Port-Cartier, Qu\u00e9bec G5B 0A3. <\/p>\n<p>La famille a confi\u00e9 la direction des fun\u00e9railles aux services professionnels de la Maison Mallet &#038; fils du 57, route 138 \u00e0 Port-Cartier, maintenant reconnue Distinction et membre de la Corporation des Thanatologues du Qu\u00e9bec.<\/p>\n<p>Vous pouvez consulter cet avis de d\u00e9c\u00e8s, sur le www.maisonmallet.com <\/p>\n<p>Ceux et celles qui le d\u00e9sirent, peuvent y envoyer des messages de sympathie.<\/p>\n<p>[contact-form to=\u00a0\u00bbloanaplourde@gmail.com\u00a0\u00bb subject=\u00a0\u00bbCondol\u00e9ances Wilbrod Blouin\u00a0\u00bb][contact-field label=\u00a0\u00bbVotre nom\u00a0\u00bb type=\u00a0\u00bbname\u00a0\u00bb required=\u00a0\u00bb1&Prime;][contact-field label=\u00a0\u00bbVotre courriel\u00a0\u00bb type=\u00a0\u00bbemail\u00a0\u00bb required=\u00a0\u00bb1&Prime;][contact-field label=\u00a0\u00bbCondol\u00e9ances\u00a0\u00bb type=\u00a0\u00bbtextarea\u00a0\u00bb][\/contact-form]<\/p>\n","protected":false},"featured_media":72008,"template":"","event_cat":[6],"class_list":["post-71988","event","type-event","status-publish","has-post-thumbnail","hentry","event_cat-maison-mallet-et-fils-inc"],"_links":{"self":[{"href":"https:\/\/nouveau.maisonmallet.com\/back05_01\/index.php?rest_route=\/wp\/v2\/event\/71988","targetHints":{"allow":["GET"]}}],"collection":[{"href":"https:\/\/nouveau.maisonmallet.com\/back05_01\/index.php?rest_route=\/wp\/v2\/event"}],"about":[{"href":"https:\/\/nouveau.maisonmallet.com\/back05_01\/index.php?rest_route=\/wp\/v2\/types\/event"}],"wp:featuredmedia":[{"embeddable":true,"href":"https:\/\/nouveau.maisonmallet.com\/back05_01\/index.php?rest_route=\/wp\/v2\/media\/72008"}],"wp:attachment":[{"href":"https:\/\/nouveau.maisonmallet.com\/back05_01\/index.php?rest_route=%2Fwp%2Fv2%2Fmedia&parent=71988"}],"wp:term":[{"taxonomy":"event_cat","embeddable":true,"href":"https:\/\/nouveau.maisonmallet.com\/back05_01\/index.php?rest_route=%2Fwp%2Fv2%2Fevent_cat&post=71988"}],"curies":[{"name":"wp","href":"https:\/\/api.w.org\/{rel}","templated":true}]}}

<p>Le Complexe Thanatologique Mallet &#038; fils a le regret de vous annoncer le décès de</p>
<p>Wilbrod (Ti-Pitt) Blouin<br />
1945 – 2026</p>
<p>À Sept-Îles, le 8 mars 2026, est décédé à l’âge de 80 ans, monsieur Wilbrod (Ti-Pitt) Blouin conjoint de madame Géraldine Deroy et domicilié à Port-Cartier.</p>
<p>Les funérailles de monsieur Wilbrod (Ti-Pitt) Blouin auront lieu le mercredi 18 mars 2026 à 15 h en l’église Sacré-Cœur située au 38, rue Parent à Port-Cartier.</p>
<p>Selon ses volontés, il a été confié au crématorium de la Maison Mallet &#038; fils pour crémation.</p>
<p>La famille reçoit parents et amis le mercredi 18 mars 2026 jour des funérailles à compter de 14 h à l’église Sacré-Cœur de Port-Cartier.</p>
<p>Il laisse dans le deuil outre sa conjointe madame Géraldine Deroy, son fils Jean (Loana Plourde), Aglaé (Steve Levasseur), ses petits-enfants : Arianne, Andy et Marlyne, son arrière-petit-fils Alexy, son frère Jean-Paul (Jocelyne), ses sœurs : Lucette et Louise (Daniel) ainsi que ses neveux, ses nièces, ses cousins, ses cousines et de nombreux ami(e)s.</p>
<p>Vos marques de sympathie peuvent se traduire par un don à Villa Port-Cartier, 2, rue LeMoyne Port-Cartier, Québec G5B 0A3. </p>
<p>La famille a confié la direction des funérailles aux services professionnels de la Maison Mallet &#038; fils du 57, route 138 à Port-Cartier, maintenant reconnue Distinction et membre de la Corporation des Thanatologues du Québec.</p>
<p>Vous pouvez consulter cet avis de décès, sur le www.maisonmallet.com </p>
<p>Ceux et celles qui le désirent, peuvent y envoyer des messages de sympathie.</p>
<p>[contact-form to= »loanaplourde@gmail.com » subject= »Condoléances Wilbrod Blouin »][contact-field label= »Votre nom » type= »name » required= »1&Prime;][contact-field label= »Votre courriel » type= »email » required= »1&Prime;][contact-field label= »Condoléances » type= »textarea »][/contact-form]</p>
