{"id":72057,"date":"2026-03-12T12:55:12","date_gmt":"2026-03-12T16:55:12","guid":{"rendered":"https:\/\/nouveau.maisonmallet.com\/?post_type=event&#038;p=72057"},"modified":"2026-03-13T13:01:18","modified_gmt":"2026-03-13T17:01:18","slug":"gaudreault-denis","status":"publish","type":"event","link":"https:\/\/nouveau.maisonmallet.com\/back05_01\/?event=gaudreault-denis","title":{"rendered":"GAUDREAULT, Denis"},"content":{"rendered":"<p>Le Complexe Thanatologique Mallet &#038; fils a le regret de vous annoncer le d\u00e9c\u00e8s de<\/p>\n<p>Denis Gaudreault<br \/>\n1943 \u2013 2026<\/p>\n<p>\u00c0 Sept-\u00celes (maison l\u2019\u00c9lyme des sables), le 12 mars 2026, est d\u00e9c\u00e9d\u00e9 \u00e0 l&rsquo;\u00e2ge de 83 ans, monsieur Denis Gaudreault \u00e9poux de madame Denise Mansour et domicili\u00e9 \u00e0 Sept-\u00celes.<\/p>\n<p>Les fun\u00e9railles de monsieur Denis Gaudreault auront lieu \u00e0 une date ult\u00e9rieure en l\u2019\u00e9glise St-Joseph situ\u00e9e au 535, ave. Brochu \u00e0 Sept-\u00celes. <\/p>\n<p>Selon ses volont\u00e9s, il a \u00e9t\u00e9 confi\u00e9 au cr\u00e9matorium de la Maison Mallet &#038; fils pour cr\u00e9mation.<\/p>\n<p>Il laisse dans le deuil son \u00e9pouse madame Denise Mansour, sa fille Nathalie, ses fr\u00e8res et s\u0153urs : Guy (feu Huguette Leli\u00e8vre), Lisette (Roma Caron) et Michel (Marie-Claude Goulet), ses beaux-fr\u00e8res et belles-s\u0153urs : Gilbert (Louise Isabelle), Serge (Jos\u00e9e Boutin), Jocelyne et Colette ainsi que de nombreux neveux et ni\u00e8ces, parents et amis. <\/p>\n<p>Il \u00e9tait le fr\u00e8re de feu Maude (feu Gilles Lemonde), feu R\u00e9al (feu Denise Lafreni\u00e8re), feu Brigitte (feu Roger Devarennes) et feu Alain (feu Carole Perron).<\/p>\n<p>Nous tenons \u00e0 remercier sa neurologue Dr. Danielle Lavoie et m\u00e9decin de famille Dr. Pierre-Claude Harvey ainsi que tout le personnel de la maison de soins palliatif l\u2019\u00c9lyme des sables \u00e0 Sept-Iles, pour tous les soins re\u00e7us d\u2019une fa\u00e7on professionnelle et affectueuse.<\/p>\n<p>Vos marques de sympathie peuvent se traduire par un don \u00e0 la soci\u00e9t\u00e9 du parkinson Qu\u00e9bec www.parkinsonquebec.ca <\/p>\n<p>La famille a confi\u00e9 la direction des fun\u00e9railles aux services professionnels de la Maison Mallet &#038; fils du 585 boul. Laure \u00e0 Sept-\u00celes, maintenant reconnue Distinction et membre de la Corporation des Thanatologues du Qu\u00e9bec.<\/p>\n<p>Vous pouvez consulter cet avis de d\u00e9c\u00e8s, sur le www.maisonmallet.com<\/p>\n<p>Ceux et celles qui le d\u00e9sirent, peuvent y envoyer des messages de sympathie.<\/p>\n<p>[contact-form to=\u00a0\u00bbdenise.mansour@cgocable.ca\u00a0\u00bb subject=\u00a0\u00bbCondol\u00e9ances Denis Gaudreault\u00a0\u00bb][contact-field label=\u00a0\u00bbVotre nom\u00a0\u00bb type=\u00a0\u00bbname\u00a0\u00bb required=\u00a0\u00bb1&Prime;][contact-field label=\u00a0\u00bbVotre courriel\u00a0\u00bb type=\u00a0\u00bbemail\u00a0\u00bb required=\u00a0\u00bb1&Prime;][contact-field label=\u00a0\u00bbCondol\u00e9ances\u00a0\u00bb type=\u00a0\u00bbtextarea\u00a0\u00bb][\/contact-form]<\/p>\n","protected":false},"featured_media":72062,"template":"","event_cat":[6],"class_list":["post-72057","event","type-event","status-publish","has-post-thumbnail","hentry","event_cat-maison-mallet-et-fils-inc"],"_links":{"self":[{"href":"https:\/\/nouveau.maisonmallet.com\/back05_01\/index.php?rest_route=\/wp\/v2\/event\/72057","targetHints":{"allow":["GET"]}}],"collection":[{"href":"https:\/\/nouveau.maisonmallet.com\/back05_01\/index.php?rest_route=\/wp\/v2\/event"}],"about":[{"href":"https:\/\/nouveau.maisonmallet.com\/back05_01\/index.php?rest_route=\/wp\/v2\/types\/event"}],"wp:featuredmedia":[{"embeddable":true,"href":"https:\/\/nouveau.maisonmallet.com\/back05_01\/index.php?rest_route=\/wp\/v2\/media\/72062"}],"wp:attachment":[{"href":"https:\/\/nouveau.maisonmallet.com\/back05_01\/index.php?rest_route=%2Fwp%2Fv2%2Fmedia&parent=72057"}],"wp:term":[{"taxonomy":"event_cat","embeddable":true,"href":"https:\/\/nouveau.maisonmallet.com\/back05_01\/index.php?rest_route=%2Fwp%2Fv2%2Fevent_cat&post=72057"}],"curies":[{"name":"wp","href":"https:\/\/api.w.org\/{rel}","templated":true}]}}

<p>Le Complexe Thanatologique Mallet &#038; fils a le regret de vous annoncer le décès de</p>
<p>Denis Gaudreault<br />
1943 – 2026</p>
<p>À Sept-Îles (maison l’Élyme des sables), le 12 mars 2026, est décédé à l&rsquo;âge de 83 ans, monsieur Denis Gaudreault époux de madame Denise Mansour et domicilié à Sept-Îles.</p>
<p>Les funérailles de monsieur Denis Gaudreault auront lieu à une date ultérieure en l’église St-Joseph située au 535, ave. Brochu à Sept-Îles. </p>
<p>Selon ses volontés, il a été confié au crématorium de la Maison Mallet &#038; fils pour crémation.</p>
<p>Il laisse dans le deuil son épouse madame Denise Mansour, sa fille Nathalie, ses frères et sœurs : Guy (feu Huguette Lelièvre), Lisette (Roma Caron) et Michel (Marie-Claude Goulet), ses beaux-frères et belles-sœurs : Gilbert (Louise Isabelle), Serge (Josée Boutin), Jocelyne et Colette ainsi que de nombreux neveux et nièces, parents et amis. </p>
<p>Il était le frère de feu Maude (feu Gilles Lemonde), feu Réal (feu Denise Lafrenière), feu Brigitte (feu Roger Devarennes) et feu Alain (feu Carole Perron).</p>
<p>Nous tenons à remercier sa neurologue Dr. Danielle Lavoie et médecin de famille Dr. Pierre-Claude Harvey ainsi que tout le personnel de la maison de soins palliatif l’Élyme des sables à Sept-Iles, pour tous les soins reçus d’une façon professionnelle et affectueuse.</p>
<p>Vos marques de sympathie peuvent se traduire par un don à la société du parkinson Québec www.parkinsonquebec.ca </p>
<p>La famille a confié la direction des funérailles aux services professionnels de la Maison Mallet &#038; fils du 585 boul. Laure à Sept-Îles, maintenant reconnue Distinction et membre de la Corporation des Thanatologues du Québec.</p>
<p>Vous pouvez consulter cet avis de décès, sur le www.maisonmallet.com</p>
<p>Ceux et celles qui le désirent, peuvent y envoyer des messages de sympathie.</p>
<p>[contact-form to= »denise.mansour@cgocable.ca » subject= »Condoléances Denis Gaudreault »][contact-field label= »Votre nom » type= »name » required= »1&Prime;][contact-field label= »Votre courriel » type= »email » required= »1&Prime;][contact-field label= »Condoléances » type= »textarea »][/contact-form]</p>
