{"id":72208,"date":"2026-03-17T18:31:43","date_gmt":"2026-03-17T22:31:43","guid":{"rendered":"https:\/\/nouveau.maisonmallet.com\/?post_type=event&#038;p=72208"},"modified":"2026-03-18T18:36:56","modified_gmt":"2026-03-18T22:36:56","slug":"cormier-marius","status":"publish","type":"event","link":"https:\/\/nouveau.maisonmallet.com\/back05_01\/?event=cormier-marius","title":{"rendered":"CORMIER, Marius"},"content":{"rendered":"<p>La Maison L.J.G. Mallet a le regret de vous annoncer le d\u00e9c\u00e8s de<\/p>\n<p>Marius Cormier<br \/>\n1938 &#8211; 2026<\/p>\n<p>\u00c0 Havre Saint-Pierre, le 15 mars 2026, est d\u00e9c\u00e9d\u00e9 \u00e0 l\u2019\u00e2ge de 87 ans, monsieur Marius Cormier \u00e9poux de feu Bernadette Scherrer et domicili\u00e9 \u00e0 Havre Saint-Pierre. <\/p>\n<p>Les fun\u00e9railles de monsieur Marius Cormier auront lieu le samedi 21 mars 2026 \u00e0 11 h en l\u2019\u00e9glise Saint-Pierre de Havre Saint-Pierre.<\/p>\n<p>Selon ses volont\u00e9s, il a \u00e9t\u00e9 confi\u00e9 au cr\u00e9matorium de la maison L.J.G. Mallet pour cr\u00e9mation.<\/p>\n<p>La famille re\u00e7oit parents et amis le vendredi 20 mars 2026 de 19 h \u00e0 22 h. Le samedi 21 mars 2026, jour des fun\u00e9railles \u00e0 compter de 10 h au salon de la Maison L.J.G. Mallet du 1429, rue du Canot \u00e0 Havre Saint-Pierre.<\/p>\n<p>Il laisse dans le deuil son fils Tony (Ghislaine Boudreau), ses filles : Marie-Jos\u00e9e (Egide Cormier), Nancy (Paul Landry) et Cathy (Sarto Petitpas), ses petits-fils : Mike, Teddy, Steeven, Alexandre et Francis, ses petites-filles : Danna et Janie leur conjointe et conjoint, ses arri\u00e8re-petites-filles : Kelly-Ann, Oc\u00e9anne, Arielle, Hyara et Lorie ainsi que ses fr\u00e8res : Adrien (feu Marie Jomphe) et Richard (Denise Lebrun), sa s\u0153ur Agnes (Ren\u00e9 Nadeau), ses beaux-fr\u00e8res, ses belles-s\u0153urs, ses neveux, ses ni\u00e8ces et de nombreux ami(e)s.<\/p>\n<p>Il \u00e9tait le fr\u00e8re de feu Julie (Vincent Vigneault).<\/p>\n<p>Vos marques de sympathie peuvent se traduire par un don \u00e0 la soci\u00e9t\u00e9 Alzheimer C\u00f4te-Nord www.societealzheimercotenord.com et ou \u00e0 l\u2019Association du cancer Est du Qu\u00e9bec www.aceq.org  <\/p>\n<p>La famille a confi\u00e9 la direction des fun\u00e9railles aux services professionnels de la Maison L.J.G. Mallet du 1429, rue du Canot \u00e0 Havre Saint-Pierre, membre de la Corporation des Thanatologues du Qu\u00e9bec.<\/p>\n<p>Vous pouvez consulter cet avis de d\u00e9c\u00e8s, sur le www.maisonmallet.com <\/p>\n<p>Ceux et celles qui le d\u00e9sirent, peuvent y envoyer des messages de sympathie.<\/p>\n<p>[contact-form to=\u00a0\u00bblakawicormier@gmail.com\u00a0\u00bb subject=\u00a0\u00bbCondol\u00e9ances Marius Cormier\u00a0\u00bb][contact-field label=\u00a0\u00bbVotre nom\u00a0\u00bb type=\u00a0\u00bbname\u00a0\u00bb required=\u00a0\u00bb1&Prime;][contact-field label=\u00a0\u00bbVotre courriel\u00a0\u00bb type=\u00a0\u00bbemail\u00a0\u00bb required=\u00a0\u00bb1&Prime;][contact-field label=\u00a0\u00bbCondol\u00e9ances\u00a0\u00bb type=\u00a0\u00bbtextarea\u00a0\u00bb][\/contact-form]<\/p>\n","protected":false},"featured_media":72213,"template":"","event_cat":[7],"class_list":["post-72208","event","type-event","status-publish","has-post-thumbnail","hentry","event_cat-maison-l-j-g-mallet-inc"],"_links":{"self":[{"href":"https:\/\/nouveau.maisonmallet.com\/back05_01\/index.php?rest_route=\/wp\/v2\/event\/72208","targetHints":{"allow":["GET"]}}],"collection":[{"href":"https:\/\/nouveau.maisonmallet.com\/back05_01\/index.php?rest_route=\/wp\/v2\/event"}],"about":[{"href":"https:\/\/nouveau.maisonmallet.com\/back05_01\/index.php?rest_route=\/wp\/v2\/types\/event"}],"wp:featuredmedia":[{"embeddable":true,"href":"https:\/\/nouveau.maisonmallet.com\/back05_01\/index.php?rest_route=\/wp\/v2\/media\/72213"}],"wp:attachment":[{"href":"https:\/\/nouveau.maisonmallet.com\/back05_01\/index.php?rest_route=%2Fwp%2Fv2%2Fmedia&parent=72208"}],"wp:term":[{"taxonomy":"event_cat","embeddable":true,"href":"https:\/\/nouveau.maisonmallet.com\/back05_01\/index.php?rest_route=%2Fwp%2Fv2%2Fevent_cat&post=72208"}],"curies":[{"name":"wp","href":"https:\/\/api.w.org\/{rel}","templated":true}]}}

<p>La Maison L.J.G. Mallet a le regret de vous annoncer le décès de</p>
<p>Marius Cormier<br />
1938 &#8211; 2026</p>
<p>À Havre Saint-Pierre, le 15 mars 2026, est décédé à l’âge de 87 ans, monsieur Marius Cormier époux de feu Bernadette Scherrer et domicilié à Havre Saint-Pierre. </p>
<p>Les funérailles de monsieur Marius Cormier auront lieu le samedi 21 mars 2026 à 11 h en l’église Saint-Pierre de Havre Saint-Pierre.</p>
<p>Selon ses volontés, il a été confié au crématorium de la maison L.J.G. Mallet pour crémation.</p>
<p>La famille reçoit parents et amis le vendredi 20 mars 2026 de 19 h à 22 h. Le samedi 21 mars 2026, jour des funérailles à compter de 10 h au salon de la Maison L.J.G. Mallet du 1429, rue du Canot à Havre Saint-Pierre.</p>
<p>Il laisse dans le deuil son fils Tony (Ghislaine Boudreau), ses filles : Marie-Josée (Egide Cormier), Nancy (Paul Landry) et Cathy (Sarto Petitpas), ses petits-fils : Mike, Teddy, Steeven, Alexandre et Francis, ses petites-filles : Danna et Janie leur conjointe et conjoint, ses arrière-petites-filles : Kelly-Ann, Océanne, Arielle, Hyara et Lorie ainsi que ses frères : Adrien (feu Marie Jomphe) et Richard (Denise Lebrun), sa sœur Agnes (René Nadeau), ses beaux-frères, ses belles-sœurs, ses neveux, ses nièces et de nombreux ami(e)s.</p>
<p>Il était le frère de feu Julie (Vincent Vigneault).</p>
<p>Vos marques de sympathie peuvent se traduire par un don à la société Alzheimer Côte-Nord www.societealzheimercotenord.com et ou à l’Association du cancer Est du Québec www.aceq.org  </p>
<p>La famille a confié la direction des funérailles aux services professionnels de la Maison L.J.G. Mallet du 1429, rue du Canot à Havre Saint-Pierre, membre de la Corporation des Thanatologues du Québec.</p>
<p>Vous pouvez consulter cet avis de décès, sur le www.maisonmallet.com </p>
<p>Ceux et celles qui le désirent, peuvent y envoyer des messages de sympathie.</p>
<p>[contact-form to= »lakawicormier@gmail.com » subject= »Condoléances Marius Cormier »][contact-field label= »Votre nom » type= »name » required= »1&Prime;][contact-field label= »Votre courriel » type= »email » required= »1&Prime;][contact-field label= »Condoléances » type= »textarea »][/contact-form]</p>
