{"id":72211,"date":"2026-03-18T22:03:30","date_gmt":"2026-03-19T02:03:30","guid":{"rendered":"https:\/\/nouveau.maisonmallet.com\/?post_type=event&#038;p=72211"},"modified":"2026-03-24T10:50:24","modified_gmt":"2026-03-24T14:50:24","slug":"paradis-fernand","status":"publish","type":"event","link":"https:\/\/nouveau.maisonmallet.com\/back05_01\/?event=paradis-fernand","title":{"rendered":"PARADIS, Fernand"},"content":{"rendered":"<p>Le Complexe Thanatologique Mallet &#038; fils a le regret de vous annoncer le d\u00e9c\u00e8s de<\/p>\n<p>Fernand Paradis<br \/>\n1929 \u2013 2026<\/p>\n<p>\u00c0 Qu\u00e9bec, le 1er mars 2026 est d\u00e9c\u00e9d\u00e9 monsieur Fernand Paradis \u00e0 l\u2019aube de ses 97 ans. Il ira rejoindre son \u00e9pouse feu Blanche (Ninette) Arsenault et son petit-fils Nicolas. <\/p>\n<p>Les fun\u00e9railles de monsieur Fernand Paradis auront lieu le samedi 4 juillet 2026 \u00e0 14 h en l\u2019\u00e9glise St-Joseph situ\u00e9e au 535, ave. Brochu \u00e0 Sept-\u00celes et de l\u00e0 au Cimeti\u00e8re Catholique de Sept-\u00celes.  <\/p>\n<p>La famille recevra parents et amis le vendredi 3 juillet 2026 de 14 h \u00e0 16 h et de 19 h \u00e0 21 h. de m\u00eame que samedi 4 juillet 2026 jour des fun\u00e9railles \u00e0 compter de 12 h 30 au Complexe Thanatologique Mallet &#038; fils du 585 Boul. Laure \u00e0 Sept-\u00celes.<\/p>\n<p>Il laisse dans le deuil ses enfants : Blanche, G\u00e9rald (Mich\u00e8le Dumas), Marie-France (Louis Devoe), Gaston (Gis\u00e8le Ouellet), Yves (Jenny Acero), Anne (Lorraine Leduc) et Christine, ses petits-enfants : \u00c9milie, Vincent, Manuel, Isabelle, Philippe, Pascal, V\u00e9ronique, St\u00e9phane, \u00c9ric et Myriam, ses dix arri\u00e8re-petits-enfants ainsi que ses s\u0153urs : Solange (feu Edmond Boudreault) et Marielle, ses neveux, ses ni\u00e8ces et ses amis.<\/p>\n<p>Vos marques de sympathie peuvent se traduire par un don \u00e0 l\u2019\u00c9lyme des Sables www.elymedessables.com<\/p>\n<p>La famille a confi\u00e9 la direction des fun\u00e9railles aux services professionnels de la Maison Mallet &#038; fils du 585 boul. Laure \u00e0 Sept-\u00celes, maintenant reconnue Distinction et membre de la Corporation des Thanatologues du Qu\u00e9bec.<\/p>\n<p>Vous pouvez consulter cet avis de d\u00e9c\u00e8s sur le www.maisonmallet.com<\/p>\n<p>Ceux et celles qui le d\u00e9sirent, peuvent y envoyer des messages de sympathie.<\/p>\n<p>[contact-form to=\u00a0\u00bbparadis.gaston55@outlook.com,mariefranceparadis@yahoo.ca\u00a0\u00bb subject=\u00a0\u00bbCondol\u00e9ances Fernand Paradis\u00a0\u00bb][contact-field label=\u00a0\u00bbVotre nom\u00a0\u00bb type=\u00a0\u00bbname\u00a0\u00bb required=\u00a0\u00bb1&Prime;][contact-field label=\u00a0\u00bbVotre courriel\u00a0\u00bb type=\u00a0\u00bbemail\u00a0\u00bb required=\u00a0\u00bb1&Prime;][contact-field label=\u00a0\u00bbCondol\u00e9ances\u00a0\u00bb type=\u00a0\u00bbtextarea\u00a0\u00bb][\/contact-form]<\/p>\n","protected":false},"featured_media":72242,"template":"","event_cat":[6],"class_list":["post-72211","event","type-event","status-publish","has-post-thumbnail","hentry","event_cat-maison-mallet-et-fils-inc"],"_links":{"self":[{"href":"https:\/\/nouveau.maisonmallet.com\/back05_01\/index.php?rest_route=\/wp\/v2\/event\/72211","targetHints":{"allow":["GET"]}}],"collection":[{"href":"https:\/\/nouveau.maisonmallet.com\/back05_01\/index.php?rest_route=\/wp\/v2\/event"}],"about":[{"href":"https:\/\/nouveau.maisonmallet.com\/back05_01\/index.php?rest_route=\/wp\/v2\/types\/event"}],"wp:featuredmedia":[{"embeddable":true,"href":"https:\/\/nouveau.maisonmallet.com\/back05_01\/index.php?rest_route=\/wp\/v2\/media\/72242"}],"wp:attachment":[{"href":"https:\/\/nouveau.maisonmallet.com\/back05_01\/index.php?rest_route=%2Fwp%2Fv2%2Fmedia&parent=72211"}],"wp:term":[{"taxonomy":"event_cat","embeddable":true,"href":"https:\/\/nouveau.maisonmallet.com\/back05_01\/index.php?rest_route=%2Fwp%2Fv2%2Fevent_cat&post=72211"}],"curies":[{"name":"wp","href":"https:\/\/api.w.org\/{rel}","templated":true}]}}

<p>Le Complexe Thanatologique Mallet &#038; fils a le regret de vous annoncer le décès de</p>
<p>Fernand Paradis<br />
1929 – 2026</p>
<p>À Québec, le 1er mars 2026 est décédé monsieur Fernand Paradis à l’aube de ses 97 ans. Il ira rejoindre son épouse feu Blanche (Ninette) Arsenault et son petit-fils Nicolas. </p>
<p>Les funérailles de monsieur Fernand Paradis auront lieu le samedi 4 juillet 2026 à 14 h en l’église St-Joseph située au 535, ave. Brochu à Sept-Îles et de là au Cimetière Catholique de Sept-Îles.  </p>
<p>La famille recevra parents et amis le vendredi 3 juillet 2026 de 14 h à 16 h et de 19 h à 21 h. de même que samedi 4 juillet 2026 jour des funérailles à compter de 12 h 30 au Complexe Thanatologique Mallet &#038; fils du 585 Boul. Laure à Sept-Îles.</p>
<p>Il laisse dans le deuil ses enfants : Blanche, Gérald (Michèle Dumas), Marie-France (Louis Devoe), Gaston (Gisèle Ouellet), Yves (Jenny Acero), Anne (Lorraine Leduc) et Christine, ses petits-enfants : Émilie, Vincent, Manuel, Isabelle, Philippe, Pascal, Véronique, Stéphane, Éric et Myriam, ses dix arrière-petits-enfants ainsi que ses sœurs : Solange (feu Edmond Boudreault) et Marielle, ses neveux, ses nièces et ses amis.</p>
<p>Vos marques de sympathie peuvent se traduire par un don à l’Élyme des Sables www.elymedessables.com</p>
<p>La famille a confié la direction des funérailles aux services professionnels de la Maison Mallet &#038; fils du 585 boul. Laure à Sept-Îles, maintenant reconnue Distinction et membre de la Corporation des Thanatologues du Québec.</p>
<p>Vous pouvez consulter cet avis de décès sur le www.maisonmallet.com</p>
<p>Ceux et celles qui le désirent, peuvent y envoyer des messages de sympathie.</p>
<p>[contact-form to= »paradis.gaston55@outlook.com,mariefranceparadis@yahoo.ca » subject= »Condoléances Fernand Paradis »][contact-field label= »Votre nom » type= »name » required= »1&Prime;][contact-field label= »Votre courriel » type= »email » required= »1&Prime;][contact-field label= »Condoléances » type= »textarea »][/contact-form]</p>
