{"id":72241,"date":"2026-03-18T22:17:13","date_gmt":"2026-03-19T02:17:13","guid":{"rendered":"https:\/\/nouveau.maisonmallet.com\/?post_type=event&#038;p=72241"},"modified":"2026-03-19T22:27:31","modified_gmt":"2026-03-20T02:27:31","slug":"wapistan-adele","status":"publish","type":"event","link":"https:\/\/nouveau.maisonmallet.com\/back05_01\/?event=wapistan-adele","title":{"rendered":"WAPISTAN, Ad\u00e8le"},"content":{"rendered":"<p>La Maison L.J.G. Mallet a le regret de vous annoncer le d\u00e9c\u00e8s de<\/p>\n<p>Ad\u00e8le Wapistan<br \/>\n1994 \u2013 2026<\/p>\n<p>\u00c0 Havre Saint-Pierre le 15 mars 2026, est d\u00e9c\u00e9d\u00e9e \u00e0 l\u2019\u00e2ge de 31 ans, madame Ad\u00e8le Wapistan fille de monsieur Jean-Charles Wapistan et de feu Agnes Cartouche domicili\u00e9e \u00e0 Havre Saint-Pierre autrefois de Nutashkuan.<\/p>\n<p>Les fun\u00e9railles de madame Ad\u00e8le Wapistan auront lieu le lundi 23 mars 2026 \u00e0 10 h en l\u2019\u00e9glise Notre-Dame-des-Indiens de Nutashkuan et de l\u00e0 au cimeti\u00e8re de Nutashkuan.<\/p>\n<p>La famille re\u00e7oit parents et amis le samedi 21 mars 2026 \u00e0 compter de 19 h au 1, rue Matshiteu \u00e0 Nutashkuan.<\/p>\n<p>Elle laisse dans le deuil son p\u00e8re monsieur Jean-Charles Wapistan (Francesca Gabriel), ses s\u0153urs : Nadia (Jean-Patrick Tshernish), Th\u00e9r\u00e8se (Gerry Malec), Marie-Ang\u00e8le et Estel (Donald Mark), son fr\u00e8re Viateur ainsi que ses neveux, ses ni\u00e8ces, ses oncles, ses tantes, ses cousins, ses cousines et ses amis.<\/p>\n<p>Elle \u00e9tait la s\u0153ur de : feu S\u00e9bastien, feu Jean-Charles Jr.<\/p>\n<p>La famille a confi\u00e9 la direction des fun\u00e9railles aux services professionnels de la Maison L.J.G. Mallet du 1429, rue du Canot \u00e0 Havre Saint-Pierre, maintenant reconnue Distinction et membre de la Corporation des Thanatologues du Qu\u00e9bec.<\/p>\n<p>Vous pouvez consulter cet avis de d\u00e9c\u00e8s sur le www.maisonmallet.com<\/p>\n<p>Ceux et celles qui le d\u00e9sirent, peuvent y envoyer des messages de sympathie.<\/p>\n<p>[contact-form to=\u00a0\u00bbnadiwapi@gmail.com\u00a0\u00bb subject=\u00a0\u00bbCondol\u00e9ances Ad\u00e8le Wapistan\u00a0\u00bb][contact-field label=\u00a0\u00bbVotre nom\u00a0\u00bb type=\u00a0\u00bbname\u00a0\u00bb required=\u00a0\u00bb1&Prime;][contact-field label=\u00a0\u00bbVotre courriel\u00a0\u00bb type=\u00a0\u00bbemail\u00a0\u00bb required=\u00a0\u00bb1&Prime;][contact-field label=\u00a0\u00bbCondol\u00e9ances\u00a0\u00bb type=\u00a0\u00bbtextarea\u00a0\u00bb][\/contact-form]<\/p>\n","protected":false},"featured_media":72244,"template":"","event_cat":[7],"class_list":["post-72241","event","type-event","status-publish","has-post-thumbnail","hentry","event_cat-maison-l-j-g-mallet-inc"],"_links":{"self":[{"href":"https:\/\/nouveau.maisonmallet.com\/back05_01\/index.php?rest_route=\/wp\/v2\/event\/72241","targetHints":{"allow":["GET"]}}],"collection":[{"href":"https:\/\/nouveau.maisonmallet.com\/back05_01\/index.php?rest_route=\/wp\/v2\/event"}],"about":[{"href":"https:\/\/nouveau.maisonmallet.com\/back05_01\/index.php?rest_route=\/wp\/v2\/types\/event"}],"wp:featuredmedia":[{"embeddable":true,"href":"https:\/\/nouveau.maisonmallet.com\/back05_01\/index.php?rest_route=\/wp\/v2\/media\/72244"}],"wp:attachment":[{"href":"https:\/\/nouveau.maisonmallet.com\/back05_01\/index.php?rest_route=%2Fwp%2Fv2%2Fmedia&parent=72241"}],"wp:term":[{"taxonomy":"event_cat","embeddable":true,"href":"https:\/\/nouveau.maisonmallet.com\/back05_01\/index.php?rest_route=%2Fwp%2Fv2%2Fevent_cat&post=72241"}],"curies":[{"name":"wp","href":"https:\/\/api.w.org\/{rel}","templated":true}]}}

WAPISTAN, Adèle

<p>La Maison L.J.G. Mallet a le regret de vous annoncer le décès de</p>
<p>Adèle Wapistan<br />
1994 – 2026</p>
<p>À Havre Saint-Pierre le 15 mars 2026, est décédée à l’âge de 31 ans, madame Adèle Wapistan fille de monsieur Jean-Charles Wapistan et de feu Agnes Cartouche domiciliée à Havre Saint-Pierre autrefois de Nutashkuan.</p>
<p>Les funérailles de madame Adèle Wapistan auront lieu le lundi 23 mars 2026 à 10 h en l’église Notre-Dame-des-Indiens de Nutashkuan et de là au cimetière de Nutashkuan.</p>
<p>La famille reçoit parents et amis le samedi 21 mars 2026 à compter de 19 h au 1, rue Matshiteu à Nutashkuan.</p>
<p>Elle laisse dans le deuil son père monsieur Jean-Charles Wapistan (Francesca Gabriel), ses sœurs : Nadia (Jean-Patrick Tshernish), Thérèse (Gerry Malec), Marie-Angèle et Estel (Donald Mark), son frère Viateur ainsi que ses neveux, ses nièces, ses oncles, ses tantes, ses cousins, ses cousines et ses amis.</p>
<p>Elle était la sœur de : feu Sébastien, feu Jean-Charles Jr.</p>
<p>La famille a confié la direction des funérailles aux services professionnels de la Maison L.J.G. Mallet du 1429, rue du Canot à Havre Saint-Pierre, maintenant reconnue Distinction et membre de la Corporation des Thanatologues du Québec.</p>
<p>Vous pouvez consulter cet avis de décès sur le www.maisonmallet.com</p>
<p>Ceux et celles qui le désirent, peuvent y envoyer des messages de sympathie.</p>
<p>[contact-form to= »nadiwapi@gmail.com » subject= »Condoléances Adèle Wapistan »][contact-field label= »Votre nom » type= »name » required= »1&Prime;][contact-field label= »Votre courriel » type= »email » required= »1&Prime;][contact-field label= »Condoléances » type= »textarea »][/contact-form]</p>
