{"id":72316,"date":"2026-03-22T17:04:28","date_gmt":"2026-03-22T21:04:28","guid":{"rendered":"https:\/\/nouveau.maisonmallet.com\/?post_type=event&#038;p=72316"},"modified":"2026-04-07T09:39:40","modified_gmt":"2026-04-07T13:39:40","slug":"vigneault-lucien","status":"publish","type":"event","link":"https:\/\/nouveau.maisonmallet.com\/back05_01\/?event=vigneault-lucien","title":{"rendered":"VIGNEAULT, Lucien"},"content":{"rendered":"<p>La Maison L.J.G. Mallet a le regret de vous annoncer le d\u00e9c\u00e8s de<\/p>\n<p>Lucien Vigneault<br \/>\n1928 \u2013 2026<\/p>\n<p>\u00c0 Havre Saint-Pierre, le 17 mars 2026, est d\u00e9c\u00e9d\u00e9 \u00e0 l\u2019\u00e2ge de 97 ans, monsieur Lucien Vigneault \u00e9poux de feu Marie-Paule Cormier et domicili\u00e9 \u00e0 Havre Saint-Pierre. <\/p>\n<p>Les fun\u00e9railles de monsieur Lucien Vigneault auront lieu le vendredi 10 juillet 2026 \u00e0 11 h en l\u2019\u00e9glise St-Pierre, situ\u00e9e au 742, rue Bor\u00e9ale \u00e0 Havre St-Pierre et de l\u00e0 au cimeti\u00e8re de Havre Saint-Pierre.<\/p>\n<p>Selon ses volont\u00e9s, il a \u00e9t\u00e9 confi\u00e9 au cr\u00e9matorium de la Maison L.J.G. Mallet pour cr\u00e9mation.<\/p>\n<p>La famille re\u00e7oit parents et amis le vendredi 10 juillet 2026 de 10 h \u00e0 11 h \u00e0 l\u2019\u00e9glise St-Pierre, situ\u00e9e au 742, rue Bor\u00e9ale \u00e0 Havre Saint-Pierre. <\/p>\n<p>Il laisse dans le deuil ses fils : Vincent (feu Julie Cormier, conjointe Linda Cyr), Claude (Lorraine Richard), Luc (Marguerite B\u00e9rub\u00e9), Gino (H\u00e9l\u00e8ne Harrisson), Jean-Guy (Pascale D\u00e9raps), Michel (Caroline Bourque), Adrien (Anne-Marie Jutras), ses filles : Martine (feu Normand Boudreau) et Pauline (Ga\u00e9tan Landry), seize petits-enfants, ses dix-sept arri\u00e8re-petits-enfants ainsi que sa belle-s\u0153ur Trina Tanguay, ses neveux, ses ni\u00e8ces et ses ami(e)s.<\/p>\n<p>Vos marques de sympathie peuvent se traduire par un don au Centre de Sant\u00e9 de la Minganie. <\/p>\n<p>La famille a confi\u00e9 la direction des fun\u00e9railles aux services professionnels de la Maison L.J.G. Mallet du 1429, rue du Canot \u00e0 Havre St-Pierre, membre de la Corporation des thanatologues du Qu\u00e9bec.<\/p>\n<p>Vous pouvez consulter cet avis de d\u00e9c\u00e8s, sur le www.maisonmallet.com <\/p>\n<p>Ceux et celles qui le d\u00e9sirent, peuvent y envoyer des messages de sympathie<\/p>\n<p>[contact-form to=\u00a0\u00bbpaulinevigneault57@gmail.com\u00a0\u00bb subject=\u00a0\u00bbCondol\u00e9ances Lucien Vigneault\u00a0\u00bb][contact-field label=\u00a0\u00bbVotre nom\u00a0\u00bb type=\u00a0\u00bbname\u00a0\u00bb required=\u00a0\u00bb1&Prime;][contact-field label=\u00a0\u00bbVotre courriel\u00a0\u00bb type=\u00a0\u00bbemail\u00a0\u00bb required=\u00a0\u00bb1&Prime;][contact-field label=\u00a0\u00bbCondol\u00e9ances\u00a0\u00bb type=\u00a0\u00bbtextarea\u00a0\u00bb][\/contact-form]<\/p>\n","protected":false},"featured_media":72346,"template":"","event_cat":[7],"class_list":["post-72316","event","type-event","status-publish","has-post-thumbnail","hentry","event_cat-maison-l-j-g-mallet-inc"],"_links":{"self":[{"href":"https:\/\/nouveau.maisonmallet.com\/back05_01\/index.php?rest_route=\/wp\/v2\/event\/72316","targetHints":{"allow":["GET"]}}],"collection":[{"href":"https:\/\/nouveau.maisonmallet.com\/back05_01\/index.php?rest_route=\/wp\/v2\/event"}],"about":[{"href":"https:\/\/nouveau.maisonmallet.com\/back05_01\/index.php?rest_route=\/wp\/v2\/types\/event"}],"wp:featuredmedia":[{"embeddable":true,"href":"https:\/\/nouveau.maisonmallet.com\/back05_01\/index.php?rest_route=\/wp\/v2\/media\/72346"}],"wp:attachment":[{"href":"https:\/\/nouveau.maisonmallet.com\/back05_01\/index.php?rest_route=%2Fwp%2Fv2%2Fmedia&parent=72316"}],"wp:term":[{"taxonomy":"event_cat","embeddable":true,"href":"https:\/\/nouveau.maisonmallet.com\/back05_01\/index.php?rest_route=%2Fwp%2Fv2%2Fevent_cat&post=72316"}],"curies":[{"name":"wp","href":"https:\/\/api.w.org\/{rel}","templated":true}]}}

<p>La Maison L.J.G. Mallet a le regret de vous annoncer le décès de</p>
<p>Lucien Vigneault<br />
1928 – 2026</p>
<p>À Havre Saint-Pierre, le 17 mars 2026, est décédé à l’âge de 97 ans, monsieur Lucien Vigneault époux de feu Marie-Paule Cormier et domicilié à Havre Saint-Pierre. </p>
<p>Les funérailles de monsieur Lucien Vigneault auront lieu le vendredi 10 juillet 2026 à 11 h en l’église St-Pierre, située au 742, rue Boréale à Havre St-Pierre et de là au cimetière de Havre Saint-Pierre.</p>
<p>Selon ses volontés, il a été confié au crématorium de la Maison L.J.G. Mallet pour crémation.</p>
<p>La famille reçoit parents et amis le vendredi 10 juillet 2026 de 10 h à 11 h à l’église St-Pierre, située au 742, rue Boréale à Havre Saint-Pierre. </p>
<p>Il laisse dans le deuil ses fils : Vincent (feu Julie Cormier, conjointe Linda Cyr), Claude (Lorraine Richard), Luc (Marguerite Bérubé), Gino (Hélène Harrisson), Jean-Guy (Pascale Déraps), Michel (Caroline Bourque), Adrien (Anne-Marie Jutras), ses filles : Martine (feu Normand Boudreau) et Pauline (Gaétan Landry), seize petits-enfants, ses dix-sept arrière-petits-enfants ainsi que sa belle-sœur Trina Tanguay, ses neveux, ses nièces et ses ami(e)s.</p>
<p>Vos marques de sympathie peuvent se traduire par un don au Centre de Santé de la Minganie. </p>
<p>La famille a confié la direction des funérailles aux services professionnels de la Maison L.J.G. Mallet du 1429, rue du Canot à Havre St-Pierre, membre de la Corporation des thanatologues du Québec.</p>
<p>Vous pouvez consulter cet avis de décès, sur le www.maisonmallet.com </p>
<p>Ceux et celles qui le désirent, peuvent y envoyer des messages de sympathie</p>
<p>[contact-form to= »paulinevigneault57@gmail.com » subject= »Condoléances Lucien Vigneault »][contact-field label= »Votre nom » type= »name » required= »1&Prime;][contact-field label= »Votre courriel » type= »email » required= »1&Prime;][contact-field label= »Condoléances » type= »textarea »][/contact-form]</p>
