{"id":72380,"date":"2026-03-26T17:36:55","date_gmt":"2026-03-26T21:36:55","guid":{"rendered":"https:\/\/nouveau.maisonmallet.com\/?post_type=event&#038;p=72380"},"modified":"2026-03-27T17:42:03","modified_gmt":"2026-03-27T21:42:03","slug":"collin-diane","status":"publish","type":"event","link":"https:\/\/nouveau.maisonmallet.com\/back05_01\/?event=collin-diane","title":{"rendered":"COLLIN, Diane"},"content":{"rendered":"<p>La Maison L.J.G. Mallet a le regret de vous annoncer le d\u00e9c\u00e8s de<\/p>\n<p>Diane Collin<br \/>\n1949 \u2013 2026<\/p>\n<p>\u00c0 Havre Saint-Pierre, le 10 mars 2026, est d\u00e9c\u00e9d\u00e9e \u00e0 l\u2019\u00e2ge de 76 ans madame Diane Collin \u00e9pouse de monsieur Joseph Vibert et domicili\u00e9e \u00e0 Longue-Pointe-de-Mingan. <\/p>\n<p>Les fun\u00e9railles de madame Diane Collin auront lieu le samedi 16 mai 2026 \u00e0 15 h en l\u2019\u00e9glise St-Fran\u00e7ois d\u2019Assise de Longue-Pointe-de-Mingan et de l\u00e0 au cimeti\u00e8re de Longue-Pointe-de-Mingan.   <\/p>\n<p>Selon ses volont\u00e9s, elle a \u00e9t\u00e9 confi\u00e9e au cr\u00e9matorium de la Maison L.J.G. Mallet pour cr\u00e9mation.<\/p>\n<p>La famille re\u00e7oit parents et amis le samedi 16 mai 2026 de 14 h \u00e0 15 h \u00e0 l\u2019\u00e9glise St-Fran\u00e7ois d\u2019Assise de Longue-Pointe-de-Mingan.<\/p>\n<p>Elle laisse dans le deuil outre son \u00e9poux monsieur Joseph Vibert, sa fille Corinne (Germain Fortin), son fils Jo\u00ebl (Jenny Bond), ses petits-enfants : Samuel (Judy Burgess-Vibert), Jeff (Jennifer Arseneault), Brandon (Sabrina Bisson), Marie-\u00c8ve (S\u00e9bastien Leblanc), Andr\u00e9e-Anne, Julien (Dave Duchesne) et L\u00e9onie, ses arri\u00e8re-petits-enfants : Cl\u00e9ment, Rapha\u00ebl, Ludovic, Alice, Charles, Simone, Charlie, Maxim et \u00c9li ainsi que ses fr\u00e8res, ses s\u0153urs, ses beaux-fr\u00e8res, ses belles-s\u0153urs, ses neveux, ses ni\u00e8ces et de nombreux ami(e)s.<\/p>\n<p>Elle \u00e9tait la m\u00e8re de feu \u00c9ric.<\/p>\n<p>Vos marques de sympathie peuvent se traduire par un don \u00e0 la Soci\u00e9t\u00e9 Canadienne du cancer www.cancer.ca<\/p>\n<p>La famille tient \u00e0 exprimer sa profonde gratitude envers toute l\u2019\u00e9quipe m\u00e9dicale de l\u2019h\u00f4pital de Havre Saint-Pierre tant les m\u00e9decins, infirmi\u00e8res, pr\u00e9pos\u00e9s, ambulanciers et tout le personnel pour leur compassion, leur soutien et soins prodigu\u00e9s avec autant de respect, d\u2019humanit\u00e9 et de bienveillance.<\/p>\n<p>Nous adressons \u00e9galement un remerciement tout particulier \u00e0 Dre. Sophie Leclerc pour sa disponibilit\u00e9, son d\u00e9vouement remarquable et l\u2019attention sinc\u00e8re qu\u2019elle a toujours port\u00e9e \u00e0 notre m\u00e8re tout au long de son accompagnement. <\/p>\n<p>La famille a confi\u00e9 la direction des fun\u00e9railles aux services professionnels de la Maison L.J.G. Mallet du 1429, rue du Canot \u00e0 Havre Saint-Pierre, maintenant reconnue Distinction et membre de la Corporation des Thanatologues du Qu\u00e9bec.<\/p>\n<p>Vous pouvez consulter cet avis de d\u00e9c\u00e8s, sur le www.maisonmallet.com <\/p>\n<p>Ceux et celles qui le d\u00e9sirent, peuvent y envoyer des messages de sympathie.<\/p>\n<p>[contact-form to=\u00a0\u00bbgerco2405@hotmail.com\u00a0\u00bb subject=\u00a0\u00bbCondol\u00e9ances Diane Collin\u00a0\u00bb][contact-field label=\u00a0\u00bbVotre nom\u00a0\u00bb type=\u00a0\u00bbname\u00a0\u00bb required=\u00a0\u00bb1&Prime;][contact-field label=\u00a0\u00bbVotre courriel\u00a0\u00bb type=\u00a0\u00bbemail\u00a0\u00bb required=\u00a0\u00bb1&Prime;][contact-field label=\u00a0\u00bbCondol\u00e9ances\u00a0\u00bb type=\u00a0\u00bbtextarea\u00a0\u00bb][\/contact-form]<\/p>\n","protected":false},"featured_media":72426,"template":"","event_cat":[7],"class_list":["post-72380","event","type-event","status-publish","has-post-thumbnail","hentry","event_cat-maison-l-j-g-mallet-inc"],"_links":{"self":[{"href":"https:\/\/nouveau.maisonmallet.com\/back05_01\/index.php?rest_route=\/wp\/v2\/event\/72380","targetHints":{"allow":["GET"]}}],"collection":[{"href":"https:\/\/nouveau.maisonmallet.com\/back05_01\/index.php?rest_route=\/wp\/v2\/event"}],"about":[{"href":"https:\/\/nouveau.maisonmallet.com\/back05_01\/index.php?rest_route=\/wp\/v2\/types\/event"}],"wp:featuredmedia":[{"embeddable":true,"href":"https:\/\/nouveau.maisonmallet.com\/back05_01\/index.php?rest_route=\/wp\/v2\/media\/72426"}],"wp:attachment":[{"href":"https:\/\/nouveau.maisonmallet.com\/back05_01\/index.php?rest_route=%2Fwp%2Fv2%2Fmedia&parent=72380"}],"wp:term":[{"taxonomy":"event_cat","embeddable":true,"href":"https:\/\/nouveau.maisonmallet.com\/back05_01\/index.php?rest_route=%2Fwp%2Fv2%2Fevent_cat&post=72380"}],"curies":[{"name":"wp","href":"https:\/\/api.w.org\/{rel}","templated":true}]}}

<p>La Maison L.J.G. Mallet a le regret de vous annoncer le décès de</p>
<p>Diane Collin<br />
1949 – 2026</p>
<p>À Havre Saint-Pierre, le 10 mars 2026, est décédée à l’âge de 76 ans madame Diane Collin épouse de monsieur Joseph Vibert et domiciliée à Longue-Pointe-de-Mingan. </p>
<p>Les funérailles de madame Diane Collin auront lieu le samedi 16 mai 2026 à 15 h en l’église St-François d’Assise de Longue-Pointe-de-Mingan et de là au cimetière de Longue-Pointe-de-Mingan.   </p>
<p>Selon ses volontés, elle a été confiée au crématorium de la Maison L.J.G. Mallet pour crémation.</p>
<p>La famille reçoit parents et amis le samedi 16 mai 2026 de 14 h à 15 h à l’église St-François d’Assise de Longue-Pointe-de-Mingan.</p>
<p>Elle laisse dans le deuil outre son époux monsieur Joseph Vibert, sa fille Corinne (Germain Fortin), son fils Joël (Jenny Bond), ses petits-enfants : Samuel (Judy Burgess-Vibert), Jeff (Jennifer Arseneault), Brandon (Sabrina Bisson), Marie-Ève (Sébastien Leblanc), Andrée-Anne, Julien (Dave Duchesne) et Léonie, ses arrière-petits-enfants : Clément, Raphaël, Ludovic, Alice, Charles, Simone, Charlie, Maxim et Éli ainsi que ses frères, ses sœurs, ses beaux-frères, ses belles-sœurs, ses neveux, ses nièces et de nombreux ami(e)s.</p>
<p>Elle était la mère de feu Éric.</p>
<p>Vos marques de sympathie peuvent se traduire par un don à la Société Canadienne du cancer www.cancer.ca</p>
<p>La famille tient à exprimer sa profonde gratitude envers toute l’équipe médicale de l’hôpital de Havre Saint-Pierre tant les médecins, infirmières, préposés, ambulanciers et tout le personnel pour leur compassion, leur soutien et soins prodigués avec autant de respect, d’humanité et de bienveillance.</p>
<p>Nous adressons également un remerciement tout particulier à Dre. Sophie Leclerc pour sa disponibilité, son dévouement remarquable et l’attention sincère qu’elle a toujours portée à notre mère tout au long de son accompagnement. </p>
<p>La famille a confié la direction des funérailles aux services professionnels de la Maison L.J.G. Mallet du 1429, rue du Canot à Havre Saint-Pierre, maintenant reconnue Distinction et membre de la Corporation des Thanatologues du Québec.</p>
<p>Vous pouvez consulter cet avis de décès, sur le www.maisonmallet.com </p>
<p>Ceux et celles qui le désirent, peuvent y envoyer des messages de sympathie.</p>
<p>[contact-form to= »gerco2405@hotmail.com » subject= »Condoléances Diane Collin »][contact-field label= »Votre nom » type= »name » required= »1&Prime;][contact-field label= »Votre courriel » type= »email » required= »1&Prime;][contact-field label= »Condoléances » type= »textarea »][/contact-form]</p>
