{"id":72424,"date":"2026-03-31T11:08:11","date_gmt":"2026-03-31T15:08:11","guid":{"rendered":"https:\/\/nouveau.maisonmallet.com\/?post_type=event&#038;p=72424"},"modified":"2026-04-01T20:39:15","modified_gmt":"2026-04-02T00:39:15","slug":"cormier-laure-anna","status":"publish","type":"event","link":"https:\/\/nouveau.maisonmallet.com\/back05_01\/?event=cormier-laure-anna","title":{"rendered":"CORMIER, Laure-Anna"},"content":{"rendered":"<p>La Maison L.J.G. Mallet a le regret de vous annoncer le d\u00e9c\u00e8s de<\/p>\n<p>Laure-Anna Cormier<br \/>\n1930 \u2013 2026<\/p>\n<p>\u00c0 Havre Saint-Pierre, le 14 mars 2026, est d\u00e9c\u00e9d\u00e9e \u00e0 l\u2019\u00e2ge de 96 ans madame Laure-Anna Cormier \u00e9pouse de feu Donat E. Boudreau et domicili\u00e9e \u00e0 Havre Saint-Pierre. <\/p>\n<p>Les fun\u00e9railles de madame Laure-Anna Cormier auront lieu le lundi 13 avril 2026 \u00e0 11 h en l\u2019\u00e9glise Saint-Pierre de Havre Saint-Pierre et de l\u00e0 au cimeti\u00e8re de Havre Saint-Pierre.<\/p>\n<p>La famille re\u00e7oit parents et amis le dimanche 12 avril 2026 de 19 h \u00e0 22 h. Le lundi 13 avril 2026 jour des fun\u00e9railles \u00e0 compter de 10 h au salon de la Maison L.J.G. Mallet du 1429, rue du Canot \u00e0 Havre Saint-Pierre.<\/p>\n<p>Elle laisse dans le deuil ses fils : Jocelyn (\u00c9lise Thibodeau), Renaud (H\u00e9l\u00e8ne Garcia) et Paulin (Nathalie Matteau), ses filles : Julie (Michel Deraps) et Sylvie (Normand Vigneault), ses onze petits-enfants, ses onze arri\u00e8re-petits-enfants ainsi que sa s\u0153ur Laurette (Roger Boudreau), son beau-fr\u00e8re Jean-Vic, ses neveux, ses ni\u00e8ces et ses ami(e)s.<\/p>\n<p>Elle \u00e9tait la m\u00e8re de feu Marc et feu Germain (Laurette Vigneault).<\/p>\n<p>Vos marques de sympathie peuvent se traduire par un don \u00e0 la fondation du centre de sant\u00e9 de la Minganie.<\/p>\n<p>La famille a confi\u00e9 la direction des fun\u00e9railles aux services professionnels de la Maison L.J.G. Mallet du 1429, rue du Canot \u00e0 Havre Saint-Pierre, maintenant reconnue Distinction et membre de la Corporation des Thanatologues du Qu\u00e9bec.<\/p>\n<p>Vous pouvez consulter cet avis de d\u00e9c\u00e8s sur le www.maisonmallet.com<\/p>\n<p>Ceux et celles qui le d\u00e9sirent, peuvent y envoyer des messages de sympathie.<\/p>\n<p>[contact-form to=\u00a0\u00bbbonzai833@hotmail.com\u00a0\u00bb subject=\u00a0\u00bbCondol\u00e9ances Laure-Anna Cormier\u00a0\u00bb][contact-field label=\u00a0\u00bbVotre nom\u00a0\u00bb type=\u00a0\u00bbname\u00a0\u00bb required=\u00a0\u00bb1&Prime;][contact-field label=\u00a0\u00bbVotre courriel\u00a0\u00bb type=\u00a0\u00bbemail\u00a0\u00bb required=\u00a0\u00bb1&Prime;][contact-field label=\u00a0\u00bbCondol\u00e9ances\u00a0\u00bb type=\u00a0\u00bbtextarea\u00a0\u00bb][\/contact-form]<\/p>\n","protected":false},"featured_media":72479,"template":"","event_cat":[7],"class_list":["post-72424","event","type-event","status-publish","has-post-thumbnail","hentry","event_cat-maison-l-j-g-mallet-inc"],"_links":{"self":[{"href":"https:\/\/nouveau.maisonmallet.com\/back05_01\/index.php?rest_route=\/wp\/v2\/event\/72424","targetHints":{"allow":["GET"]}}],"collection":[{"href":"https:\/\/nouveau.maisonmallet.com\/back05_01\/index.php?rest_route=\/wp\/v2\/event"}],"about":[{"href":"https:\/\/nouveau.maisonmallet.com\/back05_01\/index.php?rest_route=\/wp\/v2\/types\/event"}],"wp:featuredmedia":[{"embeddable":true,"href":"https:\/\/nouveau.maisonmallet.com\/back05_01\/index.php?rest_route=\/wp\/v2\/media\/72479"}],"wp:attachment":[{"href":"https:\/\/nouveau.maisonmallet.com\/back05_01\/index.php?rest_route=%2Fwp%2Fv2%2Fmedia&parent=72424"}],"wp:term":[{"taxonomy":"event_cat","embeddable":true,"href":"https:\/\/nouveau.maisonmallet.com\/back05_01\/index.php?rest_route=%2Fwp%2Fv2%2Fevent_cat&post=72424"}],"curies":[{"name":"wp","href":"https:\/\/api.w.org\/{rel}","templated":true}]}}

<p>La Maison L.J.G. Mallet a le regret de vous annoncer le décès de</p>
<p>Laure-Anna Cormier<br />
1930 – 2026</p>
<p>À Havre Saint-Pierre, le 14 mars 2026, est décédée à l’âge de 96 ans madame Laure-Anna Cormier épouse de feu Donat E. Boudreau et domiciliée à Havre Saint-Pierre. </p>
<p>Les funérailles de madame Laure-Anna Cormier auront lieu le lundi 13 avril 2026 à 11 h en l’église Saint-Pierre de Havre Saint-Pierre et de là au cimetière de Havre Saint-Pierre.</p>
<p>La famille reçoit parents et amis le dimanche 12 avril 2026 de 19 h à 22 h. Le lundi 13 avril 2026 jour des funérailles à compter de 10 h au salon de la Maison L.J.G. Mallet du 1429, rue du Canot à Havre Saint-Pierre.</p>
<p>Elle laisse dans le deuil ses fils : Jocelyn (Élise Thibodeau), Renaud (Hélène Garcia) et Paulin (Nathalie Matteau), ses filles : Julie (Michel Deraps) et Sylvie (Normand Vigneault), ses onze petits-enfants, ses onze arrière-petits-enfants ainsi que sa sœur Laurette (Roger Boudreau), son beau-frère Jean-Vic, ses neveux, ses nièces et ses ami(e)s.</p>
<p>Elle était la mère de feu Marc et feu Germain (Laurette Vigneault).</p>
<p>Vos marques de sympathie peuvent se traduire par un don à la fondation du centre de santé de la Minganie.</p>
<p>La famille a confié la direction des funérailles aux services professionnels de la Maison L.J.G. Mallet du 1429, rue du Canot à Havre Saint-Pierre, maintenant reconnue Distinction et membre de la Corporation des Thanatologues du Québec.</p>
<p>Vous pouvez consulter cet avis de décès sur le www.maisonmallet.com</p>
<p>Ceux et celles qui le désirent, peuvent y envoyer des messages de sympathie.</p>
<p>[contact-form to= »bonzai833@hotmail.com » subject= »Condoléances Laure-Anna Cormier »][contact-field label= »Votre nom » type= »name » required= »1&Prime;][contact-field label= »Votre courriel » type= »email » required= »1&Prime;][contact-field label= »Condoléances » type= »textarea »][/contact-form]</p>
