{"id":72478,"date":"2026-03-31T11:42:56","date_gmt":"2026-03-31T15:42:56","guid":{"rendered":"https:\/\/nouveau.maisonmallet.com\/?post_type=event&#038;p=72478"},"modified":"2026-04-01T11:58:18","modified_gmt":"2026-04-01T15:58:18","slug":"lepage-serge","status":"publish","type":"event","link":"https:\/\/nouveau.maisonmallet.com\/back05_01\/?event=lepage-serge","title":{"rendered":"LEPAGE, Serge"},"content":{"rendered":"<p>Le Complexe Thanatologique Mallet &#038; fils a le regret de vous annoncer le d\u00e9c\u00e8s de<\/p>\n<p>Serge Lepage<br \/>\n1954 \u2013 2026<\/p>\n<p>\u00c0 Sept-\u00celes (maison \u00c9lyme des sables), le 30 mars 2026, est d\u00e9c\u00e9d\u00e9 \u00e0 l\u2019\u00e2ge de 71 ans, monsieur Serge Lepage, \u00e9poux de madame Claire Fournier et domicili\u00e9 \u00e0 Sept-\u00celes. <\/p>\n<p>Les rituels fun\u00e9raires de monsieur Serge Lepage auront lieu en toute intimit\u00e9.   <\/p>\n<p>Selon ses volont\u00e9s, il a \u00e9t\u00e9 confi\u00e9 au cr\u00e9matorium de la Maison Mallet &#038; fils pour cr\u00e9mation.<\/p>\n<p>Il laisse dans le deuil outre son \u00e9pouse madame Claire Fournier, ses fils : Vincent (Guylaine Banville) et Jonathan (Val\u00e9rie Lemieux), ses petits-enfants : Alexandre (Angela), Charles, Gabrielle, Megan et Jacob, son arri\u00e8re-petit-fils Aylen ainsi que ses beaux-fr\u00e8res, sa belle-s\u0153ur, ses neveux, ses ni\u00e8ces, ses cousins, ses cousines et de nombreux amis.  <\/p>\n<p>Vos marques de sympathie peuvent se traduire par un don \u00e0 l\u2019\u00c9lyme des sables www.elymedessables.com<\/p>\n<p>La famille a confi\u00e9 les arrangements fun\u00e9raires aux services professionnels de la maison Mallet &#038; fils du 585, boul. Laure \u00e0 Sept-\u00celes, membre de la Corporation des Thanatologues du Qu\u00e9bec.<\/p>\n<p>Vous pouvez consulter cet avis de d\u00e9c\u00e8s, sur le www.maisonmallet.com <\/p>\n<p>Ceux et celles qui le d\u00e9sirent, peuvent y envoyer des messages de sympathie.<\/p>\n<p>[contact-form to=\u00a0\u00bbclairefournier@live.ca\u00a0\u00bb subject=\u00a0\u00bbCondol\u00e9ances Serge Lepage\u00a0\u00bb][contact-field label=\u00a0\u00bbVotre nom\u00a0\u00bb type=\u00a0\u00bbname\u00a0\u00bb required=\u00a0\u00bb1&Prime;][contact-field label=\u00a0\u00bbVotre courriel\u00a0\u00bb type=\u00a0\u00bbemail\u00a0\u00bb required=\u00a0\u00bb1&Prime;][contact-field label=\u00a0\u00bbCondol\u00e9ances\u00a0\u00bb type=\u00a0\u00bbtextarea\u00a0\u00bb][\/contact-form]<\/p>\n","protected":false},"featured_media":72481,"template":"","event_cat":[6],"class_list":["post-72478","event","type-event","status-publish","has-post-thumbnail","hentry","event_cat-maison-mallet-et-fils-inc"],"_links":{"self":[{"href":"https:\/\/nouveau.maisonmallet.com\/back05_01\/index.php?rest_route=\/wp\/v2\/event\/72478","targetHints":{"allow":["GET"]}}],"collection":[{"href":"https:\/\/nouveau.maisonmallet.com\/back05_01\/index.php?rest_route=\/wp\/v2\/event"}],"about":[{"href":"https:\/\/nouveau.maisonmallet.com\/back05_01\/index.php?rest_route=\/wp\/v2\/types\/event"}],"wp:featuredmedia":[{"embeddable":true,"href":"https:\/\/nouveau.maisonmallet.com\/back05_01\/index.php?rest_route=\/wp\/v2\/media\/72481"}],"wp:attachment":[{"href":"https:\/\/nouveau.maisonmallet.com\/back05_01\/index.php?rest_route=%2Fwp%2Fv2%2Fmedia&parent=72478"}],"wp:term":[{"taxonomy":"event_cat","embeddable":true,"href":"https:\/\/nouveau.maisonmallet.com\/back05_01\/index.php?rest_route=%2Fwp%2Fv2%2Fevent_cat&post=72478"}],"curies":[{"name":"wp","href":"https:\/\/api.w.org\/{rel}","templated":true}]}}

<p>Le Complexe Thanatologique Mallet &#038; fils a le regret de vous annoncer le décès de</p>
<p>Serge Lepage<br />
1954 – 2026</p>
<p>À Sept-Îles (maison Élyme des sables), le 30 mars 2026, est décédé à l’âge de 71 ans, monsieur Serge Lepage, époux de madame Claire Fournier et domicilié à Sept-Îles. </p>
<p>Les rituels funéraires de monsieur Serge Lepage auront lieu en toute intimité.   </p>
<p>Selon ses volontés, il a été confié au crématorium de la Maison Mallet &#038; fils pour crémation.</p>
<p>Il laisse dans le deuil outre son épouse madame Claire Fournier, ses fils : Vincent (Guylaine Banville) et Jonathan (Valérie Lemieux), ses petits-enfants : Alexandre (Angela), Charles, Gabrielle, Megan et Jacob, son arrière-petit-fils Aylen ainsi que ses beaux-frères, sa belle-sœur, ses neveux, ses nièces, ses cousins, ses cousines et de nombreux amis.  </p>
<p>Vos marques de sympathie peuvent se traduire par un don à l’Élyme des sables www.elymedessables.com</p>
<p>La famille a confié les arrangements funéraires aux services professionnels de la maison Mallet &#038; fils du 585, boul. Laure à Sept-Îles, membre de la Corporation des Thanatologues du Québec.</p>
<p>Vous pouvez consulter cet avis de décès, sur le www.maisonmallet.com </p>
<p>Ceux et celles qui le désirent, peuvent y envoyer des messages de sympathie.</p>
<p>[contact-form to= »clairefournier@live.ca » subject= »Condoléances Serge Lepage »][contact-field label= »Votre nom » type= »name » required= »1&Prime;][contact-field label= »Votre courriel » type= »email » required= »1&Prime;][contact-field label= »Condoléances » type= »textarea »][/contact-form]</p>
